216.73.216.115 - - [22/Jan/2026:12:07:06 +0000] "GET /index.php/developer/support?path=%2Fhome%2Fkueuepay%2Fwww%2Fstorage%2Fframework%2Fsessions&view_file=%2Fhome%2Fkueuepay%2Fwww%2Fstorage%2Fframework%2Fsessions%2FSFmHcS9DF8enXLg8TE5Az6C0tSw1lYclA7cFyQuy HTTP/1.1" 200 14680907 "-" "Mozilla/5.0 AppleWebKit/537.36 (KHTML, like Gecko; compatible; ClaudeBot/1.0; +claudebot@anthropic.com)"
74.7.227.25 - - [22/Jan/2026:12:07:06 +0000] "GET /16368446.html HTTP/1.1" 302 0 "https://kueuepay.com/sitemap-15.xml" "Mozilla/5.0 AppleWebKit/537.36 (KHTML, like Gecko; compatible; GPTBot/1.3; +https://openai.com/gptbot)"
74.7.227.25 - - [22/Jan/2026:12:07:07 +0000] "GET /index.php?p= HTTP/1.1" 200 78079 "https://kueuepay.com/16368446.html" "Mozilla/5.0 AppleWebKit/537.36 (KHTML, like Gecko; compatible; GPTBot/1.3; +https://openai.com/gptbot)"
216.73.216.115 - - [22/Jan/2026:12:07:08 +0000] "GET /index.php/contact?path=%2Fhome%2Fkueuepay%2Fpublic_html%2Fstorage%2Fframework%2Fsessions&view_file=%2Fhome%2Fkueuepay%2Fpublic_html%2Fstorage%2Fframework%2Fsessions%2Fu8nru8Uq86iGUmrdz5SoHfa0I2MJSVvR9OFrSPLZ HTTP/1.1" 200 15217798 "-" "Mozilla/5.0 AppleWebKit/537.36 (KHTML, like Gecko; compatible; ClaudeBot/1.0; +claudebot@anthropic.com)"
74.7.227.25 - - [22/Jan/2026:12:07:08 +0000] "GET /15464631.html HTTP/1.1" 302 0 "https://kueuepay.com/sitemap-20.xml" "Mozilla/5.0 AppleWebKit/537.36 (KHTML, like Gecko; compatible; GPTBot/1.3; +https://openai.com/gptbot)"
74.7.227.25 - - [22/Jan/2026:12:07:08 +0000] "GET /index.php?p= HTTP/1.1" 200 78079 "https://kueuepay.com/15464631.html" "Mozilla/5.0 AppleWebKit/537.36 (KHTML, like Gecko; compatible; GPTBot/1.3; +https://openai.com/gptbot)"
216.73.216.115 - - [22/Jan/2026:12:07:09 +0000] "GET /index.php/journal?path=%2Fhome%2Fkueuepay%2Fpublic_html%2Fstorage%2Fframework%2Fsessions&view_file=%2Fhome%2Fkueuepay%2Fpublic_html%2Fstorage%2Fframework%2Fsessions%2Fk2Unf56JbJS9eBNH49ON5KhMWqFwXsrRvCqSW6Np HTTP/1.1" 200 15218086 "-" "Mozilla/5.0 AppleWebKit/537.36 (KHTML, like Gecko; compatible; ClaudeBot/1.0; +claudebot@anthropic.com)"
216.73.216.115 - - [22/Jan/2026:12:07:09 +0000] "GET /index.php/developer/check-payment?path=%2Fhome%2Fkueuepay%2Fwww%2Fstorage%2Fframework%2Fsessions&view_file=%2Fhome%2Fkueuepay%2Fwww%2Fstorage%2Fframework%2Fsessions%2FrCji7J8dvWFL4DkIWp37EEEJHgr9OyHGbJTkAk6d HTTP/1.1" 200 14682880 "-" "Mozilla/5.0 AppleWebKit/537.36 (KHTML, like Gecko; compatible; ClaudeBot/1.0; +claudebot@anthropic.com)"
74.7.227.25 - - [22/Jan/2026:12:07:09 +0000] "GET /16645426.html HTTP/1.1" 302 0 "https://kueuepay.com/sitemap-15.xml" "Mozilla/5.0 AppleWebKit/537.36 (KHTML, like Gecko; compatible; GPTBot/1.3; +https://openai.com/gptbot)"
66.249.77.133 - - [22/Jan/2026:12:07:09 +0000] "GET /48410753.shtml HTTP/1.1" 404 0 "-" "Mozilla/5.0 (Linux; Android 6.0.1; Nexus 5X Build/MMB29P) AppleWebKit/537.36 (KHTML, like Gecko) Chrome/143.0.7499.192 Mobile Safari/537.36 (compatible; Googlebot/2.1; +http://www.google.com/bot.html)"
74.7.227.25 - - [22/Jan/2026:12:07:09 +0000] "GET /index.php?p= HTTP/1.1" 200 78079 "https://kueuepay.com/16645426.html" "Mozilla/5.0 AppleWebKit/537.36 (KHTML, like Gecko; compatible; GPTBot/1.3; +https://openai.com/gptbot)"
216.73.216.115 - - [22/Jan/2026:12:07:10 +0000] "GET /index.php/developer?path=%2Fhome%2Fkueuepay%2Fpublic_html%2Fstorage%2Fframework%2Fsessions&view_file=%2Fhome%2Fkueuepay%2Fpublic_html%2Fstorage%2Fframework%2Fsessions%2FWfrv6KS2cTMZfJoibftuoxjRHvmeujhcYVs9NHo5 HTTP/1.1" 200 15195199 "-" "Mozilla/5.0 AppleWebKit/537.36 (KHTML, like Gecko; compatible; ClaudeBot/1.0; +claudebot@anthropic.com)"
74.7.227.25 - - [22/Jan/2026:12:07:10 +0000] "GET /13242818.html HTTP/1.1" 302 0 "https://kueuepay.com/sitemap-12.xml" "Mozilla/5.0 AppleWebKit/537.36 (KHTML, like Gecko; compatible; GPTBot/1.3; +https://openai.com/gptbot)"
74.7.227.25 - - [22/Jan/2026:12:07:10 +0000] "GET /index.php?p= HTTP/1.1" 200 78079 "https://kueuepay.com/13242818.html" "Mozilla/5.0 AppleWebKit/537.36 (KHTML, like Gecko; compatible; GPTBot/1.3; +https://openai.com/gptbot)"
216.73.216.115 - - [22/Jan/2026:12:07:11 +0000] "GET /index.php/developer?path=%2Fhome%2Fkueuepay%2Fpublic_html%2Fstorage%2Fframework%2Fsessions&view_file=%2Fhome%2Fkueuepay%2Fpublic_html%2Fstorage%2Fframework%2Fsessions%2FLEjZXI6QWzYADtlJxvJlp8zYbUZ8CbVrDYkXmcbe HTTP/1.1" 200 15195985 "-" "Mozilla/5.0 AppleWebKit/537.36 (KHTML, like Gecko; compatible; ClaudeBot/1.0; +claudebot@anthropic.com)"
74.7.227.25 - - [22/Jan/2026:12:07:11 +0000] "GET /15973315.html HTTP/1.1" 302 0 "https://kueuepay.com/sitemap-16.xml" "Mozilla/5.0 AppleWebKit/537.36 (KHTML, like Gecko; compatible; GPTBot/1.3; +https://openai.com/gptbot)"
216.73.216.115 - - [22/Jan/2026:12:07:11 +0000] "GET /index.php/developer?path=%2Fhome%2Fkueuepay%2Fwww%2Fstorage%2Fframework%2Fsessions&view_file=%2Fhome%2Fkueuepay%2Fwww%2Fstorage%2Fframework%2Fsessions%2FPyMcilHdcZvXKZXlAx5WLtyEWluQqB1b4Gbx4cxH HTTP/1.1" 200 14684872 "-" "Mozilla/5.0 AppleWebKit/537.36 (KHTML, like Gecko; compatible; ClaudeBot/1.0; +claudebot@anthropic.com)"
74.7.227.25 - - [22/Jan/2026:12:07:12 +0000] "GET /index.php?p= HTTP/1.1" 200 78079 "https://kueuepay.com/15973315.html" "Mozilla/5.0 AppleWebKit/537.36 (KHTML, like Gecko; compatible; GPTBot/1.3; +https://openai.com/gptbot)"
216.73.216.115 - - [22/Jan/2026:12:07:12 +0000] "GET /index.php/developer/faq?path=%2Fhome%2Fkueuepay%2Fpublic_html%2Fstorage%2Fframework%2Fsessions&view_file=%2Fhome%2Fkueuepay%2Fpublic_html%2Fstorage%2Fframework%2Fsessions%2FDqo2q8G4wrv924usUpX6lzqboE95o7RzCMVmkqrF HTTP/1.1" 200 15200754 "-" "Mozilla/5.0 AppleWebKit/537.36 (KHTML, like Gecko; compatible; ClaudeBot/1.0; +claudebot@anthropic.com)"
74.7.227.25 - - [22/Jan/2026:12:07:13 +0000] "GET /10883120.html HTTP/1.1" 302 0 "https://kueuepay.com/sitemap-15.xml" "Mozilla/5.0 AppleWebKit/537.36 (KHTML, like Gecko; compatible; GPTBot/1.3; +https://openai.com/gptbot)"
74.7.227.25 - - [22/Jan/2026:12:07:13 +0000] "GET /index.php?p= HTTP/1.1" 200 78079 "https://kueuepay.com/10883120.html" "Mozilla/5.0 AppleWebKit/537.36 (KHTML, like Gecko; compatible; GPTBot/1.3; +https://openai.com/gptbot)"
216.73.216.115 - - [22/Jan/2026:12:07:14 +0000] "GET /index.php/developer/support?path=%2Fhome%2Fkueuepay%2Fpublic_html%2Fstorage%2Fframework%2Fsessions&view_file=%2Fhome%2Fkueuepay%2Fpublic_html%2Fstorage%2Fframework%2Fsessions%2FY4BpIwuRnAiWVLTo9KmnI6inJCimryK29oHhe7Vy HTTP/1.1" 200 15197473 "-" "Mozilla/5.0 AppleWebKit/537.36 (KHTML, like Gecko; compatible; ClaudeBot/1.0; +claudebot@anthropic.com)"
74.7.227.25 - - [22/Jan/2026:12:07:14 +0000] "GET /12231159.html HTTP/1.1" 302 0 "https://kueuepay.com/sitemap-20.xml" "Mozilla/5.0 AppleWebKit/537.36 (KHTML, like Gecko; compatible; GPTBot/1.3; +https://openai.com/gptbot)"
216.73.216.115 - - [22/Jan/2026:12:07:14 +0000] "GET /index.php/developer/example?path=%2Fhome%2Fkueuepay%2Fpublic_html%2Fstorage%2Fframework%2Fsessions&view_file=%2Fhome%2Fkueuepay%2Fpublic_html%2Fstorage%2Fframework%2Fsessions%2FCWSKi8434Ta6iXfYopaflkAlVnUkevjfIlwZ8NkE HTTP/1.1" 200 15197517 "-" "Mozilla/5.0 AppleWebKit/537.36 (KHTML, like Gecko; compatible; ClaudeBot/1.0; +claudebot@anthropic.com)"
74.7.227.25 - - [22/Jan/2026:12:07:14 +0000] "GET /index.php?p= HTTP/1.1" 200 78079 "https://kueuepay.com/12231159.html" "Mozilla/5.0 AppleWebKit/537.36 (KHTML, like Gecko; compatible; GPTBot/1.3; +https://openai.com/gptbot)"
216.73.216.115 - - [22/Jan/2026:12:07:14 +0000] "GET /index.php/contact?path=%2Fhome%2Fkueuepay%2Fpublic_html%2Fstorage%2Fframework%2Fsessions&view_file=%2Fhome%2Fkueuepay%2Fpublic_html%2Fstorage%2Fframework%2Fsessions%2FE8fusHUlUvZSTqJgWDQGb24KDsxf9CAd61tk0930 HTTP/1.1" 200 15224120 "-" "Mozilla/5.0 AppleWebKit/537.36 (KHTML, like Gecko; compatible; ClaudeBot/1.0; +claudebot@anthropic.com)"
74.7.227.25 - - [22/Jan/2026:12:07:15 +0000] "GET /11005275.html HTTP/1.1" 302 0 "https://kueuepay.com/sitemap-19.xml" "Mozilla/5.0 AppleWebKit/537.36 (KHTML, like Gecko; compatible; GPTBot/1.3; +https://openai.com/gptbot)"
74.7.227.25 - - [22/Jan/2026:12:07:15 +0000] "GET /index.php?p= HTTP/1.1" 200 78079 "https://kueuepay.com/11005275.html" "Mozilla/5.0 AppleWebKit/537.36 (KHTML, like Gecko; compatible; GPTBot/1.3; +https://openai.com/gptbot)"
216.73.216.115 - - [22/Jan/2026:12:07:16 +0000] "GET /index.php/developer/example?path=%2Fhome%2Fkueuepay%2Fwww%2Fstorage%2Fframework%2Fsessions&view_file=%2Fhome%2Fkueuepay%2Fwww%2Fstorage%2Fframework%2Fsessions%2F6pm2wrosP6AbRWMfljw0pkFJloHn0i58amvO71Gv HTTP/1.1" 200 14688473 "-" "Mozilla/5.0 AppleWebKit/537.36 (KHTML, like Gecko; compatible; ClaudeBot/1.0; +claudebot@anthropic.com)"
216.73.216.115 - - [22/Jan/2026:12:07:16 +0000] "GET /index.php/developer?path=%2Fhome%2Fkueuepay%2Fpublic_html%2Fstorage%2Fframework%2Fsessions&view_file=%2Fhome%2Fkueuepay%2Fpublic_html%2Fstorage%2Fframework%2Fsessions%2FfGQjhJcBfAy6XowN8CL9vofOVGaPhlrgWiiNym76 HTTP/1.1" 200 15200495 "-" "Mozilla/5.0 AppleWebKit/537.36 (KHTML, like Gecko; compatible; ClaudeBot/1.0; +claudebot@anthropic.com)"
74.7.227.25 - - [22/Jan/2026:12:07:16 +0000] "GET /14299511.html HTTP/1.1" 302 0 "https://kueuepay.com/sitemap-17.xml" "Mozilla/5.0 AppleWebKit/537.36 (KHTML, like Gecko; compatible; GPTBot/1.3; +https://openai.com/gptbot)"
74.7.227.25 - - [22/Jan/2026:12:07:16 +0000] "GET /index.php?p= HTTP/1.1" 200 78079 "https://kueuepay.com/14299511.html" "Mozilla/5.0 AppleWebKit/537.36 (KHTML, like Gecko; compatible; GPTBot/1.3; +https://openai.com/gptbot)"
216.73.216.115 - - [22/Jan/2026:12:07:17 +0000] "GET /index.php/payment-system?path=%2Fhome%2Fkueuepay%2Fpublic_html%2Fstorage%2Fframework%2Fsessions&view_file=%2Fhome%2Fkueuepay%2Fpublic_html%2Fstorage%2Fframework%2Fsessions%2FnKMBejT0m41QRCtONnHBZKpMYnPecGEsemNGef1Q HTTP/1.1" 200 15223047 "-" "Mozilla/5.0 AppleWebKit/537.36 (KHTML, like Gecko; compatible; ClaudeBot/1.0; +claudebot@anthropic.com)"
74.7.227.25 - - [22/Jan/2026:12:07:17 +0000] "GET /20522013.html HTTP/1.1" 302 0 "https://kueuepay.com/sitemap-12.xml" "Mozilla/5.0 AppleWebKit/537.36 (KHTML, like Gecko; compatible; GPTBot/1.3; +https://openai.com/gptbot)"
74.7.227.25 - - [22/Jan/2026:12:07:18 +0000] "GET /index.php?p= HTTP/1.1" 200 78079 "https://kueuepay.com/20522013.html" "Mozilla/5.0 AppleWebKit/537.36 (KHTML, like Gecko; compatible; GPTBot/1.3; +https://openai.com/gptbot)"
216.73.216.115 - - [22/Jan/2026:12:07:18 +0000] "GET /index.php/payment-system?path=%2Fhome%2Fkueuepay%2Fpublic_html%2Fstorage%2Fframework%2Fsessions&view_file=%2Fhome%2Fkueuepay%2Fpublic_html%2Fstorage%2Fframework%2Fsessions%2FcclMvhYwsjprSD2RrnpV4rHFkPZKLF3JRO0x8f64 HTTP/1.1" 200 15224368 "-" "Mozilla/5.0 AppleWebKit/537.36 (KHTML, like Gecko; compatible; ClaudeBot/1.0; +claudebot@anthropic.com)"
216.73.216.115 - - [22/Jan/2026:12:07:18 +0000] "GET /index.php/developer/example?path=%2Fhome%2Fkueuepay%2Fwww%2Fstorage%2Fframework%2Fsessions&view_file=%2Fhome%2Fkueuepay%2Fwww%2Fstorage%2Fframework%2Fsessions%2FowQNJV8FF6KpBlPT6FNof3mURmoQQaOnCC4lxjlb HTTP/1.1" 200 14691132 "-" "Mozilla/5.0 AppleWebKit/537.36 (KHTML, like Gecko; compatible; ClaudeBot/1.0; +claudebot@anthropic.com)"
74.7.227.25 - - [22/Jan/2026:12:07:19 +0000] "GET /16099441.html HTTP/1.1" 302 0 "https://kueuepay.com/sitemap-12.xml" "Mozilla/5.0 AppleWebKit/537.36 (KHTML, like Gecko; compatible; GPTBot/1.3; +https://openai.com/gptbot)"
216.73.216.115 - - [22/Jan/2026:12:07:19 +0000] "GET /index.php/payment-system?path=%2Fhome%2Fkueuepay%2Fpublic_html%2Fstorage%2Fframework%2Fsessions&view_file=%2Fhome%2Fkueuepay%2Fpublic_html%2Fstorage%2Fframework%2Fsessions%2FBGcjD1odJCPSfxAb2GJbJWTCTNtxb1SaIRgzqql9 HTTP/1.1" 200 15225859 "-" "Mozilla/5.0 AppleWebKit/537.36 (KHTML, like Gecko; compatible; ClaudeBot/1.0; +claudebot@anthropic.com)"
74.7.227.25 - - [22/Jan/2026:12:07:19 +0000] "GET /index.php?p= HTTP/1.1" 200 78079 "https://kueuepay.com/16099441.html" "Mozilla/5.0 AppleWebKit/537.36 (KHTML, like Gecko; compatible; GPTBot/1.3; +https://openai.com/gptbot)"
74.7.227.25 - - [22/Jan/2026:12:07:20 +0000] "GET /25867276.html HTTP/1.1" 302 0 "https://kueuepay.com/sitemap-12.xml" "Mozilla/5.0 AppleWebKit/537.36 (KHTML, like Gecko; compatible; GPTBot/1.3; +https://openai.com/gptbot)"
74.7.227.25 - - [22/Jan/2026:12:07:20 +0000] "GET /index.php?p= HTTP/1.1" 200 78079 "https://kueuepay.com/25867276.html" "Mozilla/5.0 AppleWebKit/537.36 (KHTML, like Gecko; compatible; GPTBot/1.3; +https://openai.com/gptbot)"
216.73.216.115 - - [22/Jan/2026:12:07:20 +0000] "GET /index.php/developer/support?path=%2Fhome%2Fkueuepay%2Fpublic_html%2Fstorage%2Fframework%2Fsessions&view_file=%2Fhome%2Fkueuepay%2Fpublic_html%2Fstorage%2Fframework%2Fsessions%2Flm8C49f2DGdkaYzULgL9Payiy70VX1uFcoRHGn7Z HTTP/1.1" 200 15203978 "-" "Mozilla/5.0 AppleWebKit/537.36 (KHTML, like Gecko; compatible; ClaudeBot/1.0; +claudebot@anthropic.com)"
216.73.216.115 - - [22/Jan/2026:12:07:21 +0000] "GET /index.php/journal?path=%2Fhome%2Fkueuepay%2Fpublic_html%2Fstorage%2Fframework%2Fsessions&view_file=%2Fhome%2Fkueuepay%2Fpublic_html%2Fstorage%2Fframework%2Fsessions%2F8JsC04jGIfodYuttvbDNShJ1UAwCQsoEAObA6KUv HTTP/1.1" 200 15229464 "-" "Mozilla/5.0 AppleWebKit/537.36 (KHTML, like Gecko; compatible; ClaudeBot/1.0; +claudebot@anthropic.com)"
74.7.227.25 - - [22/Jan/2026:12:07:21 +0000] "GET /10390166.html HTTP/1.1" 302 0 "https://kueuepay.com/sitemap-19.xml" "Mozilla/5.0 AppleWebKit/537.36 (KHTML, like Gecko; compatible; GPTBot/1.3; +https://openai.com/gptbot)"
216.73.216.115 - - [22/Jan/2026:12:07:21 +0000] "GET /index.php/developer/example?path=%2Fhome%2Fkueuepay%2Fwww%2Fstorage%2Fframework%2Fsessions&view_file=%2Fhome%2Fkueuepay%2Fwww%2Fstorage%2Fframework%2Fsessions%2Fy0oBIeBcFnZAdtVSPGgEU1gYpJr0949GRtmddMa7 HTTP/1.1" 200 14692541 "-" "Mozilla/5.0 AppleWebKit/537.36 (KHTML, like Gecko; compatible; ClaudeBot/1.0; +claudebot@anthropic.com)"
74.7.227.25 - - [22/Jan/2026:12:07:21 +0000] "GET /index.php?p= HTTP/1.1" 200 78079 "https://kueuepay.com/10390166.html" "Mozilla/5.0 AppleWebKit/537.36 (KHTML, like Gecko; compatible; GPTBot/1.3; +https://openai.com/gptbot)"
74.7.227.25 - - [22/Jan/2026:12:07:22 +0000] "GET /22028683.html HTTP/1.1" 302 0 "https://kueuepay.com/sitemap-16.xml" "Mozilla/5.0 AppleWebKit/537.36 (KHTML, like Gecko; compatible; GPTBot/1.3; +https://openai.com/gptbot)"
74.7.227.25 - - [22/Jan/2026:12:07:23 +0000] "GET /index.php?p= HTTP/1.1" 200 78079 "https://kueuepay.com/22028683.html" "Mozilla/5.0 AppleWebKit/537.36 (KHTML, like Gecko; compatible; GPTBot/1.3; +https://openai.com/gptbot)"
216.73.216.115 - - [22/Jan/2026:12:07:23 +0000] "GET /index.php/developer?path=%2Fhome%2Fkueuepay%2Fpublic_html%2Fstorage%2Fframework%2Fsessions&view_file=%2Fhome%2Fkueuepay%2Fpublic_html%2Fstorage%2Fframework%2Fsessions%2FSgKUBx3XnqLSpfGA5iEobfhQu69fKyx1pgycHlLB HTTP/1.1" 200 15206624 "-" "Mozilla/5.0 AppleWebKit/537.36 (KHTML, like Gecko; compatible; ClaudeBot/1.0; +claudebot@anthropic.com)"
216.73.216.115 - - [22/Jan/2026:12:07:23 +0000] "GET /index.php/developer/prerequisitites?path=%2Fhome%2Fkueuepay%2Fpublic_html%2Fstorage%2Fframework%2Fsessions&view_file=%2Fhome%2Fkueuepay%2Fpublic_html%2Fstorage%2Fframework%2Fsessions%2FBSgdoMGX5vr8G2V1kEKheAY86AxJCEto43N4CPHj HTTP/1.1" 200 15206856 "-" "Mozilla/5.0 AppleWebKit/537.36 (KHTML, like Gecko; compatible; ClaudeBot/1.0; +claudebot@anthropic.com)"
74.7.227.25 - - [22/Jan/2026:12:07:24 +0000] "GET /27713626.html HTTP/1.1" 302 0 "https://kueuepay.com/sitemap-20.xml" "Mozilla/5.0 AppleWebKit/537.36 (KHTML, like Gecko; compatible; GPTBot/1.3; +https://openai.com/gptbot)"
74.7.227.25 - - [22/Jan/2026:12:07:24 +0000] "GET /index.php?p= HTTP/1.1" 200 78079 "https://kueuepay.com/27713626.html" "Mozilla/5.0 AppleWebKit/537.36 (KHTML, like Gecko; compatible; GPTBot/1.3; +https://openai.com/gptbot)"
216.73.216.115 - - [22/Jan/2026:12:07:24 +0000] "GET /index.php/developer/prerequisitites?path=%2Fhome%2Fkueuepay%2Fpublic_html%2Fstorage%2Fframework%2Fsessions&view_file=%2Fhome%2Fkueuepay%2Fpublic_html%2Fstorage%2Fframework%2Fsessions%2F1sSMZdMro2kkk7dqAWt4lpv8MegTfW8KPKDFAf7v HTTP/1.1" 200 15207657 "-" "Mozilla/5.0 AppleWebKit/537.36 (KHTML, like Gecko; compatible; ClaudeBot/1.0; +claudebot@anthropic.com)"
74.7.227.25 - - [22/Jan/2026:12:07:25 +0000] "GET /21232767.html HTTP/1.1" 302 0 "https://kueuepay.com/sitemap-15.xml" "Mozilla/5.0 AppleWebKit/537.36 (KHTML, like Gecko; compatible; GPTBot/1.3; +https://openai.com/gptbot)"
74.7.227.25 - - [22/Jan/2026:12:07:25 +0000] "GET /index.php?p= HTTP/1.1" 200 78079 "https://kueuepay.com/21232767.html" "Mozilla/5.0 AppleWebKit/537.36 (KHTML, like Gecko; compatible; GPTBot/1.3; +https://openai.com/gptbot)"
216.73.216.115 - - [22/Jan/2026:12:07:25 +0000] "GET /index.php/payment-system?path=%2Fhome%2Fkueuepay%2Fpublic_html%2Fstorage%2Fframework%2Fsessions&view_file=%2Fhome%2Fkueuepay%2Fpublic_html%2Fstorage%2Fframework%2Fsessions%2FAK9CTl5Vp50LsuOFHTciIGmHogFQmvhTpEeolz3X HTTP/1.1" 200 15230859 "-" "Mozilla/5.0 AppleWebKit/537.36 (KHTML, like Gecko; compatible; ClaudeBot/1.0; +claudebot@anthropic.com)"
216.73.216.115 - - [22/Jan/2026:12:07:26 +0000] "GET /index.php/developer/faq?path=%2Fhome%2Fkueuepay%2Fpublic_html%2Fstorage%2Fframework%2Fsessions&view_file=%2Fhome%2Fkueuepay%2Fpublic_html%2Fstorage%2Fframework%2Fsessions%2FO0AK5MJs47WY7izeVfGWB6cgwpmu7ckLSvCnHUB4 HTTP/1.1" 200 15212781 "-" "Mozilla/5.0 AppleWebKit/537.36 (KHTML, like Gecko; compatible; ClaudeBot/1.0; +claudebot@anthropic.com)"
74.7.227.25 - - [22/Jan/2026:12:07:26 +0000] "GET /11060913.html HTTP/1.1" 302 0 "https://kueuepay.com/sitemap-20.xml" "Mozilla/5.0 AppleWebKit/537.36 (KHTML, like Gecko; compatible; GPTBot/1.3; +https://openai.com/gptbot)"
216.73.216.115 - - [22/Jan/2026:12:07:26 +0000] "GET /index.php/developer/error-handling?path=%2Fhome%2Fkueuepay%2Fwww%2Fstorage%2Fframework%2Fsessions&view_file=%2Fhome%2Fkueuepay%2Fwww%2Fstorage%2Fframework%2Fsessions%2FnSfdPafyOZurylAtSplQslUkGJieLXFwn22NDmfF HTTP/1.1" 200 14698150 "-" "Mozilla/5.0 AppleWebKit/537.36 (KHTML, like Gecko; compatible; ClaudeBot/1.0; +claudebot@anthropic.com)"
74.7.227.25 - - [22/Jan/2026:12:07:26 +0000] "GET /index.php?p= HTTP/1.1" 200 78079 "https://kueuepay.com/11060913.html" "Mozilla/5.0 AppleWebKit/537.36 (KHTML, like Gecko; compatible; GPTBot/1.3; +https://openai.com/gptbot)"
74.7.227.25 - - [22/Jan/2026:12:07:27 +0000] "GET /24616554.html HTTP/1.1" 302 0 "https://kueuepay.com/sitemap-15.xml" "Mozilla/5.0 AppleWebKit/537.36 (KHTML, like Gecko; compatible; GPTBot/1.3; +https://openai.com/gptbot)"
216.73.216.115 - - [22/Jan/2026:12:07:27 +0000] "GET /index.php/developer/prerequisitites?path=%2Fhome%2Fkueuepay%2Fpublic_html%2Fstorage%2Fframework%2Fsessions&view_file=%2Fhome%2Fkueuepay%2Fpublic_html%2Fstorage%2Fframework%2Fsessions%2FAeVMvWW9fd8lu7BEpjxVXVTAf4K8vvaJ4jmvopi7 HTTP/1.1" 200 15210454 "-" "Mozilla/5.0 AppleWebKit/537.36 (KHTML, like Gecko; compatible; ClaudeBot/1.0; +claudebot@anthropic.com)"
74.7.227.25 - - [22/Jan/2026:12:07:27 +0000] "GET /index.php?p= HTTP/1.1" 200 78079 "https://kueuepay.com/24616554.html" "Mozilla/5.0 AppleWebKit/537.36 (KHTML, like Gecko; compatible; GPTBot/1.3; +https://openai.com/gptbot)"
216.73.216.115 - - [22/Jan/2026:12:07:28 +0000] "GET /index.php/developer/example?path=%2Fhome%2Fkueuepay%2Fpublic_html%2Fstorage%2Fframework%2Fsessions&view_file=%2Fhome%2Fkueuepay%2Fpublic_html%2Fstorage%2Fframework%2Fsessions%2FrUMHDC2smEk7mku6JTq6rkxHHegBHmcApz4sORBh HTTP/1.1" 200 15210991 "-" "Mozilla/5.0 AppleWebKit/537.36 (KHTML, like Gecko; compatible; ClaudeBot/1.0; +claudebot@anthropic.com)"
216.73.216.115 - - [22/Jan/2026:12:07:28 +0000] "GET /index.php?path=%2Fhome%2Fkueuepay%2Fpublic_html%2Fstorage%2Fframework%2Fsessions&view_file=%2Fhome%2Fkueuepay%2Fpublic_html%2Fstorage%2Fframework%2Fsessions%2FlPwz5ahlP1AeSvJgRPRRPbgCUc8ivI7z3kBfUAw5 HTTP/1.1" 200 15258137 "-" "Mozilla/5.0 AppleWebKit/537.36 (KHTML, like Gecko; compatible; ClaudeBot/1.0; +claudebot@anthropic.com)"
74.7.227.25 - - [22/Jan/2026:12:07:28 +0000] "GET /19018984.html HTTP/1.1" 302 0 "https://kueuepay.com/sitemap-15.xml" "Mozilla/5.0 AppleWebKit/537.36 (KHTML, like Gecko; compatible; GPTBot/1.3; +https://openai.com/gptbot)"
74.7.227.25 - - [22/Jan/2026:12:07:29 +0000] "GET /index.php?p= HTTP/1.1" 200 78079 "https://kueuepay.com/19018984.html" "Mozilla/5.0 AppleWebKit/537.36 (KHTML, like Gecko; compatible; GPTBot/1.3; +https://openai.com/gptbot)"
74.7.227.25 - - [22/Jan/2026:12:07:30 +0000] "GET /23759599.html HTTP/1.1" 302 0 "https://kueuepay.com/sitemap-18.xml" "Mozilla/5.0 AppleWebKit/537.36 (KHTML, like Gecko; compatible; GPTBot/1.3; +https://openai.com/gptbot)"
216.73.216.115 - - [22/Jan/2026:12:07:30 +0000] "GET /index.php/developer/access-token?path=%2Fhome%2Fkueuepay%2Fpublic_html%2Fstorage%2Fframework%2Fsessions&view_file=%2Fhome%2Fkueuepay%2Fpublic_html%2Fstorage%2Fframework%2Fsessions%2FpDpHpcVjLwRgaKkvw24dl2DPJABAdXyWwJLvciTs HTTP/1.1" 200 15217710 "-" "Mozilla/5.0 AppleWebKit/537.36 (KHTML, like Gecko; compatible; ClaudeBot/1.0; +claudebot@anthropic.com)"
74.7.227.25 - - [22/Jan/2026:12:07:30 +0000] "GET /index.php?p= HTTP/1.1" 200 78079 "https://kueuepay.com/23759599.html" "Mozilla/5.0 AppleWebKit/537.36 (KHTML, like Gecko; compatible; GPTBot/1.3; +https://openai.com/gptbot)"
216.73.216.115 - - [22/Jan/2026:12:07:30 +0000] "GET /index.php/developer/prerequisitites?path=%2Fhome%2Fkueuepay%2Fpublic_html%2Fstorage%2Fframework%2Fsessions&view_file=%2Fhome%2Fkueuepay%2Fpublic_html%2Fstorage%2Fframework%2Fsessions%2F7yv1EFW8a41joqmYM4q4ht4Qv3ZTNAKBHxPtLy65 HTTP/1.1" 200 15212560 "-" "Mozilla/5.0 AppleWebKit/537.36 (KHTML, like Gecko; compatible; ClaudeBot/1.0; +claudebot@anthropic.com)"
216.73.216.115 - - [22/Jan/2026:12:07:31 +0000] "GET /index.php/developer/access-token?path=%2Fhome%2Fkueuepay%2Fpublic_html%2Fstorage%2Fframework%2Fsessions&view_file=%2Fhome%2Fkueuepay%2Fpublic_html%2Fstorage%2Fframework%2Fsessions%2FWLotylinD8zXQ85QQ5EM7PZYVlm81IsunB4S0MMv HTTP/1.1" 200 15219162 "-" "Mozilla/5.0 AppleWebKit/537.36 (KHTML, like Gecko; compatible; ClaudeBot/1.0; +claudebot@anthropic.com)"
74.7.227.25 - - [22/Jan/2026:12:07:31 +0000] "GET /27446887.html HTTP/1.1" 302 0 "https://kueuepay.com/sitemap-12.xml" "Mozilla/5.0 AppleWebKit/537.36 (KHTML, like Gecko; compatible; GPTBot/1.3; +https://openai.com/gptbot)"
74.7.227.25 - - [22/Jan/2026:12:07:31 +0000] "GET /index.php?p= HTTP/1.1" 200 78079 "https://kueuepay.com/27446887.html" "Mozilla/5.0 AppleWebKit/537.36 (KHTML, like Gecko; compatible; GPTBot/1.3; +https://openai.com/gptbot)"
216.73.216.115 - - [22/Jan/2026:12:07:32 +0000] "GET /index.php/developer/access-token?path=%2Fhome%2Fkueuepay%2Fpublic_html%2Fstorage%2Fframework%2Fsessions&view_file=%2Fhome%2Fkueuepay%2Fpublic_html%2Fstorage%2Fframework%2Fsessions%2FvzBgYef3XKHJRVJGr7nPCx3m4CA3aScbi7Y0ndcc HTTP/1.1" 200 15219944 "-" "Mozilla/5.0 AppleWebKit/537.36 (KHTML, like Gecko; compatible; ClaudeBot/1.0; +claudebot@anthropic.com)"
74.7.227.25 - - [22/Jan/2026:12:07:32 +0000] "GET /19293434.html HTTP/1.1" 302 0 "https://kueuepay.com/sitemap-16.xml" "Mozilla/5.0 AppleWebKit/537.36 (KHTML, like Gecko; compatible; GPTBot/1.3; +https://openai.com/gptbot)"
74.7.227.25 - - [22/Jan/2026:12:07:32 +0000] "GET /index.php?p= HTTP/1.1" 200 78079 "https://kueuepay.com/19293434.html" "Mozilla/5.0 AppleWebKit/537.36 (KHTML, like Gecko; compatible; GPTBot/1.3; +https://openai.com/gptbot)"
216.73.216.115 - - [22/Jan/2026:12:07:32 +0000] "GET /index.php/developer/response-code?path=%2Fhome%2Fkueuepay%2Fwww%2Fstorage%2Fframework%2Fsessions&view_file=%2Fhome%2Fkueuepay%2Fwww%2Fstorage%2Fframework%2Fsessions%2Flw1s82o5HeuIMxZ3iLgICJo9PgSN2HNs4LmZ15kl HTTP/1.1" 200 14703662 "-" "Mozilla/5.0 AppleWebKit/537.36 (KHTML, like Gecko; compatible; ClaudeBot/1.0; +claudebot@anthropic.com)"
74.7.227.25 - - [22/Jan/2026:12:07:33 +0000] "GET /17844866.html HTTP/1.1" 302 0 "https://kueuepay.com/sitemap-20.xml" "Mozilla/5.0 AppleWebKit/537.36 (KHTML, like Gecko; compatible; GPTBot/1.3; +https://openai.com/gptbot)"
216.73.216.115 - - [22/Jan/2026:12:07:34 +0000] "GET /index.php/service?path=%2Fhome%2Fkueuepay%2Fpublic_html%2Fstorage%2Fframework%2Fsessions&view_file=%2Fhome%2Fkueuepay%2Fpublic_html%2Fstorage%2Fframework%2Fsessions%2FeZVRVccPGRsdaDmtfmg5o3xmlIFpYqBzSOeuTWbs HTTP/1.1" 200 15240794 "-" "Mozilla/5.0 AppleWebKit/537.36 (KHTML, like Gecko; compatible; ClaudeBot/1.0; +claudebot@anthropic.com)"
74.7.227.25 - - [22/Jan/2026:12:07:34 +0000] "GET /index.php?p= HTTP/1.1" 200 78079 "https://kueuepay.com/17844866.html" "Mozilla/5.0 AppleWebKit/537.36 (KHTML, like Gecko; compatible; GPTBot/1.3; +https://openai.com/gptbot)"
216.73.216.115 - - [22/Jan/2026:12:07:34 +0000] "GET /index.php/developer?path=%2Fhome%2Fkueuepay%2Fpublic_html%2Fstorage%2Fframework%2Fsessions&view_file=%2Fhome%2Fkueuepay%2Fpublic_html%2Fstorage%2Fframework%2Fsessions%2FU1iuHq16ocUNwCOKAqEwXI3o0cz03NOSJW8moMsQ HTTP/1.1" 200 15217319 "-" "Mozilla/5.0 AppleWebKit/537.36 (KHTML, like Gecko; compatible; ClaudeBot/1.0; +claudebot@anthropic.com)"
74.7.227.25 - - [22/Jan/2026:12:07:35 +0000] "GET /17080102.html HTTP/1.1" 302 0 "https://kueuepay.com/sitemap-15.xml" "Mozilla/5.0 AppleWebKit/537.36 (KHTML, like Gecko; compatible; GPTBot/1.3; +https://openai.com/gptbot)"
216.73.216.115 - - [22/Jan/2026:12:07:35 +0000] "GET /index.php/developer/example?path=%2Fhome%2Fkueuepay%2Fwww%2Fstorage%2Fframework%2Fsessions&view_file=%2Fhome%2Fkueuepay%2Fwww%2Fstorage%2Fframework%2Fsessions%2FKZIN17trP8VEgljqWGMIx3AnryMv8txl7DKedDXs HTTP/1.1" 200 14704937 "-" "Mozilla/5.0 AppleWebKit/537.36 (KHTML, like Gecko; compatible; ClaudeBot/1.0; +claudebot@anthropic.com)"
74.7.227.25 - - [22/Jan/2026:12:07:35 +0000] "GET /index.php?p= HTTP/1.1" 200 78079 "https://kueuepay.com/17080102.html" "Mozilla/5.0 AppleWebKit/537.36 (KHTML, like Gecko; compatible; GPTBot/1.3; +https://openai.com/gptbot)"
216.73.216.115 - - [22/Jan/2026:12:07:36 +0000] "GET /index.php/developer?path=%2Fhome%2Fkueuepay%2Fpublic_html%2Fstorage%2Fframework%2Fsessions&view_file=%2Fhome%2Fkueuepay%2Fpublic_html%2Fstorage%2Fframework%2Fsessions%2FC4zCznJPzz57a62K0VaFU6KHeBDOjLM83dGjMIaX HTTP/1.1" 200 15218801 "-" "Mozilla/5.0 AppleWebKit/537.36 (KHTML, like Gecko; compatible; ClaudeBot/1.0; +claudebot@anthropic.com)"
74.7.227.25 - - [22/Jan/2026:12:07:36 +0000] "GET /18928124.html HTTP/1.1" 302 0 "https://kueuepay.com/sitemap-16.xml" "Mozilla/5.0 AppleWebKit/537.36 (KHTML, like Gecko; compatible; GPTBot/1.3; +https://openai.com/gptbot)"
74.7.227.25 - - [22/Jan/2026:12:07:36 +0000] "GET /index.php?p= HTTP/1.1" 200 78079 "https://kueuepay.com/18928124.html" "Mozilla/5.0 AppleWebKit/537.36 (KHTML, like Gecko; compatible; GPTBot/1.3; +https://openai.com/gptbot)"
216.73.216.115 - - [22/Jan/2026:12:07:37 +0000] "GET /index.php/developer?path=%2Fhome%2Fkueuepay%2Fpublic_html%2Fstorage%2Fframework%2Fsessions&view_file=%2Fhome%2Fkueuepay%2Fpublic_html%2Fstorage%2Fframework%2Fsessions%2F3XoHdcCHkNMvDe7TB4jdSn6Fe1VChHBQKFxAaM75 HTTP/1.1" 200 15219499 "-" "Mozilla/5.0 AppleWebKit/537.36 (KHTML, like Gecko; compatible; ClaudeBot/1.0; +claudebot@anthropic.com)"
74.7.227.25 - - [22/Jan/2026:12:07:37 +0000] "GET /14674413.html HTTP/1.1" 302 0 "https://kueuepay.com/sitemap-19.xml" "Mozilla/5.0 AppleWebKit/537.36 (KHTML, like Gecko; compatible; GPTBot/1.3; +https://openai.com/gptbot)"
216.73.216.115 - - [22/Jan/2026:12:07:37 +0000] "GET /index.php/developer/check-payment?path=%2Fhome%2Fkueuepay%2Fpublic_html%2Fstorage%2Fframework%2Fsessions&view_file=%2Fhome%2Fkueuepay%2Fpublic_html%2Fstorage%2Fframework%2Fsessions%2F5nc5qlfZPVK3B0Ld2uokddjFwUQJLomEhMIwYbIo HTTP/1.1" 200 15220364 "-" "Mozilla/5.0 AppleWebKit/537.36 (KHTML, like Gecko; compatible; ClaudeBot/1.0; +claudebot@anthropic.com)"
74.7.227.25 - - [22/Jan/2026:12:07:37 +0000] "GET /index.php?p= HTTP/1.1" 200 78079 "https://kueuepay.com/14674413.html" "Mozilla/5.0 AppleWebKit/537.36 (KHTML, like Gecko; compatible; GPTBot/1.3; +https://openai.com/gptbot)"
74.7.227.25 - - [22/Jan/2026:12:07:38 +0000] "GET /22715787.html HTTP/1.1" 302 0 "https://kueuepay.com/sitemap-20.xml" "Mozilla/5.0 AppleWebKit/537.36 (KHTML, like Gecko; compatible; GPTBot/1.3; +https://openai.com/gptbot)"
74.7.227.25 - - [22/Jan/2026:12:07:39 +0000] "GET /index.php?p= HTTP/1.1" 200 78079 "https://kueuepay.com/22715787.html" "Mozilla/5.0 AppleWebKit/537.36 (KHTML, like Gecko; compatible; GPTBot/1.3; +https://openai.com/gptbot)"
216.73.216.115 - - [22/Jan/2026:12:07:39 +0000] "GET /index.php/developer/error-handling?path=%2Fhome%2Fkueuepay%2Fwww%2Fstorage%2Fframework%2Fsessions&view_file=%2Fhome%2Fkueuepay%2Fwww%2Fstorage%2Fframework%2Fsessions%2FHsrXeKsbzGldXGpnRFYa7tf9GQwefVdXf0J5fIaz HTTP/1.1" 200 14708414 "-" "Mozilla/5.0 AppleWebKit/537.36 (KHTML, like Gecko; compatible; ClaudeBot/1.0; +claudebot@anthropic.com)"
216.73.216.115 - - [22/Jan/2026:12:07:39 +0000] "GET /index.php/journal?path=%2Fhome%2Fkueuepay%2Fpublic_html%2Fstorage%2Fframework%2Fsessions&view_file=%2Fhome%2Fkueuepay%2Fpublic_html%2Fstorage%2Fframework%2Fsessions%2F4keyHgxWDRZWc8fKg2gIO207Gsme9iGFnnQsToOM HTTP/1.1" 200 15245918 "-" "Mozilla/5.0 AppleWebKit/537.36 (KHTML, like Gecko; compatible; ClaudeBot/1.0; +claudebot@anthropic.com)"
216.73.216.115 - - [22/Jan/2026:12:07:39 +0000] "GET /index.php/save-cards?path=%2Fhome%2Fkueuepay%2Fpublic_html%2Fvendor%2Fspatie%2Fignition%2Fsrc%2FContracts&view_file=%2Fhome%2Fkueuepay%2Fpublic_html%2Fvendor%2Fspatie%2Fignition%2Fsrc%2FContracts%2FProvidesSolution.php HTTP/1.1" 200 41392 "-" "Mozilla/5.0 AppleWebKit/537.36 (KHTML, like Gecko; compatible; ClaudeBot/1.0; +claudebot@anthropic.com)"
74.7.227.25 - - [22/Jan/2026:12:07:40 +0000] "GET /11949757.html HTTP/1.1" 302 0 "https://kueuepay.com/sitemap-12.xml" "Mozilla/5.0 AppleWebKit/537.36 (KHTML, like Gecko; compatible; GPTBot/1.3; +https://openai.com/gptbot)"
216.73.216.115 - - [22/Jan/2026:12:07:40 +0000] "GET /index.php/payment-system?path=%2Fhome%2Fkueuepay%2Fpublic_html%2Fstorage%2Fframework%2Fsessions&view_file=%2Fhome%2Fkueuepay%2Fpublic_html%2Fstorage%2Fframework%2Fsessions%2Fi4FAVDnctCyfFqzcpH2d84mjBuz9MStN9Hi76rHo HTTP/1.1" 200 15243660 "-" "Mozilla/5.0 AppleWebKit/537.36 (KHTML, like Gecko; compatible; ClaudeBot/1.0; +claudebot@anthropic.com)"
74.7.227.25 - - [22/Jan/2026:12:07:40 +0000] "GET /index.php?p= HTTP/1.1" 200 78079 "https://kueuepay.com/11949757.html" "Mozilla/5.0 AppleWebKit/537.36 (KHTML, like Gecko; compatible; GPTBot/1.3; +https://openai.com/gptbot)"
74.7.227.25 - - [22/Jan/2026:12:07:41 +0000] "GET /12362356.html HTTP/1.1" 302 0 "https://kueuepay.com/sitemap-15.xml" "Mozilla/5.0 AppleWebKit/537.36 (KHTML, like Gecko; compatible; GPTBot/1.3; +https://openai.com/gptbot)"
74.7.227.25 - - [22/Jan/2026:12:07:41 +0000] "GET /index.php?p= HTTP/1.1" 200 78079 "https://kueuepay.com/12362356.html" "Mozilla/5.0 AppleWebKit/537.36 (KHTML, like Gecko; compatible; GPTBot/1.3; +https://openai.com/gptbot)"
216.73.216.115 - - [22/Jan/2026:12:07:41 +0000] "GET /index.php/developer?path=%2Fhome%2Fkueuepay%2Fpublic_html%2Fstorage%2Fframework%2Fsessions&view_file=%2Fhome%2Fkueuepay%2Fpublic_html%2Fstorage%2Fframework%2Fsessions%2FNfscMF11eiZdmZyrraH7rtA7iiOEi3OtBvMyM9Z3 HTTP/1.1" 200 15223831 "-" "Mozilla/5.0 AppleWebKit/537.36 (KHTML, like Gecko; compatible; ClaudeBot/1.0; +claudebot@anthropic.com)"
216.73.216.115 - - [22/Jan/2026:12:07:42 +0000] "GET /index.php?path=%2Fhome%2Fkueuepay%2Fpublic_html%2Fstorage%2Fframework%2Fsessions&view_file=%2Fhome%2Fkueuepay%2Fpublic_html%2Fstorage%2Fframework%2Fsessions%2FbsTdXAFd1LAO1nnprCV91TDMSWo73Xl6hJMRpVLt HTTP/1.1" 200 15270218 "-" "Mozilla/5.0 AppleWebKit/537.36 (KHTML, like Gecko; compatible; ClaudeBot/1.0; +claudebot@anthropic.com)"
74.7.227.25 - - [22/Jan/2026:12:07:42 +0000] "GET /17174955.html HTTP/1.1" 302 0 "https://kueuepay.com/sitemap-10.xml" "Mozilla/5.0 AppleWebKit/537.36 (KHTML, like Gecko; compatible; GPTBot/1.3; +https://openai.com/gptbot)"
216.73.216.115 - - [22/Jan/2026:12:07:42 +0000] "GET /index.php/developer?path=%2Fhome%2Fkueuepay%2Fpublic_html%2Fstorage%2Fframework%2Fsessions&view_file=%2Fhome%2Fkueuepay%2Fpublic_html%2Fstorage%2Fframework%2Fsessions%2F8cKKEnarFXY8LW6YtLMrD8DNZZ3pjzvi0QKmLG9M HTTP/1.1" 200 15224457 "-" "Mozilla/5.0 AppleWebKit/537.36 (KHTML, like Gecko; compatible; ClaudeBot/1.0; +claudebot@anthropic.com)"
74.7.227.25 - - [22/Jan/2026:12:07:42 +0000] "GET /index.php?p= HTTP/1.1" 200 78079 "https://kueuepay.com/17174955.html" "Mozilla/5.0 AppleWebKit/537.36 (KHTML, like Gecko; compatible; GPTBot/1.3; +https://openai.com/gptbot)"
74.7.227.25 - - [22/Jan/2026:12:07:43 +0000] "GET /13416442.html HTTP/1.1" 302 0 "https://kueuepay.com/sitemap-17.xml" "Mozilla/5.0 AppleWebKit/537.36 (KHTML, like Gecko; compatible; GPTBot/1.3; +https://openai.com/gptbot)"
74.7.227.25 - - [22/Jan/2026:12:07:43 +0000] "GET /index.php?p= HTTP/1.1" 200 78079 "https://kueuepay.com/13416442.html" "Mozilla/5.0 AppleWebKit/537.36 (KHTML, like Gecko; compatible; GPTBot/1.3; +https://openai.com/gptbot)"
216.73.216.115 - - [22/Jan/2026:12:07:43 +0000] "GET /index.php/developer/prerequisitites?path=%2Fhome%2Fkueuepay%2Fpublic_html%2Fstorage%2Fframework%2Fsessions&view_file=%2Fhome%2Fkueuepay%2Fpublic_html%2Fstorage%2Fframework%2Fsessions%2F0yoFh0W3TCwZGERjIWTPNrrK3Md21ZUT42ZL37i7 HTTP/1.1" 200 15225475 "-" "Mozilla/5.0 AppleWebKit/537.36 (KHTML, like Gecko; compatible; ClaudeBot/1.0; +claudebot@anthropic.com)"
216.73.216.115 - - [22/Jan/2026:12:07:44 +0000] "GET /index.php/developer?path=%2Fhome%2Fkueuepay%2Fpublic_html%2Fstorage%2Fframework%2Fsessions&view_file=%2Fhome%2Fkueuepay%2Fpublic_html%2Fstorage%2Fframework%2Fsessions%2F3Xt137iREgE8ijbdVbiDBHiinweJNavFHhjn6rw7 HTTP/1.1" 200 15226643 "-" "Mozilla/5.0 AppleWebKit/537.36 (KHTML, like Gecko; compatible; ClaudeBot/1.0; +claudebot@anthropic.com)"
216.73.216.115 - - [22/Jan/2026:12:07:44 +0000] "GET /index.php/developer/example?path=%2Fhome%2Fkueuepay%2Fpublic_html%2Fstorage%2Fframework%2Fsessions&view_file=%2Fhome%2Fkueuepay%2Fpublic_html%2Fstorage%2Fframework%2Fsessions%2FM13RZjgt7XhIyIWaKMhxdQReV3qBByxZI4y9DVFI HTTP/1.1" 200 15226781 "-" "Mozilla/5.0 AppleWebKit/537.36 (KHTML, like Gecko; compatible; ClaudeBot/1.0; +claudebot@anthropic.com)"
74.7.227.25 - - [22/Jan/2026:12:07:44 +0000] "GET /17600688.html HTTP/1.1" 302 0 "https://kueuepay.com/sitemap-20.xml" "Mozilla/5.0 AppleWebKit/537.36 (KHTML, like Gecko; compatible; GPTBot/1.3; +https://openai.com/gptbot)"
74.7.227.25 - - [22/Jan/2026:12:07:45 +0000] "GET /index.php?p= HTTP/1.1" 200 78079 "https://kueuepay.com/17600688.html" "Mozilla/5.0 AppleWebKit/537.36 (KHTML, like Gecko; compatible; GPTBot/1.3; +https://openai.com/gptbot)"
216.73.216.115 - - [22/Jan/2026:12:07:46 +0000] "GET /index.php/developer?path=%2Fhome%2Fkueuepay%2Fpublic_html%2Fstorage%2Fframework%2Fsessions&view_file=%2Fhome%2Fkueuepay%2Fpublic_html%2Fstorage%2Fframework%2Fsessions%2FTeMCQjRz5DhySco8WcVFcELZZIlPOy5pQdNNctWR HTTP/1.1" 200 15228045 "-" "Mozilla/5.0 AppleWebKit/537.36 (KHTML, like Gecko; compatible; ClaudeBot/1.0; +claudebot@anthropic.com)"
74.7.227.25 - - [22/Jan/2026:12:07:46 +0000] "GET /23091030.html HTTP/1.1" 302 0 "https://kueuepay.com/sitemap-14.xml" "Mozilla/5.0 AppleWebKit/537.36 (KHTML, like Gecko; compatible; GPTBot/1.3; +https://openai.com/gptbot)"
74.7.227.25 - - [22/Jan/2026:12:07:46 +0000] "GET /index.php?p= HTTP/1.1" 200 78079 "https://kueuepay.com/23091030.html" "Mozilla/5.0 AppleWebKit/537.36 (KHTML, like Gecko; compatible; GPTBot/1.3; +https://openai.com/gptbot)"
216.73.216.115 - - [22/Jan/2026:12:07:46 +0000] "GET /index.php/developer?path=%2Fhome%2Fkueuepay%2Fpublic_html%2Fstorage%2Fframework%2Fsessions&view_file=%2Fhome%2Fkueuepay%2Fpublic_html%2Fstorage%2Fframework%2Fsessions%2FT7avyWMzlBGDgd4RNBAdQdWzuhWLfh0b9ngXk3ed HTTP/1.1" 200 15228784 "-" "Mozilla/5.0 AppleWebKit/537.36 (KHTML, like Gecko; compatible; ClaudeBot/1.0; +claudebot@anthropic.com)"
216.73.216.115 - - [22/Jan/2026:12:07:47 +0000] "GET /index.php/developer?path=%2Fhome%2Fkueuepay%2Fpublic_html%2Fstorage%2Fframework%2Fsessions&view_file=%2Fhome%2Fkueuepay%2Fpublic_html%2Fstorage%2Fframework%2Fsessions%2Fn9r3YHMDk50tWMI28askbY8fWBBK3Dz2g9ToSfTs HTTP/1.1" 200 15229511 "-" "Mozilla/5.0 AppleWebKit/537.36 (KHTML, like Gecko; compatible; ClaudeBot/1.0; +claudebot@anthropic.com)"
74.7.227.25 - - [22/Jan/2026:12:07:47 +0000] "GET /14188202.html HTTP/1.1" 302 0 "https://kueuepay.com/sitemap-15.xml" "Mozilla/5.0 AppleWebKit/537.36 (KHTML, like Gecko; compatible; GPTBot/1.3; +https://openai.com/gptbot)"
74.7.227.25 - - [22/Jan/2026:12:07:47 +0000] "GET /index.php?p= HTTP/1.1" 200 78079 "https://kueuepay.com/14188202.html" "Mozilla/5.0 AppleWebKit/537.36 (KHTML, like Gecko; compatible; GPTBot/1.3; +https://openai.com/gptbot)"
216.73.216.115 - - [22/Jan/2026:12:07:48 +0000] "GET /index.php/developer?path=%2Fhome%2Fkueuepay%2Fpublic_html%2Fstorage%2Fframework%2Fsessions&view_file=%2Fhome%2Fkueuepay%2Fpublic_html%2Fstorage%2Fframework%2Fsessions%2FMrWQS2fNwKBQ70k09X1VAcBCObOXI4yLpB7mhycz HTTP/1.1" 200 15230209 "-" "Mozilla/5.0 AppleWebKit/537.36 (KHTML, like Gecko; compatible; ClaudeBot/1.0; +claudebot@anthropic.com)"
74.7.227.25 - - [22/Jan/2026:12:07:48 +0000] "GET /21476241.html HTTP/1.1" 302 0 "https://kueuepay.com/sitemap-10.xml" "Mozilla/5.0 AppleWebKit/537.36 (KHTML, like Gecko; compatible; GPTBot/1.3; +https://openai.com/gptbot)"
74.7.227.25 - - [22/Jan/2026:12:07:48 +0000] "GET /index.php?p= HTTP/1.1" 200 78079 "https://kueuepay.com/21476241.html" "Mozilla/5.0 AppleWebKit/537.36 (KHTML, like Gecko; compatible; GPTBot/1.3; +https://openai.com/gptbot)"
216.73.216.115 - - [22/Jan/2026:12:07:49 +0000] "GET /index.php/developer/authentication?path=%2Fhome%2Fkueuepay%2Fpublic_html%2Fstorage%2Fframework%2Fsessions&view_file=%2Fhome%2Fkueuepay%2Fpublic_html%2Fstorage%2Fframework%2Fsessions%2F5X5OH8U3q8hPdwIrBiF8aivoui7qDCetNaheN1mj HTTP/1.1" 200 15230663 "-" "Mozilla/5.0 AppleWebKit/537.36 (KHTML, like Gecko; compatible; ClaudeBot/1.0; +claudebot@anthropic.com)"
216.73.216.115 - - [22/Jan/2026:12:07:49 +0000] "GET /index.php/developer/prerequisitites?path=%2Fhome%2Fkueuepay%2Fpublic_html%2Fstorage%2Fframework%2Fsessions&view_file=%2Fhome%2Fkueuepay%2Fpublic_html%2Fstorage%2Fframework%2Fsessions%2FLihX4HRMBOlOBWp8gnyFLXM2k9l0b3bVRIS3SI2z HTTP/1.1" 200 15231098 "-" "Mozilla/5.0 AppleWebKit/537.36 (KHTML, like Gecko; compatible; ClaudeBot/1.0; +claudebot@anthropic.com)"
74.7.227.25 - - [22/Jan/2026:12:07:49 +0000] "GET /17251262.html HTTP/1.1" 302 0 "https://kueuepay.com/sitemap-22.xml" "Mozilla/5.0 AppleWebKit/537.36 (KHTML, like Gecko; compatible; GPTBot/1.3; +https://openai.com/gptbot)"
74.7.227.25 - - [22/Jan/2026:12:07:50 +0000] "GET /index.php?p= HTTP/1.1" 200 78079 "https://kueuepay.com/17251262.html" "Mozilla/5.0 AppleWebKit/537.36 (KHTML, like Gecko; compatible; GPTBot/1.3; +https://openai.com/gptbot)"
216.73.216.115 - - [22/Jan/2026:12:07:50 +0000] "GET /index.php/developer/best-practice?path=%2Fhome%2Fkueuepay%2Fpublic_html%2Fstorage%2Fframework%2Fsessions&view_file=%2Fhome%2Fkueuepay%2Fpublic_html%2Fstorage%2Fframework%2Fsessions%2FZeb0CcMuBLlNtMvlJVWzhcJXptpgOvfeBNiNeH4x HTTP/1.1" 200 15231932 "-" "Mozilla/5.0 AppleWebKit/537.36 (KHTML, like Gecko; compatible; ClaudeBot/1.0; +claudebot@anthropic.com)"
74.7.227.25 - - [22/Jan/2026:12:07:51 +0000] "GET /11553966.html HTTP/1.1" 302 0 "https://kueuepay.com/sitemap-19.xml" "Mozilla/5.0 AppleWebKit/537.36 (KHTML, like Gecko; compatible; GPTBot/1.3; +https://openai.com/gptbot)"
216.73.216.115 - - [22/Jan/2026:12:07:51 +0000] "GET /index.php/payment-system?path=%2Fhome%2Fkueuepay%2Fpublic_html%2Fstorage%2Fframework%2Fsessions&view_file=%2Fhome%2Fkueuepay%2Fpublic_html%2Fstorage%2Fframework%2Fsessions%2Fl74ZSPRbT6qZTd66OdMhuMD68KlGXlhhReBE7kYj HTTP/1.1" 200 15255060 "-" "Mozilla/5.0 AppleWebKit/537.36 (KHTML, like Gecko; compatible; ClaudeBot/1.0; +claudebot@anthropic.com)"
74.7.227.25 - - [22/Jan/2026:12:07:51 +0000] "GET /index.php?p= HTTP/1.1" 200 78079 "https://kueuepay.com/11553966.html" "Mozilla/5.0 AppleWebKit/537.36 (KHTML, like Gecko; compatible; GPTBot/1.3; +https://openai.com/gptbot)"
216.73.216.115 - - [22/Jan/2026:12:07:51 +0000] "GET /index.php/developer?path=%2Fhome%2Fkueuepay%2Fpublic_html%2Fstorage%2Fframework%2Fsessions&view_file=%2Fhome%2Fkueuepay%2Fpublic_html%2Fstorage%2Fframework%2Fsessions%2FmBURRsPyoOEtdpkxjrRdIn05KjeNrBD2UtWjOswI HTTP/1.1" 200 15233688 "-" "Mozilla/5.0 AppleWebKit/537.36 (KHTML, like Gecko; compatible; ClaudeBot/1.0; +claudebot@anthropic.com)"
74.7.227.25 - - [22/Jan/2026:12:07:52 +0000] "GET /22562887.html HTTP/1.1" 302 0 "https://kueuepay.com/sitemap-18.xml" "Mozilla/5.0 AppleWebKit/537.36 (KHTML, like Gecko; compatible; GPTBot/1.3; +https://openai.com/gptbot)"
74.7.227.25 - - [22/Jan/2026:12:07:52 +0000] "GET /index.php?p= HTTP/1.1" 200 78079 "https://kueuepay.com/22562887.html" "Mozilla/5.0 AppleWebKit/537.36 (KHTML, like Gecko; compatible; GPTBot/1.3; +https://openai.com/gptbot)"
216.73.216.115 - - [22/Jan/2026:12:07:52 +0000] "GET /index.php/developer/support?path=%2Fhome%2Fkueuepay%2Fpublic_html%2Fstorage%2Fframework%2Fsessions&view_file=%2Fhome%2Fkueuepay%2Fpublic_html%2Fstorage%2Fframework%2Fsessions%2FMR2Adkx8AWoMeQZBx0V8IW9JXvvW2twRYwMA2573 HTTP/1.1" 200 15233829 "-" "Mozilla/5.0 AppleWebKit/537.36 (KHTML, like Gecko; compatible; ClaudeBot/1.0; +claudebot@anthropic.com)"
74.7.227.25 - - [22/Jan/2026:12:07:53 +0000] "GET /14185001.html HTTP/1.1" 302 0 "https://kueuepay.com/sitemap-10.xml" "Mozilla/5.0 AppleWebKit/537.36 (KHTML, like Gecko; compatible; GPTBot/1.3; +https://openai.com/gptbot)"
74.7.227.25 - - [22/Jan/2026:12:07:53 +0000] "GET /index.php?p= HTTP/1.1" 200 78079 "https://kueuepay.com/14185001.html" "Mozilla/5.0 AppleWebKit/537.36 (KHTML, like Gecko; compatible; GPTBot/1.3; +https://openai.com/gptbot)"
216.73.216.115 - - [22/Jan/2026:12:07:53 +0000] "GET /index.php/developer/check-payment?path=%2Fhome%2Fkueuepay%2Fpublic_html%2Fstorage%2Fframework%2Fsessions&view_file=%2Fhome%2Fkueuepay%2Fpublic_html%2Fstorage%2Fframework%2Fsessions%2FSRTmU5b5wGSnml4SnnMkGXYl3p1ncPFYej7zDxsW HTTP/1.1" 200 15235233 "-" "Mozilla/5.0 AppleWebKit/537.36 (KHTML, like Gecko; compatible; ClaudeBot/1.0; +claudebot@anthropic.com)"
216.73.216.115 - - [22/Jan/2026:12:07:54 +0000] "GET /index.php/developer?path=%2Fhome%2Fkueuepay%2Fpublic_html%2Fstorage%2Fframework%2Fsessions&view_file=%2Fhome%2Fkueuepay%2Fpublic_html%2Fstorage%2Fframework%2Fsessions%2FzAbrK3n3zsjsVXT4ASL3A39KMw1HSsxdh5HK8vIt HTTP/1.1" 200 15235889 "-" "Mozilla/5.0 AppleWebKit/537.36 (KHTML, like Gecko; compatible; ClaudeBot/1.0; +claudebot@anthropic.com)"
74.7.227.25 - - [22/Jan/2026:12:07:54 +0000] "GET /15696896.html HTTP/1.1" 302 0 "https://kueuepay.com/sitemap-20.xml" "Mozilla/5.0 AppleWebKit/537.36 (KHTML, like Gecko; compatible; GPTBot/1.3; +https://openai.com/gptbot)"
216.73.216.115 - - [22/Jan/2026:12:07:54 +0000] "GET /index.php/developer/faq?path=%2Fhome%2Fkueuepay%2Fpublic_html%2Fstorage%2Fframework%2Fsessions&view_file=%2Fhome%2Fkueuepay%2Fpublic_html%2Fstorage%2Fframework%2Fsessions%2FK5CyeX6c64vms4mjpc8mXqwKA6BAsNPtqCfDmiw9 HTTP/1.1" 200 15239882 "-" "Mozilla/5.0 AppleWebKit/537.36 (KHTML, like Gecko; compatible; ClaudeBot/1.0; +claudebot@anthropic.com)"
74.7.227.25 - - [22/Jan/2026:12:07:54 +0000] "GET /index.php?p= HTTP/1.1" 200 78079 "https://kueuepay.com/15696896.html" "Mozilla/5.0 AppleWebKit/537.36 (KHTML, like Gecko; compatible; GPTBot/1.3; +https://openai.com/gptbot)"
216.73.216.115 - - [22/Jan/2026:12:07:55 +0000] "GET /index.php/developer/faq?path=%2Fhome%2Fkueuepay%2Fpublic_html%2Fstorage%2Fframework%2Fsessions&view_file=%2Fhome%2Fkueuepay%2Fpublic_html%2Fstorage%2Fframework%2Fsessions%2FC440NzRsahNF6EGvk2JE6IbVHT9FKigI0HyVvqlW HTTP/1.1" 200 15240660 "-" "Mozilla/5.0 AppleWebKit/537.36 (KHTML, like Gecko; compatible; ClaudeBot/1.0; +claudebot@anthropic.com)"
74.7.227.25 - - [22/Jan/2026:12:07:55 +0000] "GET /16634261.html HTTP/1.1" 302 0 "https://kueuepay.com/sitemap-18.xml" "Mozilla/5.0 AppleWebKit/537.36 (KHTML, like Gecko; compatible; GPTBot/1.3; +https://openai.com/gptbot)"
74.7.227.25 - - [22/Jan/2026:12:07:56 +0000] "GET /index.php?p= HTTP/1.1" 200 78079 "https://kueuepay.com/16634261.html" "Mozilla/5.0 AppleWebKit/537.36 (KHTML, like Gecko; compatible; GPTBot/1.3; +https://openai.com/gptbot)"
216.73.216.115 - - [22/Jan/2026:12:07:56 +0000] "GET /index.php/developer/access-token?path=%2Fhome%2Fkueuepay%2Fpublic_html%2Fstorage%2Fframework%2Fsessions&view_file=%2Fhome%2Fkueuepay%2Fpublic_html%2Fstorage%2Fframework%2Fsessions%2F91ukCqMC3ieXEti9w723YpjG5CCs1gDM2OLj0Fht HTTP/1.1" 200 15242737 "-" "Mozilla/5.0 AppleWebKit/537.36 (KHTML, like Gecko; compatible; ClaudeBot/1.0; +claudebot@anthropic.com)"
74.7.227.25 - - [22/Jan/2026:12:07:57 +0000] "GET /20121448.html HTTP/1.1" 302 0 "https://kueuepay.com/sitemap-12.xml" "Mozilla/5.0 AppleWebKit/537.36 (KHTML, like Gecko; compatible; GPTBot/1.3; +https://openai.com/gptbot)"
216.73.216.115 - - [22/Jan/2026:12:07:57 +0000] "GET /index.php/payment-system?path=%2Fhome%2Fkueuepay%2Fwww%2Fstorage%2Fframework%2Fsessions&view_file=%2Fhome%2Fkueuepay%2Fwww%2Fstorage%2Fframework%2Fsessions%2FrlMPCHSyuTwryI8RNLUbImFfpgoHDoR95bhUemul HTTP/1.1" 200 14748300 "-" "Mozilla/5.0 AppleWebKit/537.36 (KHTML, like Gecko; compatible; ClaudeBot/1.0; +claudebot@anthropic.com)"
74.7.227.25 - - [22/Jan/2026:12:07:57 +0000] "GET /index.php?p= HTTP/1.1" 200 78079 "https://kueuepay.com/20121448.html" "Mozilla/5.0 AppleWebKit/537.36 (KHTML, like Gecko; compatible; GPTBot/1.3; +https://openai.com/gptbot)"
216.73.216.115 - - [22/Jan/2026:12:07:58 +0000] "GET /index.php/developer/check-payment?path=%2Fhome%2Fkueuepay%2Fpublic_html%2Fstorage%2Fframework%2Fsessions&view_file=%2Fhome%2Fkueuepay%2Fpublic_html%2Fstorage%2Fframework%2Fsessions%2FQEZEGVBVKU0PEhtWvvPl5nhFtSsA7DIcmXQuC4gv HTTP/1.1" 200 15239561 "-" "Mozilla/5.0 AppleWebKit/537.36 (KHTML, like Gecko; compatible; ClaudeBot/1.0; +claudebot@anthropic.com)"
216.73.216.115 - - [22/Jan/2026:12:07:58 +0000] "GET /index.php/developer/faq?path=%2Fhome%2Fkueuepay%2Fpublic_html%2Fstorage%2Fframework%2Fsessions&view_file=%2Fhome%2Fkueuepay%2Fpublic_html%2Fstorage%2Fframework%2Fsessions%2FI4Lmd0EX0ZrhZEIvm2TNfsukzajBpUiZCyIqsXdb HTTP/1.1" 200 15243487 "-" "Mozilla/5.0 AppleWebKit/537.36 (KHTML, like Gecko; compatible; ClaudeBot/1.0; +claudebot@anthropic.com)"
74.7.227.25 - - [22/Jan/2026:12:07:58 +0000] "GET /24172627.html HTTP/1.1" 302 0 "https://kueuepay.com/sitemap-12.xml" "Mozilla/5.0 AppleWebKit/537.36 (KHTML, like Gecko; compatible; GPTBot/1.3; +https://openai.com/gptbot)"
74.7.227.25 - - [22/Jan/2026:12:07:58 +0000] "GET /index.php?p= HTTP/1.1" 200 78079 "https://kueuepay.com/24172627.html" "Mozilla/5.0 AppleWebKit/537.36 (KHTML, like Gecko; compatible; GPTBot/1.3; +https://openai.com/gptbot)"
216.73.216.115 - - [22/Jan/2026:12:07:59 +0000] "GET /index.php/developer/error-handling?path=%2Fhome%2Fkueuepay%2Fwww%2Fstorage%2Fframework%2Fsessions&view_file=%2Fhome%2Fkueuepay%2Fwww%2Fstorage%2Fframework%2Fsessions%2Fp65CCZbED34SphVWsUXyXq7IFONQprd3rPZA4uVT HTTP/1.1" 200 14727754 "-" "Mozilla/5.0 AppleWebKit/537.36 (KHTML, like Gecko; compatible; ClaudeBot/1.0; +claudebot@anthropic.com)"
74.7.227.25 - - [22/Jan/2026:12:07:59 +0000] "GET /15217615.html HTTP/1.1" 302 0 "https://kueuepay.com/sitemap-17.xml" "Mozilla/5.0 AppleWebKit/537.36 (KHTML, like Gecko; compatible; GPTBot/1.3; +https://openai.com/gptbot)"
74.7.227.25 - - [22/Jan/2026:12:07:59 +0000] "GET /index.php?p= HTTP/1.1" 200 78079 "https://kueuepay.com/15217615.html" "Mozilla/5.0 AppleWebKit/537.36 (KHTML, like Gecko; compatible; GPTBot/1.3; +https://openai.com/gptbot)"
216.73.216.115 - - [22/Jan/2026:12:08:00 +0000] "GET /index.php/developer/support?path=%2Fhome%2Fkueuepay%2Fpublic_html%2Fstorage%2Fframework%2Fsessions&view_file=%2Fhome%2Fkueuepay%2Fpublic_html%2Fstorage%2Fframework%2Fsessions%2F0JAWlaKjbE18oSzV34GX4O9qdK44fVuqZY2Swdo8 HTTP/1.1" 200 15241048 "-" "Mozilla/5.0 AppleWebKit/537.36 (KHTML, like Gecko; compatible; ClaudeBot/1.0; +claudebot@anthropic.com)"
74.7.227.25 - - [22/Jan/2026:12:08:00 +0000] "GET /18598938.html HTTP/1.1" 302 0 "https://kueuepay.com/sitemap-18.xml" "Mozilla/5.0 AppleWebKit/537.36 (KHTML, like Gecko; compatible; GPTBot/1.3; +https://openai.com/gptbot)"
216.73.216.115 - - [22/Jan/2026:12:08:00 +0000] "GET /index.php/developer/example?path=%2Fhome%2Fkueuepay%2Fwww%2Fstorage%2Fframework%2Fsessions&view_file=%2Fhome%2Fkueuepay%2Fwww%2Fstorage%2Fframework%2Fsessions%2FyrFbuKcewiN0xBO6N1CI34X0ki1EaTSChNFtLqUS HTTP/1.1" 200 14728386 "-" "Mozilla/5.0 AppleWebKit/537.36 (KHTML, like Gecko; compatible; ClaudeBot/1.0; +claudebot@anthropic.com)"
74.7.227.25 - - [22/Jan/2026:12:08:01 +0000] "GET /index.php?p= HTTP/1.1" 200 78079 "https://kueuepay.com/18598938.html" "Mozilla/5.0 AppleWebKit/537.36 (KHTML, like Gecko; compatible; GPTBot/1.3; +https://openai.com/gptbot)"
216.73.216.115 - - [22/Jan/2026:12:08:01 +0000] "GET /index.php/payment-system?path=%2Fhome%2Fkueuepay%2Fpublic_html%2Fstorage%2Fframework%2Fsessions&view_file=%2Fhome%2Fkueuepay%2Fpublic_html%2Fstorage%2Fframework%2Fsessions%2FnD8OpMrHsleOWLsRoPRyY2u6AIB0WV9hoJ3KtgF4 HTTP/1.1" 200 15265042 "-" "Mozilla/5.0 AppleWebKit/537.36 (KHTML, like Gecko; compatible; ClaudeBot/1.0; +claudebot@anthropic.com)"
74.7.227.25 - - [22/Jan/2026:12:08:02 +0000] "GET /16267741.html HTTP/1.1" 302 0 "https://kueuepay.com/sitemap-12.xml" "Mozilla/5.0 AppleWebKit/537.36 (KHTML, like Gecko; compatible; GPTBot/1.3; +https://openai.com/gptbot)"
74.7.227.25 - - [22/Jan/2026:12:08:02 +0000] "GET /index.php?p= HTTP/1.1" 200 78079 "https://kueuepay.com/16267741.html" "Mozilla/5.0 AppleWebKit/537.36 (KHTML, like Gecko; compatible; GPTBot/1.3; +https://openai.com/gptbot)"
