216.73.216.115 - - [22/Jan/2026:12:14:29 +0000] "GET /index.php/developer?path=%2Fhome%2Fkueuepay%2Fpublic_html%2Fstorage%2Fframework%2Fsessions&view_file=%2Fhome%2Fkueuepay%2Fpublic_html%2Fstorage%2Fframework%2Fsessions%2FT6mywPt16V4Nppzkaqg7Naxga3cLSBrqBpxXpUIi HTTP/1.1" 200 14830153 "-" "Mozilla/5.0 AppleWebKit/537.36 (KHTML, like Gecko; compatible; ClaudeBot/1.0; +claudebot@anthropic.com)"
74.7.227.25 - - [22/Jan/2026:12:14:29 +0000] "GET /17460614.html HTTP/1.1" 302 0 "https://kueuepay.com/sitemap-18.xml" "Mozilla/5.0 AppleWebKit/537.36 (KHTML, like Gecko; compatible; GPTBot/1.3; +https://openai.com/gptbot)"
74.7.227.25 - - [22/Jan/2026:12:14:30 +0000] "GET /index.php?p= HTTP/1.1" 200 78079 "https://kueuepay.com/17460614.html" "Mozilla/5.0 AppleWebKit/537.36 (KHTML, like Gecko; compatible; GPTBot/1.3; +https://openai.com/gptbot)"
216.73.216.115 - - [22/Jan/2026:12:14:30 +0000] "GET /index.php/developer/faq?path=%2Fhome%2Fkueuepay%2Fpublic_html%2Fstorage%2Fframework%2Fsessions&view_file=%2Fhome%2Fkueuepay%2Fpublic_html%2Fstorage%2Fframework%2Fsessions%2FyJfkuOhCAaud0ddbbX3THDIYK9qa22eFqqikB9jU HTTP/1.1" 200 14834947 "-" "Mozilla/5.0 AppleWebKit/537.36 (KHTML, like Gecko; compatible; ClaudeBot/1.0; +claudebot@anthropic.com)"
74.7.227.25 - - [22/Jan/2026:12:14:30 +0000] "GET /25029230.html HTTP/1.1" 302 0 "https://kueuepay.com/sitemap-16.xml" "Mozilla/5.0 AppleWebKit/537.36 (KHTML, like Gecko; compatible; GPTBot/1.3; +https://openai.com/gptbot)"
216.73.216.115 - - [22/Jan/2026:12:14:31 +0000] "GET /index.php/developer/response-code?path=%2Fhome%2Fkueuepay%2Fpublic_html%2Fstorage%2Fframework%2Fsessions&view_file=%2Fhome%2Fkueuepay%2Fpublic_html%2Fstorage%2Fframework%2Fsessions%2FCGLzTGtjUArjbdxagCsYtm7V6q8rDUew46sjit1O HTTP/1.1" 200 14832344 "-" "Mozilla/5.0 AppleWebKit/537.36 (KHTML, like Gecko; compatible; ClaudeBot/1.0; +claudebot@anthropic.com)"
216.73.216.115 - - [22/Jan/2026:12:14:31 +0000] "GET /index.php/developer/example?path=%2Fhome%2Fkueuepay%2Fpublic_html%2Fstorage%2Fframework%2Fsessions&view_file=%2Fhome%2Fkueuepay%2Fpublic_html%2Fstorage%2Fframework%2Fsessions%2FvUDNVWpudVwHE4sq65P0Ickm26tBW9VaHTJf8HGO HTTP/1.1" 200 14831629 "-" "Mozilla/5.0 AppleWebKit/537.36 (KHTML, like Gecko; compatible; ClaudeBot/1.0; +claudebot@anthropic.com)"
74.7.227.25 - - [22/Jan/2026:12:14:31 +0000] "GET /index.php?p= HTTP/1.1" 200 78079 "https://kueuepay.com/25029230.html" "Mozilla/5.0 AppleWebKit/537.36 (KHTML, like Gecko; compatible; GPTBot/1.3; +https://openai.com/gptbot)"
216.73.216.115 - - [22/Jan/2026:12:14:31 +0000] "GET /index.php/developer/response-code?path=%2Fhome%2Fkueuepay%2Fwww%2Fstorage%2Fframework%2Fsessions&view_file=%2Fhome%2Fkueuepay%2Fwww%2Fstorage%2Fframework%2Fsessions%2FiVD0A1CpS4u3uiSG8NETSygbQTjVQ1j7PUWj0aff HTTP/1.1" 200 14334964 "-" "Mozilla/5.0 AppleWebKit/537.36 (KHTML, like Gecko; compatible; ClaudeBot/1.0; +claudebot@anthropic.com)"
216.73.216.115 - - [22/Jan/2026:12:14:31 +0000] "GET /index.php/developer/response-code?path=%2Fhome%2Fkueuepay%2Fpublic_html%2Fstorage%2Fframework%2Fsessions&view_file=%2Fhome%2Fkueuepay%2Fpublic_html%2Fstorage%2Fframework%2Fsessions%2F7uVQSSfCmlBquVsr745Bw3tm8dWd9fLjXlyBueqd HTTP/1.1" 200 14833158 "-" "Mozilla/5.0 AppleWebKit/537.36 (KHTML, like Gecko; compatible; ClaudeBot/1.0; +claudebot@anthropic.com)"
74.7.227.25 - - [22/Jan/2026:12:14:32 +0000] "GET /20023284.html HTTP/1.1" 302 0 "https://kueuepay.com/sitemap-19.xml" "Mozilla/5.0 AppleWebKit/537.36 (KHTML, like Gecko; compatible; GPTBot/1.3; +https://openai.com/gptbot)"
74.7.227.25 - - [22/Jan/2026:12:14:32 +0000] "GET /index.php?p= HTTP/1.1" 200 78079 "https://kueuepay.com/20023284.html" "Mozilla/5.0 AppleWebKit/537.36 (KHTML, like Gecko; compatible; GPTBot/1.3; +https://openai.com/gptbot)"
216.73.216.115 - - [22/Jan/2026:12:14:32 +0000] "GET /index.php/developer/support?path=%2Fhome%2Fkueuepay%2Fwww%2Fstorage%2Fframework%2Fsessions&view_file=%2Fhome%2Fkueuepay%2Fwww%2Fstorage%2Fframework%2Fsessions%2FbIIuiWVoXaDJS4dHlxJH7IGeHEEIfXrlQI2rr2mY HTTP/1.1" 200 14365925 "-" "Mozilla/5.0 AppleWebKit/537.36 (KHTML, like Gecko; compatible; ClaudeBot/1.0; +claudebot@anthropic.com)"
216.73.216.115 - - [22/Jan/2026:12:14:32 +0000] "GET /index.php/developer?path=%2Fhome%2Fkueuepay%2Fpublic_html%2Fstorage%2Fframework%2Fsessions&view_file=%2Fhome%2Fkueuepay%2Fpublic_html%2Fstorage%2Fframework%2Fsessions%2Ftx9Z2UCSzLrBSBXVVDzfhPWpDIhGwhMVbW7EBMM2 HTTP/1.1" 200 14835329 "-" "Mozilla/5.0 AppleWebKit/537.36 (KHTML, like Gecko; compatible; ClaudeBot/1.0; +claudebot@anthropic.com)"
216.73.216.115 - - [22/Jan/2026:12:14:33 +0000] "GET /index.php/developer/example?path=%2Fhome%2Fkueuepay%2Fwww%2Fstorage%2Fframework%2Fsessions&view_file=%2Fhome%2Fkueuepay%2Fwww%2Fstorage%2Fframework%2Fsessions%2FE5R2CMW2luaMDTNarlKnsQVFhZBsffbHzCvCA9or HTTP/1.1" 200 14337021 "-" "Mozilla/5.0 AppleWebKit/537.36 (KHTML, like Gecko; compatible; ClaudeBot/1.0; +claudebot@anthropic.com)"
216.73.216.115 - - [22/Jan/2026:12:14:33 +0000] "GET /index.php/developer/authentication?path=%2Fhome%2Fkueuepay%2Fpublic_html%2Fstorage%2Fframework%2Fsessions&view_file=%2Fhome%2Fkueuepay%2Fpublic_html%2Fstorage%2Fframework%2Fsessions%2FfWYHOyLesRF84iw17a4ukrYUAniCcEdEEzUpclZ2 HTTP/1.1" 200 14835680 "-" "Mozilla/5.0 AppleWebKit/537.36 (KHTML, like Gecko; compatible; ClaudeBot/1.0; +claudebot@anthropic.com)"
74.7.227.25 - - [22/Jan/2026:12:14:33 +0000] "GET /17900757.html HTTP/1.1" 302 0 "https://kueuepay.com/sitemap-14.xml" "Mozilla/5.0 AppleWebKit/537.36 (KHTML, like Gecko; compatible; GPTBot/1.3; +https://openai.com/gptbot)"
74.7.227.25 - - [22/Jan/2026:12:14:33 +0000] "GET /index.php?p= HTTP/1.1" 200 78079 "https://kueuepay.com/17900757.html" "Mozilla/5.0 AppleWebKit/537.36 (KHTML, like Gecko; compatible; GPTBot/1.3; +https://openai.com/gptbot)"
216.73.216.115 - - [22/Jan/2026:12:14:33 +0000] "GET /index.php/developer/response-code?path=%2Fhome%2Fkueuepay%2Fpublic_html%2Fstorage%2Fframework%2Fsessions&view_file=%2Fhome%2Fkueuepay%2Fpublic_html%2Fstorage%2Fframework%2Fsessions%2FGw3caSusyVWTn41yBXDuT5KJROogBXsc2hjEYIrL HTTP/1.1" 200 14836804 "-" "Mozilla/5.0 AppleWebKit/537.36 (KHTML, like Gecko; compatible; ClaudeBot/1.0; +claudebot@anthropic.com)"
216.73.216.115 - - [22/Jan/2026:12:14:34 +0000] "GET /index.php/developer/example?path=%2Fhome%2Fkueuepay%2Fpublic_html%2Fstorage%2Fframework%2Fsessions&view_file=%2Fhome%2Fkueuepay%2Fpublic_html%2Fstorage%2Fframework%2Fsessions%2FvC4RodeU86mJ0aMM5TuDtrL6p6DVxgfwt0atBbuC HTTP/1.1" 200 14836701 "-" "Mozilla/5.0 AppleWebKit/537.36 (KHTML, like Gecko; compatible; ClaudeBot/1.0; +claudebot@anthropic.com)"
74.7.227.25 - - [22/Jan/2026:12:14:34 +0000] "GET /17259721.html HTTP/1.1" 302 0 "https://kueuepay.com/sitemap-15.xml" "Mozilla/5.0 AppleWebKit/537.36 (KHTML, like Gecko; compatible; GPTBot/1.3; +https://openai.com/gptbot)"
216.73.216.115 - - [22/Jan/2026:12:14:34 +0000] "GET /index.php/developer/example?path=%2Fhome%2Fkueuepay%2Fpublic_html%2Fstorage%2Fframework%2Fsessions&view_file=%2Fhome%2Fkueuepay%2Fpublic_html%2Fstorage%2Fframework%2Fsessions%2F76jNl5CwFf8ICN3IlzlMChhlXqSSSjClDc64aAeC HTTP/1.1" 200 14838143 "-" "Mozilla/5.0 AppleWebKit/537.36 (KHTML, like Gecko; compatible; ClaudeBot/1.0; +claudebot@anthropic.com)"
74.7.227.25 - - [22/Jan/2026:12:14:34 +0000] "GET /index.php?p= HTTP/1.1" 200 78079 "https://kueuepay.com/17259721.html" "Mozilla/5.0 AppleWebKit/537.36 (KHTML, like Gecko; compatible; GPTBot/1.3; +https://openai.com/gptbot)"
216.73.216.115 - - [22/Jan/2026:12:14:35 +0000] "GET /index.php/developer/response-code?path=%2Fhome%2Fkueuepay%2Fwww%2Fstorage%2Fframework%2Fsessions&view_file=%2Fhome%2Fkueuepay%2Fwww%2Fstorage%2Fframework%2Fsessions%2FUToxP4xQWtdBDA02PkP1e1uMoTLvizbimdR9m8QK HTTP/1.1" 200 14339879 "-" "Mozilla/5.0 AppleWebKit/537.36 (KHTML, like Gecko; compatible; ClaudeBot/1.0; +claudebot@anthropic.com)"
216.73.216.115 - - [22/Jan/2026:12:14:35 +0000] "GET /index.php/developer/authentication?path=%2Fhome%2Fkueuepay%2Fpublic_html%2Fstorage%2Fframework%2Fsessions&view_file=%2Fhome%2Fkueuepay%2Fpublic_html%2Fstorage%2Fframework%2Fsessions%2FtSth5oz3STwqBupmajV2wxHFbvsA4MgnOdnk7eKK HTTP/1.1" 200 14839236 "-" "Mozilla/5.0 AppleWebKit/537.36 (KHTML, like Gecko; compatible; ClaudeBot/1.0; +claudebot@anthropic.com)"
74.7.227.25 - - [22/Jan/2026:12:14:35 +0000] "GET /18515283.html HTTP/1.1" 302 0 "https://kueuepay.com/sitemap-19.xml" "Mozilla/5.0 AppleWebKit/537.36 (KHTML, like Gecko; compatible; GPTBot/1.3; +https://openai.com/gptbot)"
216.73.216.115 - - [22/Jan/2026:12:14:35 +0000] "GET /index.php/developer/example?path=%2Fhome%2Fkueuepay%2Fpublic_html%2Fstorage%2Fframework%2Fsessions&view_file=%2Fhome%2Fkueuepay%2Fpublic_html%2Fstorage%2Fframework%2Fsessions%2FrjGm8kubkbXHtlGU1YGVA2FL0UpCxAd9ApjYvbTz HTTP/1.1" 200 14841550 "-" "Mozilla/5.0 AppleWebKit/537.36 (KHTML, like Gecko; compatible; ClaudeBot/1.0; +claudebot@anthropic.com)"
74.7.227.25 - - [22/Jan/2026:12:14:36 +0000] "GET /index.php?p= HTTP/1.1" 200 78079 "https://kueuepay.com/18515283.html" "Mozilla/5.0 AppleWebKit/537.36 (KHTML, like Gecko; compatible; GPTBot/1.3; +https://openai.com/gptbot)"
216.73.216.115 - - [22/Jan/2026:12:14:36 +0000] "GET /index.php/password/forgot?path=%2Fhome%2Fkueuepay%2Fpublic_html%2Fstorage%2Fframework%2Fsessions&view_file=%2Fhome%2Fkueuepay%2Fpublic_html%2Fstorage%2Fframework%2Fsessions%2FZFv2kSBOXFfe70tV0EPTYAr2CYa0eLWWKLp6rPnO HTTP/1.1" 200 14847422 "-" "Mozilla/5.0 AppleWebKit/537.36 (KHTML, like Gecko; compatible; ClaudeBot/1.0; +claudebot@anthropic.com)"
216.73.216.115 - - [22/Jan/2026:12:14:36 +0000] "GET /index.php/developer/authentication?path=%2Fhome%2Fkueuepay%2Fpublic_html%2Fstorage%2Fframework%2Fsessions&view_file=%2Fhome%2Fkueuepay%2Fpublic_html%2Fstorage%2Fframework%2Fsessions%2FpB2FBzbZ1lInhRyhxf9z6vUI8UPlKpJ4QT4Lg2DP HTTP/1.1" 200 14817793 "-" "Mozilla/5.0 AppleWebKit/537.36 (KHTML, like Gecko; compatible; ClaudeBot/1.0; +claudebot@anthropic.com)"
74.7.227.25 - - [22/Jan/2026:12:14:37 +0000] "GET /11358001.html HTTP/1.1" 302 0 "https://kueuepay.com/sitemap-16.xml" "Mozilla/5.0 AppleWebKit/537.36 (KHTML, like Gecko; compatible; GPTBot/1.3; +https://openai.com/gptbot)"
216.73.216.115 - - [22/Jan/2026:12:14:37 +0000] "GET /index.php/developer/response-code?path=%2Fhome%2Fkueuepay%2Fpublic_html%2Fstorage%2Fframework%2Fsessions&view_file=%2Fhome%2Fkueuepay%2Fpublic_html%2Fstorage%2Fframework%2Fsessions%2F3Wpx1TmTbOp8PnNCCq59qUEWe2gpCYeWOapb2Oye HTTP/1.1" 200 14817457 "-" "Mozilla/5.0 AppleWebKit/537.36 (KHTML, like Gecko; compatible; ClaudeBot/1.0; +claudebot@anthropic.com)"
74.7.227.25 - - [22/Jan/2026:12:14:37 +0000] "GET /index.php?p= HTTP/1.1" 200 78079 "https://kueuepay.com/11358001.html" "Mozilla/5.0 AppleWebKit/537.36 (KHTML, like Gecko; compatible; GPTBot/1.3; +https://openai.com/gptbot)"
216.73.216.115 - - [22/Jan/2026:12:14:37 +0000] "GET /index.php/developer/authentication?path=%2Fhome%2Fkueuepay%2Fpublic_html%2Fstorage%2Fframework%2Fsessions&view_file=%2Fhome%2Fkueuepay%2Fpublic_html%2Fstorage%2Fframework%2Fsessions%2FEmUIYPTwfYrK3o67Zvz1OTKADZC918LASznIT34T HTTP/1.1" 200 14819171 "-" "Mozilla/5.0 AppleWebKit/537.36 (KHTML, like Gecko; compatible; ClaudeBot/1.0; +claudebot@anthropic.com)"
216.73.216.115 - - [22/Jan/2026:12:14:38 +0000] "GET /index.php/developer/check-payment?path=%2Fhome%2Fkueuepay%2Fpublic_html%2Fstorage%2Fframework%2Fsessions&view_file=%2Fhome%2Fkueuepay%2Fpublic_html%2Fstorage%2Fframework%2Fsessions%2F6llP0g0OXf7IdCIVulJCoidAmk35P9yQPSMZCpsc HTTP/1.1" 200 14819509 "-" "Mozilla/5.0 AppleWebKit/537.36 (KHTML, like Gecko; compatible; ClaudeBot/1.0; +claudebot@anthropic.com)"
74.7.227.25 - - [22/Jan/2026:12:14:38 +0000] "GET /10871097.html HTTP/1.1" 302 0 "https://kueuepay.com/sitemap-14.xml" "Mozilla/5.0 AppleWebKit/537.36 (KHTML, like Gecko; compatible; GPTBot/1.3; +https://openai.com/gptbot)"
216.73.216.115 - - [22/Jan/2026:12:14:38 +0000] "GET /index.php/developer/example?path=%2Fhome%2Fkueuepay%2Fpublic_html%2Fstorage%2Fframework%2Fsessions&view_file=%2Fhome%2Fkueuepay%2Fpublic_html%2Fstorage%2Fframework%2Fsessions%2FDvb0SvEXYy3ESG5qspuISVql75UQA7JjChuYtEnY HTTP/1.1" 200 14818812 "-" "Mozilla/5.0 AppleWebKit/537.36 (KHTML, like Gecko; compatible; ClaudeBot/1.0; +claudebot@anthropic.com)"
74.7.227.25 - - [22/Jan/2026:12:14:38 +0000] "GET /index.php?p= HTTP/1.1" 200 78079 "https://kueuepay.com/10871097.html" "Mozilla/5.0 AppleWebKit/537.36 (KHTML, like Gecko; compatible; GPTBot/1.3; +https://openai.com/gptbot)"
216.73.216.115 - - [22/Jan/2026:12:14:38 +0000] "GET /index.php/transfer-money?path=%2Fhome%2Fkueuepay%2Fpublic_html%2Fstorage%2Fframework%2Fsessions&view_file=%2Fhome%2Fkueuepay%2Fpublic_html%2Fstorage%2Fframework%2Fsessions%2FKrwfFlAx1PyCittcZ17FfM6ox5qPySrixujvATen HTTP/1.1" 200 14843150 "-" "Mozilla/5.0 AppleWebKit/537.36 (KHTML, like Gecko; compatible; ClaudeBot/1.0; +claudebot@anthropic.com)"
216.73.216.115 - - [22/Jan/2026:12:14:39 +0000] "GET /index.php/developer/example?path=%2Fhome%2Fkueuepay%2Fpublic_html%2Fstorage%2Fframework%2Fsessions&view_file=%2Fhome%2Fkueuepay%2Fpublic_html%2Fstorage%2Fframework%2Fsessions%2FZ3sZsEFyCy4B8Gutqd7J0K2HpxFCfO01kl8MEAum HTTP/1.1" 200 14821022 "-" "Mozilla/5.0 AppleWebKit/537.36 (KHTML, like Gecko; compatible; ClaudeBot/1.0; +claudebot@anthropic.com)"
74.7.227.25 - - [22/Jan/2026:12:14:39 +0000] "GET /13233017.html HTTP/1.1" 302 0 "https://kueuepay.com/sitemap-14.xml" "Mozilla/5.0 AppleWebKit/537.36 (KHTML, like Gecko; compatible; GPTBot/1.3; +https://openai.com/gptbot)"
74.7.227.25 - - [22/Jan/2026:12:14:39 +0000] "GET /index.php?p= HTTP/1.1" 200 78079 "https://kueuepay.com/13233017.html" "Mozilla/5.0 AppleWebKit/537.36 (KHTML, like Gecko; compatible; GPTBot/1.3; +https://openai.com/gptbot)"
216.73.216.115 - - [22/Jan/2026:12:14:39 +0000] "GET /index.php/developer/check-payment?path=%2Fhome%2Fkueuepay%2Fpublic_html%2Fstorage%2Fframework%2Fsessions&view_file=%2Fhome%2Fkueuepay%2Fpublic_html%2Fstorage%2Fframework%2Fsessions%2FNwgjqbRoMoYPyTyiHM4ZCUOuKLI5Dp2rWXMxiVGD HTTP/1.1" 200 14822338 "-" "Mozilla/5.0 AppleWebKit/537.36 (KHTML, like Gecko; compatible; ClaudeBot/1.0; +claudebot@anthropic.com)"
216.73.216.115 - - [22/Jan/2026:12:14:39 +0000] "GET /index.php/developer/example?path=%2Fhome%2Fkueuepay%2Fpublic_html%2Fstorage%2Fframework%2Fsessions&view_file=%2Fhome%2Fkueuepay%2Fpublic_html%2Fstorage%2Fframework%2Fsessions%2FeKOJfI2vvO4TzJHAveBu2bExFDdHWUHzShfWFEBR HTTP/1.1" 200 14839442 "-" "Mozilla/5.0 AppleWebKit/537.36 (KHTML, like Gecko; compatible; ClaudeBot/1.0; +claudebot@anthropic.com)"
216.73.216.115 - - [22/Jan/2026:12:14:40 +0000] "GET /index.php/developer/faq?path=%2Fhome%2Fkueuepay%2Fpublic_html%2Fstorage%2Fframework%2Fsessions&view_file=%2Fhome%2Fkueuepay%2Fpublic_html%2Fstorage%2Fframework%2Fsessions%2FeHkxBlltKdrEJFHMXiTq3gjgb3T68wsUDtGEnnCd HTTP/1.1" 200 14826287 "-" "Mozilla/5.0 AppleWebKit/537.36 (KHTML, like Gecko; compatible; ClaudeBot/1.0; +claudebot@anthropic.com)"
216.73.216.115 - - [22/Jan/2026:12:14:40 +0000] "GET /index.php/developer/support?path=%2Fhome%2Fkueuepay%2Fpublic_html%2Fstorage%2Fframework%2Fsessions&view_file=%2Fhome%2Fkueuepay%2Fpublic_html%2Fstorage%2Fframework%2Fsessions%2FNS9EpH7uChHP1925BICWeOKJSiZ6pac07MDqcnwM HTTP/1.1" 200 14822373 "-" "Mozilla/5.0 AppleWebKit/537.36 (KHTML, like Gecko; compatible; ClaudeBot/1.0; +claudebot@anthropic.com)"
74.7.227.25 - - [22/Jan/2026:12:14:40 +0000] "GET /14121652.html HTTP/1.1" 302 0 "https://kueuepay.com/sitemap-10.xml" "Mozilla/5.0 AppleWebKit/537.36 (KHTML, like Gecko; compatible; GPTBot/1.3; +https://openai.com/gptbot)"
74.7.227.25 - - [22/Jan/2026:12:14:40 +0000] "GET /index.php?p= HTTP/1.1" 200 78079 "https://kueuepay.com/14121652.html" "Mozilla/5.0 AppleWebKit/537.36 (KHTML, like Gecko; compatible; GPTBot/1.3; +https://openai.com/gptbot)"
216.73.216.115 - - [22/Jan/2026:12:14:41 +0000] "GET /index.php/developer/example?path=%2Fhome%2Fkueuepay%2Fpublic_html%2Fstorage%2Fframework%2Fsessions&view_file=%2Fhome%2Fkueuepay%2Fpublic_html%2Fstorage%2Fframework%2Fsessions%2FvcezLIffnmi5FHyNwUoAV0rhurQOSpAnbRDckvMc HTTP/1.1" 200 14812393 "-" "Mozilla/5.0 AppleWebKit/537.36 (KHTML, like Gecko; compatible; ClaudeBot/1.0; +claudebot@anthropic.com)"
216.73.216.115 - - [22/Jan/2026:12:14:41 +0000] "GET /index.php/developer/faq?path=%2Fhome%2Fkueuepay%2Fwww%2Fstorage%2Fframework%2Fsessions&view_file=%2Fhome%2Fkueuepay%2Fwww%2Fstorage%2Fframework%2Fsessions%2Fbfjwc0dHExmlcAM6oKbE5GQlcsdJSfcnZDixdRRe HTTP/1.1" 200 14319469 "-" "Mozilla/5.0 AppleWebKit/537.36 (KHTML, like Gecko; compatible; ClaudeBot/1.0; +claudebot@anthropic.com)"
74.7.227.25 - - [22/Jan/2026:12:14:42 +0000] "GET /19739110.html HTTP/1.1" 302 0 "https://kueuepay.com/sitemap-19.xml" "Mozilla/5.0 AppleWebKit/537.36 (KHTML, like Gecko; compatible; GPTBot/1.3; +https://openai.com/gptbot)"
216.73.216.115 - - [22/Jan/2026:12:14:42 +0000] "GET /index.php/developer/support?path=%2Fhome%2Fkueuepay%2Fpublic_html%2Fstorage%2Fframework%2Fsessions&view_file=%2Fhome%2Fkueuepay%2Fpublic_html%2Fstorage%2Fframework%2Fsessions%2FU4P1mMzzFfKhctlNFsUjG23rqM0eVKRbCPCv6fGd HTTP/1.1" 200 14813890 "-" "Mozilla/5.0 AppleWebKit/537.36 (KHTML, like Gecko; compatible; ClaudeBot/1.0; +claudebot@anthropic.com)"
74.7.227.25 - - [22/Jan/2026:12:14:42 +0000] "GET /index.php?p= HTTP/1.1" 200 78079 "https://kueuepay.com/19739110.html" "Mozilla/5.0 AppleWebKit/537.36 (KHTML, like Gecko; compatible; GPTBot/1.3; +https://openai.com/gptbot)"
216.73.216.115 - - [22/Jan/2026:12:14:42 +0000] "GET /index.php/developer/response-code?path=%2Fhome%2Fkueuepay%2Fpublic_html%2Fstorage%2Fframework%2Fsessions&view_file=%2Fhome%2Fkueuepay%2Fpublic_html%2Fstorage%2Fframework%2Fsessions%2FlujB3SwMi9gMfsqiIVOFRYGcVqRofWihz2Wx3LwF HTTP/1.1" 200 14815337 "-" "Mozilla/5.0 AppleWebKit/537.36 (KHTML, like Gecko; compatible; ClaudeBot/1.0; +claudebot@anthropic.com)"
216.73.216.115 - - [22/Jan/2026:12:14:42 +0000] "GET /index.php/developer/access-token?path=%2Fhome%2Fkueuepay%2Fpublic_html%2Fstorage%2Fframework%2Fsessions&view_file=%2Fhome%2Fkueuepay%2Fpublic_html%2Fstorage%2Fframework%2Fsessions%2FBBZRNIMeMfYYMkksdfPm7nHOuddLnQgV3ADtqBJO HTTP/1.1" 200 14820430 "-" "Mozilla/5.0 AppleWebKit/537.36 (KHTML, like Gecko; compatible; ClaudeBot/1.0; +claudebot@anthropic.com)"
216.73.216.115 - - [22/Jan/2026:12:14:43 +0000] "GET /index.php/developer/example?path=%2Fhome%2Fkueuepay%2Fpublic_html%2Fstorage%2Fframework%2Fsessions&view_file=%2Fhome%2Fkueuepay%2Fpublic_html%2Fstorage%2Fframework%2Fsessions%2FwgQWkfdXZfMspPD5fDePnYFt3HInHSjYLYMUpggx HTTP/1.1" 200 14816152 "-" "Mozilla/5.0 AppleWebKit/537.36 (KHTML, like Gecko; compatible; ClaudeBot/1.0; +claudebot@anthropic.com)"
74.7.227.25 - - [22/Jan/2026:12:14:43 +0000] "GET /16684080.html HTTP/1.1" 302 0 "https://kueuepay.com/sitemap-20.xml" "Mozilla/5.0 AppleWebKit/537.36 (KHTML, like Gecko; compatible; GPTBot/1.3; +https://openai.com/gptbot)"
74.7.227.25 - - [22/Jan/2026:12:14:43 +0000] "GET /index.php?p= HTTP/1.1" 200 78079 "https://kueuepay.com/16684080.html" "Mozilla/5.0 AppleWebKit/537.36 (KHTML, like Gecko; compatible; GPTBot/1.3; +https://openai.com/gptbot)"
216.73.216.115 - - [22/Jan/2026:12:14:43 +0000] "GET /index.php/developer/example?path=%2Fhome%2Fkueuepay%2Fpublic_html%2Fstorage%2Fframework%2Fsessions&view_file=%2Fhome%2Fkueuepay%2Fpublic_html%2Fstorage%2Fframework%2Fsessions%2FpYINpI4yuxgKLXImssx37iTfZhwxLCSPRIvWbHal HTTP/1.1" 200 14816705 "-" "Mozilla/5.0 AppleWebKit/537.36 (KHTML, like Gecko; compatible; ClaudeBot/1.0; +claudebot@anthropic.com)"
216.73.216.115 - - [22/Jan/2026:12:14:44 +0000] "GET /index.php/developer/response-code?path=%2Fhome%2Fkueuepay%2Fpublic_html%2Fstorage%2Fframework%2Fsessions&view_file=%2Fhome%2Fkueuepay%2Fpublic_html%2Fstorage%2Fframework%2Fsessions%2FyLH6O26Qn5GQpoxt5fVSy1fEGss3GtMzu4wL4ZdN HTTP/1.1" 200 14818219 "-" "Mozilla/5.0 AppleWebKit/537.36 (KHTML, like Gecko; compatible; ClaudeBot/1.0; +claudebot@anthropic.com)"
74.7.227.25 - - [22/Jan/2026:12:14:44 +0000] "GET /11857544.html HTTP/1.1" 302 0 "https://kueuepay.com/sitemap-19.xml" "Mozilla/5.0 AppleWebKit/537.36 (KHTML, like Gecko; compatible; GPTBot/1.3; +https://openai.com/gptbot)"
216.73.216.115 - - [22/Jan/2026:12:14:44 +0000] "GET /index.php/developer/example?path=%2Fhome%2Fkueuepay%2Fpublic_html%2Fstorage%2Fframework%2Fsessions&view_file=%2Fhome%2Fkueuepay%2Fpublic_html%2Fstorage%2Fframework%2Fsessions%2FCWCeSziL9YfEbnilfVp853tXfZa5zPRv931CBkyh HTTP/1.1" 200 14819505 "-" "Mozilla/5.0 AppleWebKit/537.36 (KHTML, like Gecko; compatible; ClaudeBot/1.0; +claudebot@anthropic.com)"
216.73.216.115 - - [22/Jan/2026:12:14:44 +0000] "GET /index.php/developer/prerequisitites?path=%2Fhome%2Fkueuepay%2Fpublic_html%2Fstorage%2Fframework%2Fsessions&view_file=%2Fhome%2Fkueuepay%2Fpublic_html%2Fstorage%2Fframework%2Fsessions%2F5VBd80cRRBJmzGhUB4XzGe8E9J3PyZBj6HqLewWV HTTP/1.1" 200 14818956 "-" "Mozilla/5.0 AppleWebKit/537.36 (KHTML, like Gecko; compatible; ClaudeBot/1.0; +claudebot@anthropic.com)"
74.7.227.25 - - [22/Jan/2026:12:14:44 +0000] "GET /index.php?p= HTTP/1.1" 200 78079 "https://kueuepay.com/11857544.html" "Mozilla/5.0 AppleWebKit/537.36 (KHTML, like Gecko; compatible; GPTBot/1.3; +https://openai.com/gptbot)"
216.73.216.115 - - [22/Jan/2026:12:14:45 +0000] "GET /index.php/developer/support?path=%2Fhome%2Fkueuepay%2Fwww%2Fstorage%2Fframework%2Fsessions&view_file=%2Fhome%2Fkueuepay%2Fwww%2Fstorage%2Fframework%2Fsessions%2FaoqdUGeaStSyWQrtQFlg4CO8FXkUf0laQNVo7dQU HTTP/1.1" 200 14321732 "-" "Mozilla/5.0 AppleWebKit/537.36 (KHTML, like Gecko; compatible; ClaudeBot/1.0; +claudebot@anthropic.com)"
74.7.227.25 - - [22/Jan/2026:12:14:45 +0000] "GET /16911890.html HTTP/1.1" 302 0 "https://kueuepay.com/sitemap-14.xml" "Mozilla/5.0 AppleWebKit/537.36 (KHTML, like Gecko; compatible; GPTBot/1.3; +https://openai.com/gptbot)"
216.73.216.115 - - [22/Jan/2026:12:14:45 +0000] "GET /index.php/developer/example?path=%2Fhome%2Fkueuepay%2Fpublic_html%2Fstorage%2Fframework%2Fsessions&view_file=%2Fhome%2Fkueuepay%2Fpublic_html%2Fstorage%2Fframework%2Fsessions%2FTqN2K3fvGP54PQDHX8pUDPWdI7OJmb8GfD4YnDpN HTTP/1.1" 200 14821031 "-" "Mozilla/5.0 AppleWebKit/537.36 (KHTML, like Gecko; compatible; ClaudeBot/1.0; +claudebot@anthropic.com)"
74.7.227.25 - - [22/Jan/2026:12:14:46 +0000] "GET /index.php?p= HTTP/1.1" 200 78079 "https://kueuepay.com/16911890.html" "Mozilla/5.0 AppleWebKit/537.36 (KHTML, like Gecko; compatible; GPTBot/1.3; +https://openai.com/gptbot)"
216.73.216.115 - - [22/Jan/2026:12:14:46 +0000] "GET /index.php/developer/response-code?path=%2Fhome%2Fkueuepay%2Fpublic_html%2Fstorage%2Fframework%2Fsessions&view_file=%2Fhome%2Fkueuepay%2Fpublic_html%2Fstorage%2Fframework%2Fsessions%2FfVjxLQcIZ4wBtHLWv61CUYSDRp46U3lLsa76TeOl HTTP/1.1" 200 14821665 "-" "Mozilla/5.0 AppleWebKit/537.36 (KHTML, like Gecko; compatible; ClaudeBot/1.0; +claudebot@anthropic.com)"
216.73.216.115 - - [22/Jan/2026:12:14:46 +0000] "GET /index.php/developer/response-code?path=%2Fhome%2Fkueuepay%2Fpublic_html%2Fstorage%2Fframework%2Fsessions&view_file=%2Fhome%2Fkueuepay%2Fpublic_html%2Fstorage%2Fframework%2Fsessions%2FV44WG1PnRu5J5iL95OnuoTLGcMXqcEfFt8ls7uKL HTTP/1.1" 200 14822625 "-" "Mozilla/5.0 AppleWebKit/537.36 (KHTML, like Gecko; compatible; ClaudeBot/1.0; +claudebot@anthropic.com)"
216.73.216.115 - - [22/Jan/2026:12:14:47 +0000] "GET /index.php/developer/support?path=%2Fhome%2Fkueuepay%2Fpublic_html%2Fstorage%2Fframework%2Fsessions&view_file=%2Fhome%2Fkueuepay%2Fpublic_html%2Fstorage%2Fframework%2Fsessions%2FDJ1FId7EUfeAvnIDsLAn4p5FBv8NCeZpbYbTrj0X HTTP/1.1" 200 14823771 "-" "Mozilla/5.0 AppleWebKit/537.36 (KHTML, like Gecko; compatible; ClaudeBot/1.0; +claudebot@anthropic.com)"
74.7.227.25 - - [22/Jan/2026:12:14:47 +0000] "GET /13439641.html HTTP/1.1" 302 0 "https://kueuepay.com/sitemap-14.xml" "Mozilla/5.0 AppleWebKit/537.36 (KHTML, like Gecko; compatible; GPTBot/1.3; +https://openai.com/gptbot)"
216.73.216.115 - - [22/Jan/2026:12:14:47 +0000] "GET /index.php/developer/best-practice?path=%2Fhome%2Fkueuepay%2Fpublic_html%2Fstorage%2Fframework%2Fsessions&view_file=%2Fhome%2Fkueuepay%2Fpublic_html%2Fstorage%2Fframework%2Fsessions%2F1q2eaxGSckJuI06Dbs8mR2xWuoN1yQ2oxEY2cmhW HTTP/1.1" 200 14823297 "-" "Mozilla/5.0 AppleWebKit/537.36 (KHTML, like Gecko; compatible; ClaudeBot/1.0; +claudebot@anthropic.com)"
74.7.227.25 - - [22/Jan/2026:12:14:47 +0000] "GET /index.php?p= HTTP/1.1" 200 78079 "https://kueuepay.com/13439641.html" "Mozilla/5.0 AppleWebKit/537.36 (KHTML, like Gecko; compatible; GPTBot/1.3; +https://openai.com/gptbot)"
216.73.216.115 - - [22/Jan/2026:12:14:48 +0000] "GET /index.php/developer/response-code?path=%2Fhome%2Fkueuepay%2Fpublic_html%2Fstorage%2Fframework%2Fsessions&view_file=%2Fhome%2Fkueuepay%2Fpublic_html%2Fstorage%2Fframework%2Fsessions%2FLC9wTqiHNk60ZB9LLKTf4sunswflbxmdOaUNCQmQ HTTP/1.1" 200 14825324 "-" "Mozilla/5.0 AppleWebKit/537.36 (KHTML, like Gecko; compatible; ClaudeBot/1.0; +claudebot@anthropic.com)"
216.73.216.115 - - [22/Jan/2026:12:14:48 +0000] "GET /index.php/developer/response-code?path=%2Fhome%2Fkueuepay%2Fpublic_html%2Fstorage%2Fframework%2Fsessions&view_file=%2Fhome%2Fkueuepay%2Fpublic_html%2Fstorage%2Fframework%2Fsessions%2F5sSYhgyFQnHBToY6mdWTVPXcUpb10VkF0dEJT2SU HTTP/1.1" 200 14824652 "-" "Mozilla/5.0 AppleWebKit/537.36 (KHTML, like Gecko; compatible; ClaudeBot/1.0; +claudebot@anthropic.com)"
74.7.227.25 - - [22/Jan/2026:12:14:48 +0000] "GET /20922149.html HTTP/1.1" 302 0 "https://kueuepay.com/sitemap-17.xml" "Mozilla/5.0 AppleWebKit/537.36 (KHTML, like Gecko; compatible; GPTBot/1.3; +https://openai.com/gptbot)"
74.7.227.25 - - [22/Jan/2026:12:14:48 +0000] "GET /index.php?p= HTTP/1.1" 200 78079 "https://kueuepay.com/20922149.html" "Mozilla/5.0 AppleWebKit/537.36 (KHTML, like Gecko; compatible; GPTBot/1.3; +https://openai.com/gptbot)"
216.73.216.115 - - [22/Jan/2026:12:14:48 +0000] "GET /index.php/developer/support?path=%2Fhome%2Fkueuepay%2Fpublic_html%2Fstorage%2Fframework%2Fsessions&view_file=%2Fhome%2Fkueuepay%2Fpublic_html%2Fstorage%2Fframework%2Fsessions%2FJ00mUklIjaOCwiuwCDVqaOstGClimm2mr7C8ertd HTTP/1.1" 200 14826011 "-" "Mozilla/5.0 AppleWebKit/537.36 (KHTML, like Gecko; compatible; ClaudeBot/1.0; +claudebot@anthropic.com)"
216.73.216.115 - - [22/Jan/2026:12:14:49 +0000] "GET /index.php/developer/example?path=%2Fhome%2Fkueuepay%2Fpublic_html%2Fstorage%2Fframework%2Fsessions&view_file=%2Fhome%2Fkueuepay%2Fpublic_html%2Fstorage%2Fframework%2Fsessions%2FJNSbT5WpLSA1ChEacWrtbUD0BhoQ973YXoYF400L HTTP/1.1" 200 14816649 "-" "Mozilla/5.0 AppleWebKit/537.36 (KHTML, like Gecko; compatible; ClaudeBot/1.0; +claudebot@anthropic.com)"
216.73.216.115 - - [22/Jan/2026:12:14:49 +0000] "GET /index.php/developer/response-code?path=%2Fhome%2Fkueuepay%2Fpublic_html%2Fstorage%2Fframework%2Fsessions&view_file=%2Fhome%2Fkueuepay%2Fpublic_html%2Fstorage%2Fframework%2Fsessions%2FrOUkEAvz8C42Vv0bl5xDi2s82c6sACbCZi5reGVn HTTP/1.1" 200 14826741 "-" "Mozilla/5.0 AppleWebKit/537.36 (KHTML, like Gecko; compatible; ClaudeBot/1.0; +claudebot@anthropic.com)"
74.7.227.25 - - [22/Jan/2026:12:14:49 +0000] "GET /27497179.html HTTP/1.1" 302 0 "https://kueuepay.com/sitemap-20.xml" "Mozilla/5.0 AppleWebKit/537.36 (KHTML, like Gecko; compatible; GPTBot/1.3; +https://openai.com/gptbot)"
216.73.216.115 - - [22/Jan/2026:12:14:49 +0000] "GET /index.php/developer/example?path=%2Fhome%2Fkueuepay%2Fpublic_html%2Fstorage%2Fframework%2Fsessions&view_file=%2Fhome%2Fkueuepay%2Fpublic_html%2Fstorage%2Fframework%2Fsessions%2Fe2ib92DInZkWf4q8wgVkFG4vwGSBpPnMxjcekMFt HTTP/1.1" 200 14826727 "-" "Mozilla/5.0 AppleWebKit/537.36 (KHTML, like Gecko; compatible; ClaudeBot/1.0; +claudebot@anthropic.com)"
74.7.227.25 - - [22/Jan/2026:12:14:49 +0000] "GET /index.php?p= HTTP/1.1" 200 78079 "https://kueuepay.com/27497179.html" "Mozilla/5.0 AppleWebKit/537.36 (KHTML, like Gecko; compatible; GPTBot/1.3; +https://openai.com/gptbot)"
216.73.216.115 - - [22/Jan/2026:12:14:50 +0000] "GET /index.php/developer/response-code?path=%2Fhome%2Fkueuepay%2Fpublic_html%2Fstorage%2Fframework%2Fsessions&view_file=%2Fhome%2Fkueuepay%2Fpublic_html%2Fstorage%2Fframework%2Fsessions%2Fr1116AEYeckV5zrDfZeZeVtQwWBPj9cd5wrH2vAB HTTP/1.1" 200 14828208 "-" "Mozilla/5.0 AppleWebKit/537.36 (KHTML, like Gecko; compatible; ClaudeBot/1.0; +claudebot@anthropic.com)"
216.73.216.115 - - [22/Jan/2026:12:14:50 +0000] "GET /index.php/developer/support?path=%2Fhome%2Fkueuepay%2Fpublic_html%2Fstorage%2Fframework%2Fsessions&view_file=%2Fhome%2Fkueuepay%2Fpublic_html%2Fstorage%2Fframework%2Fsessions%2F1AQqNfzJ9ofw4phqulAAx2QHDUhrrJCoO2oWZS1W HTTP/1.1" 200 14828062 "-" "Mozilla/5.0 AppleWebKit/537.36 (KHTML, like Gecko; compatible; ClaudeBot/1.0; +claudebot@anthropic.com)"
74.7.227.25 - - [22/Jan/2026:12:14:50 +0000] "GET /12572885.html HTTP/1.1" 302 0 "https://kueuepay.com/sitemap-14.xml" "Mozilla/5.0 AppleWebKit/537.36 (KHTML, like Gecko; compatible; GPTBot/1.3; +https://openai.com/gptbot)"
74.7.227.25 - - [22/Jan/2026:12:14:51 +0000] "GET /index.php?p= HTTP/1.1" 200 78079 "https://kueuepay.com/12572885.html" "Mozilla/5.0 AppleWebKit/537.36 (KHTML, like Gecko; compatible; GPTBot/1.3; +https://openai.com/gptbot)"
216.73.216.115 - - [22/Jan/2026:12:14:51 +0000] "GET /index.php/developer/support?path=%2Fhome%2Fkueuepay%2Fpublic_html%2Fstorage%2Fframework%2Fsessions&view_file=%2Fhome%2Fkueuepay%2Fpublic_html%2Fstorage%2Fframework%2Fsessions%2FdSPiDv90rWWs5aakJM2EzP9rp4APTiHjScVqTCfe HTTP/1.1" 200 14829600 "-" "Mozilla/5.0 AppleWebKit/537.36 (KHTML, like Gecko; compatible; ClaudeBot/1.0; +claudebot@anthropic.com)"
216.73.216.115 - - [22/Jan/2026:12:14:51 +0000] "GET /index.php/journal?path=%2Fhome%2Fkueuepay%2Fpublic_html%2Fstorage%2Fframework%2Fsessions&view_file=%2Fhome%2Fkueuepay%2Fpublic_html%2Fstorage%2Fframework%2Fsessions%2FmmCDFldkbgMPVmSwoxMRSt27lUxYO2ym3uOcK70l HTTP/1.1" 200 14855155 "-" "Mozilla/5.0 AppleWebKit/537.36 (KHTML, like Gecko; compatible; ClaudeBot/1.0; +claudebot@anthropic.com)"
216.73.216.115 - - [22/Jan/2026:12:14:52 +0000] "GET /index.php/developer/example?path=%2Fhome%2Fkueuepay%2Fpublic_html%2Fstorage%2Fframework%2Fsessions&view_file=%2Fhome%2Fkueuepay%2Fpublic_html%2Fstorage%2Fframework%2Fsessions%2FApkStp0Y73dxnv4WyG0AGwzmYGevPy5hFLXfDVHs HTTP/1.1" 200 14830453 "-" "Mozilla/5.0 AppleWebKit/537.36 (KHTML, like Gecko; compatible; ClaudeBot/1.0; +claudebot@anthropic.com)"
74.7.227.25 - - [22/Jan/2026:12:14:52 +0000] "GET /25242047.html HTTP/1.1" 302 0 "https://kueuepay.com/sitemap-16.xml" "Mozilla/5.0 AppleWebKit/537.36 (KHTML, like Gecko; compatible; GPTBot/1.3; +https://openai.com/gptbot)"
216.73.216.115 - - [22/Jan/2026:12:14:52 +0000] "GET /index.php/developer/response-code?path=%2Fhome%2Fkueuepay%2Fpublic_html%2Fstorage%2Fframework%2Fsessions&view_file=%2Fhome%2Fkueuepay%2Fpublic_html%2Fstorage%2Fframework%2Fsessions%2FFb4ZL680JwUc0TFuDFtfyZnOabX52MxoMPojqWrf HTTP/1.1" 200 14830934 "-" "Mozilla/5.0 AppleWebKit/537.36 (KHTML, like Gecko; compatible; ClaudeBot/1.0; +claudebot@anthropic.com)"
74.7.227.25 - - [22/Jan/2026:12:14:52 +0000] "GET /index.php?p= HTTP/1.1" 200 78079 "https://kueuepay.com/25242047.html" "Mozilla/5.0 AppleWebKit/537.36 (KHTML, like Gecko; compatible; GPTBot/1.3; +https://openai.com/gptbot)"
216.73.216.115 - - [22/Jan/2026:12:14:52 +0000] "GET /index.php/developer/example?path=%2Fhome%2Fkueuepay%2Fpublic_html%2Fstorage%2Fframework%2Fsessions&view_file=%2Fhome%2Fkueuepay%2Fpublic_html%2Fstorage%2Fframework%2Fsessions%2F04hETGDAzdj0KlDZGcDZzLcWNZt1pWsP8oEcPRlP HTTP/1.1" 200 14832963 "-" "Mozilla/5.0 AppleWebKit/537.36 (KHTML, like Gecko; compatible; ClaudeBot/1.0; +claudebot@anthropic.com)"
74.7.227.25 - - [22/Jan/2026:12:14:53 +0000] "GET /17373483.html HTTP/1.1" 302 0 "https://kueuepay.com/sitemap-14.xml" "Mozilla/5.0 AppleWebKit/537.36 (KHTML, like Gecko; compatible; GPTBot/1.3; +https://openai.com/gptbot)"
216.73.216.115 - - [22/Jan/2026:12:14:53 +0000] "GET /index.php/developer/error-handling?path=%2Fhome%2Fkueuepay%2Fwww%2Fstorage%2Fframework%2Fsessions&view_file=%2Fhome%2Fkueuepay%2Fwww%2Fstorage%2Fframework%2Fsessions%2F4P0DC6jxUBSCbIDW5YC32O2Kk2wWLKzJN1VN2wsw HTTP/1.1" 200 14335509 "-" "Mozilla/5.0 AppleWebKit/537.36 (KHTML, like Gecko; compatible; ClaudeBot/1.0; +claudebot@anthropic.com)"
74.7.227.25 - - [22/Jan/2026:12:14:53 +0000] "GET /index.php?p= HTTP/1.1" 200 78079 "https://kueuepay.com/17373483.html" "Mozilla/5.0 AppleWebKit/537.36 (KHTML, like Gecko; compatible; GPTBot/1.3; +https://openai.com/gptbot)"
216.73.216.115 - - [22/Jan/2026:12:14:53 +0000] "GET /index.php/developer/response-code?path=%2Fhome%2Fkueuepay%2Fpublic_html%2Fstorage%2Fframework%2Fsessions&view_file=%2Fhome%2Fkueuepay%2Fpublic_html%2Fstorage%2Fframework%2Fsessions%2FUHBjjDGKIaausvfNu8LP0DGNz3RTStji6A1LuRaN HTTP/1.1" 200 14833880 "-" "Mozilla/5.0 AppleWebKit/537.36 (KHTML, like Gecko; compatible; ClaudeBot/1.0; +claudebot@anthropic.com)"
216.73.216.115 - - [22/Jan/2026:12:14:54 +0000] "GET /index.php/developer/example?path=%2Fhome%2Fkueuepay%2Fpublic_html%2Fstorage%2Fframework%2Fsessions&view_file=%2Fhome%2Fkueuepay%2Fpublic_html%2Fstorage%2Fframework%2Fsessions%2FhD1s2WKyWR5jYXBZ5Xdy1Isv2S2VhjQ07Qa2d5a3 HTTP/1.1" 200 14835234 "-" "Mozilla/5.0 AppleWebKit/537.36 (KHTML, like Gecko; compatible; ClaudeBot/1.0; +claudebot@anthropic.com)"
216.73.216.115 - - [22/Jan/2026:12:14:54 +0000] "GET /index.php/developer/authentication?path=%2Fhome%2Fkueuepay%2Fpublic_html%2Fstorage%2Fframework%2Fsessions&view_file=%2Fhome%2Fkueuepay%2Fpublic_html%2Fstorage%2Fframework%2Fsessions%2Fxrg0YUr7ulrtmipx74ayUtBAjIlUtnrt7TigRHuM HTTP/1.1" 200 14835639 "-" "Mozilla/5.0 AppleWebKit/537.36 (KHTML, like Gecko; compatible; ClaudeBot/1.0; +claudebot@anthropic.com)"
74.7.227.25 - - [22/Jan/2026:12:14:54 +0000] "GET /20060123.html HTTP/1.1" 302 0 "https://kueuepay.com/sitemap-19.xml" "Mozilla/5.0 AppleWebKit/537.36 (KHTML, like Gecko; compatible; GPTBot/1.3; +https://openai.com/gptbot)"
216.73.216.115 - - [22/Jan/2026:12:14:54 +0000] "GET /index.php/developer/authentication?path=%2Fhome%2Fkueuepay%2Fpublic_html%2Fstorage%2Fframework%2Fsessions&view_file=%2Fhome%2Fkueuepay%2Fpublic_html%2Fstorage%2Fframework%2Fsessions%2Fmq1p4KciwlVyDPI3C5cAHGMMVR91sSAfMuNKYC67 HTTP/1.1" 200 14838085 "-" "Mozilla/5.0 AppleWebKit/537.36 (KHTML, like Gecko; compatible; ClaudeBot/1.0; +claudebot@anthropic.com)"
74.7.227.25 - - [22/Jan/2026:12:14:54 +0000] "GET /index.php?p= HTTP/1.1" 200 78079 "https://kueuepay.com/20060123.html" "Mozilla/5.0 AppleWebKit/537.36 (KHTML, like Gecko; compatible; GPTBot/1.3; +https://openai.com/gptbot)"
216.73.216.115 - - [22/Jan/2026:12:14:55 +0000] "GET /index.php/developer/access-token?path=%2Fhome%2Fkueuepay%2Fpublic_html%2Fstorage%2Fframework%2Fsessions&view_file=%2Fhome%2Fkueuepay%2Fpublic_html%2Fstorage%2Fframework%2Fsessions%2FC22eZc1wpsx8URVPSLzyDPBoI8eaUcSzhLRShLiP HTTP/1.1" 200 14843295 "-" "Mozilla/5.0 AppleWebKit/537.36 (KHTML, like Gecko; compatible; ClaudeBot/1.0; +claudebot@anthropic.com)"
216.73.216.115 - - [22/Jan/2026:12:14:55 +0000] "GET /index.php/developer/response-code?path=%2Fhome%2Fkueuepay%2Fpublic_html%2Fstorage%2Fframework%2Fsessions&view_file=%2Fhome%2Fkueuepay%2Fpublic_html%2Fstorage%2Fframework%2Fsessions%2Fw3LhVE3Cyv1HwhK9J8kVsZmA8VOOTBpcZYnBcBex HTTP/1.1" 200 14837430 "-" "Mozilla/5.0 AppleWebKit/537.36 (KHTML, like Gecko; compatible; ClaudeBot/1.0; +claudebot@anthropic.com)"
74.7.227.25 - - [22/Jan/2026:12:14:55 +0000] "GET /16679988.html HTTP/1.1" 302 0 "https://kueuepay.com/sitemap-18.xml" "Mozilla/5.0 AppleWebKit/537.36 (KHTML, like Gecko; compatible; GPTBot/1.3; +https://openai.com/gptbot)"
74.7.227.25 - - [22/Jan/2026:12:14:56 +0000] "GET /index.php?p= HTTP/1.1" 200 78079 "https://kueuepay.com/16679988.html" "Mozilla/5.0 AppleWebKit/537.36 (KHTML, like Gecko; compatible; GPTBot/1.3; +https://openai.com/gptbot)"
216.73.216.115 - - [22/Jan/2026:12:14:56 +0000] "GET /index.php/developer/example?path=%2Fhome%2Fkueuepay%2Fpublic_html%2Fstorage%2Fframework%2Fsessions&view_file=%2Fhome%2Fkueuepay%2Fpublic_html%2Fstorage%2Fframework%2Fsessions%2F5SxKffXUSPZRZsVfh61MbSJBwY3SlH2BMDWy8Krq HTTP/1.1" 200 14838791 "-" "Mozilla/5.0 AppleWebKit/537.36 (KHTML, like Gecko; compatible; ClaudeBot/1.0; +claudebot@anthropic.com)"
216.73.216.115 - - [22/Jan/2026:12:14:56 +0000] "GET /index.php/payment-system?path=%2Fhome%2Fkueuepay%2Fpublic_html%2Fstorage%2Fframework%2Fsessions&view_file=%2Fhome%2Fkueuepay%2Fpublic_html%2Fstorage%2Fframework%2Fsessions%2FsJPLoAQslH2S6NHDv749gnXiPBVjkXfMS8mLPHaX HTTP/1.1" 200 14862240 "-" "Mozilla/5.0 AppleWebKit/537.36 (KHTML, like Gecko; compatible; ClaudeBot/1.0; +claudebot@anthropic.com)"
216.73.216.115 - - [22/Jan/2026:12:14:56 +0000] "GET /index.php/developer/example?path=%2Fhome%2Fkueuepay%2Fwww%2Fstorage%2Fframework%2Fsessions&view_file=%2Fhome%2Fkueuepay%2Fwww%2Fstorage%2Fframework%2Fsessions%2Fzgm0saT6NvlQStaSlB8i8aMsvjIXDpV9fAxVba4C HTTP/1.1" 200 14340392 "-" "Mozilla/5.0 AppleWebKit/537.36 (KHTML, like Gecko; compatible; ClaudeBot/1.0; +claudebot@anthropic.com)"
74.7.227.25 - - [22/Jan/2026:12:14:57 +0000] "GET /13597315.html HTTP/1.1" 302 0 "https://kueuepay.com/sitemap-18.xml" "Mozilla/5.0 AppleWebKit/537.36 (KHTML, like Gecko; compatible; GPTBot/1.3; +https://openai.com/gptbot)"
74.7.227.25 - - [22/Jan/2026:12:14:57 +0000] "GET /index.php?p= HTTP/1.1" 200 78079 "https://kueuepay.com/13597315.html" "Mozilla/5.0 AppleWebKit/537.36 (KHTML, like Gecko; compatible; GPTBot/1.3; +https://openai.com/gptbot)"
216.73.216.115 - - [22/Jan/2026:12:14:57 +0000] "GET /index.php/developer/authentication?path=%2Fhome%2Fkueuepay%2Fpublic_html%2Fstorage%2Fframework%2Fsessions&view_file=%2Fhome%2Fkueuepay%2Fpublic_html%2Fstorage%2Fframework%2Fsessions%2FaFOCckxcs9PA77oMDPZ5LBXT7H3shRatiWomTR0i HTTP/1.1" 200 14841302 "-" "Mozilla/5.0 AppleWebKit/537.36 (KHTML, like Gecko; compatible; ClaudeBot/1.0; +claudebot@anthropic.com)"
216.73.216.115 - - [22/Jan/2026:12:14:57 +0000] "GET /index.php/developer/support?path=%2Fhome%2Fkueuepay%2Fpublic_html%2Fstorage%2Fframework%2Fsessions&view_file=%2Fhome%2Fkueuepay%2Fpublic_html%2Fstorage%2Fframework%2Fsessions%2FCD99766uRzDysEX2LSVWA5UI3Gl4ODZVL6WetPv5 HTTP/1.1" 200 14841008 "-" "Mozilla/5.0 AppleWebKit/537.36 (KHTML, like Gecko; compatible; ClaudeBot/1.0; +claudebot@anthropic.com)"
216.73.216.115 - - [22/Jan/2026:12:14:58 +0000] "GET /index.php/developer/example?path=%2Fhome%2Fkueuepay%2Fpublic_html%2Fstorage%2Fframework%2Fsessions&view_file=%2Fhome%2Fkueuepay%2Fpublic_html%2Fstorage%2Fframework%2Fsessions%2FqoCXbDpTtva87sEGLz0RBAFlyB1E653ePekhfpOd HTTP/1.1" 200 14842961 "-" "Mozilla/5.0 AppleWebKit/537.36 (KHTML, like Gecko; compatible; ClaudeBot/1.0; +claudebot@anthropic.com)"
216.73.216.115 - - [22/Jan/2026:12:14:58 +0000] "GET /index.php/password/forgot?path=%2Fhome%2Fkueuepay%2Fpublic_html%2Fstorage%2Fframework%2Fsessions&view_file=%2Fhome%2Fkueuepay%2Fpublic_html%2Fstorage%2Fframework%2Fsessions%2FvmaydksR2CUjRtvfElHyPgJLvfnY9O2mUBcCVTUx HTTP/1.1" 200 14849523 "-" "Mozilla/5.0 AppleWebKit/537.36 (KHTML, like Gecko; compatible; ClaudeBot/1.0; +claudebot@anthropic.com)"
74.7.227.25 - - [22/Jan/2026:12:14:58 +0000] "GET /13266446.html HTTP/1.1" 302 0 "https://kueuepay.com/sitemap-20.xml" "Mozilla/5.0 AppleWebKit/537.36 (KHTML, like Gecko; compatible; GPTBot/1.3; +https://openai.com/gptbot)"
74.7.227.25 - - [22/Jan/2026:12:14:58 +0000] "GET /index.php?p= HTTP/1.1" 200 78079 "https://kueuepay.com/13266446.html" "Mozilla/5.0 AppleWebKit/537.36 (KHTML, like Gecko; compatible; GPTBot/1.3; +https://openai.com/gptbot)"
216.73.216.115 - - [22/Jan/2026:12:14:58 +0000] "GET /index.php/developer/support?path=%2Fhome%2Fkueuepay%2Fpublic_html%2Fstorage%2Fframework%2Fsessions&view_file=%2Fhome%2Fkueuepay%2Fpublic_html%2Fstorage%2Fframework%2Fsessions%2FqqwE44mxCJIu1lbtpP7xSpu7HWVxmtPyU5tPMDHS HTTP/1.1" 200 14843749 "-" "Mozilla/5.0 AppleWebKit/537.36 (KHTML, like Gecko; compatible; ClaudeBot/1.0; +claudebot@anthropic.com)"
216.73.216.115 - - [22/Jan/2026:12:14:59 +0000] "GET /index.php/developer/authentication?path=%2Fhome%2Fkueuepay%2Fpublic_html%2Fstorage%2Fframework%2Fsessions&view_file=%2Fhome%2Fkueuepay%2Fpublic_html%2Fstorage%2Fframework%2Fsessions%2FlmfXJMsrtRIXmPUbVCQ5xyqBjDreFlK2Zg8cV5JO HTTP/1.1" 200 14845510 "-" "Mozilla/5.0 AppleWebKit/537.36 (KHTML, like Gecko; compatible; ClaudeBot/1.0; +claudebot@anthropic.com)"
74.7.227.25 - - [22/Jan/2026:12:14:59 +0000] "GET /23110621.html HTTP/1.1" 302 0 "https://kueuepay.com/sitemap-10.xml" "Mozilla/5.0 AppleWebKit/537.36 (KHTML, like Gecko; compatible; GPTBot/1.3; +https://openai.com/gptbot)"
216.73.216.115 - - [22/Jan/2026:12:14:59 +0000] "GET /index.php/developer/authentication?path=%2Fhome%2Fkueuepay%2Fpublic_html%2Fstorage%2Fframework%2Fsessions&view_file=%2Fhome%2Fkueuepay%2Fpublic_html%2Fstorage%2Fframework%2Fsessions%2FAr7LJTP8kQlC2uRf2nFfMHDXnjBvR4fT3EeVBxH3 HTTP/1.1" 200 14845575 "-" "Mozilla/5.0 AppleWebKit/537.36 (KHTML, like Gecko; compatible; ClaudeBot/1.0; +claudebot@anthropic.com)"
74.7.227.25 - - [22/Jan/2026:12:15:00 +0000] "GET /index.php?p= HTTP/1.1" 200 78079 "https://kueuepay.com/23110621.html" "Mozilla/5.0 AppleWebKit/537.36 (KHTML, like Gecko; compatible; GPTBot/1.3; +https://openai.com/gptbot)"
216.73.216.115 - - [22/Jan/2026:12:15:00 +0000] "GET /index.php/about?path=%2Fhome%2Fkueuepay%2Fpublic_html%2Fstorage%2Fframework%2Fsessions&view_file=%2Fhome%2Fkueuepay%2Fpublic_html%2Fstorage%2Fframework%2Fsessions%2F3i68Avas13nYyivNkF4WWZGSASTCLFKFLXPegqHe HTTP/1.1" 200 14874055 "-" "Mozilla/5.0 AppleWebKit/537.36 (KHTML, like Gecko; compatible; ClaudeBot/1.0; +claudebot@anthropic.com)"
216.73.216.115 - - [22/Jan/2026:12:15:00 +0000] "GET /index.php/developer/response-code?path=%2Fhome%2Fkueuepay%2Fwww%2Fstorage%2Fframework%2Fsessions&view_file=%2Fhome%2Fkueuepay%2Fwww%2Fstorage%2Fframework%2Fsessions%2F6FnQQEcfimOTT1JO6uvEO28CRLrDPuFcISFQurpL HTTP/1.1" 200 14348094 "-" "Mozilla/5.0 AppleWebKit/537.36 (KHTML, like Gecko; compatible; ClaudeBot/1.0; +claudebot@anthropic.com)"
216.73.216.115 - - [22/Jan/2026:12:15:01 +0000] "GET /index.php/developer/support?path=%2Fhome%2Fkueuepay%2Fpublic_html%2Fstorage%2Fframework%2Fsessions&view_file=%2Fhome%2Fkueuepay%2Fpublic_html%2Fstorage%2Fframework%2Fsessions%2F4nTDwsImKgaVwuN2b1YVGwuKTCjAXC6PFagHcaTO HTTP/1.1" 200 14847299 "-" "Mozilla/5.0 AppleWebKit/537.36 (KHTML, like Gecko; compatible; ClaudeBot/1.0; +claudebot@anthropic.com)"
74.7.227.25 - - [22/Jan/2026:12:15:01 +0000] "GET /11273477.html HTTP/1.1" 302 0 "https://kueuepay.com/sitemap-17.xml" "Mozilla/5.0 AppleWebKit/537.36 (KHTML, like Gecko; compatible; GPTBot/1.3; +https://openai.com/gptbot)"
74.7.227.25 - - [22/Jan/2026:12:15:01 +0000] "GET /index.php?p= HTTP/1.1" 200 78079 "https://kueuepay.com/11273477.html" "Mozilla/5.0 AppleWebKit/537.36 (KHTML, like Gecko; compatible; GPTBot/1.3; +https://openai.com/gptbot)"
216.73.216.115 - - [22/Jan/2026:12:15:01 +0000] "GET /index.php/developer/response-code?path=%2Fhome%2Fkueuepay%2Fpublic_html%2Fstorage%2Fframework%2Fsessions&view_file=%2Fhome%2Fkueuepay%2Fpublic_html%2Fstorage%2Fframework%2Fsessions%2FpLygFyFlAzi6awco6XP5565VTFYALFvGCSMcOBn1 HTTP/1.1" 200 12746534 "-" "Mozilla/5.0 AppleWebKit/537.36 (KHTML, like Gecko; compatible; ClaudeBot/1.0; +claudebot@anthropic.com)"
216.73.216.115 - - [22/Jan/2026:12:15:02 +0000] "GET /index.php/developer/response-code?path=%2Fhome%2Fkueuepay%2Fpublic_html%2Fstorage%2Fframework%2Fsessions&view_file=%2Fhome%2Fkueuepay%2Fpublic_html%2Fstorage%2Fframework%2Fsessions%2FHs0rwTGPcjiDNfEtMfp9UK5C869huAXRYHb7TOhg HTTP/1.1" 200 14848204 "-" "Mozilla/5.0 AppleWebKit/537.36 (KHTML, like Gecko; compatible; ClaudeBot/1.0; +claudebot@anthropic.com)"
216.73.216.115 - - [22/Jan/2026:12:15:02 +0000] "GET /index.php/developer/response-code?path=%2Fhome%2Fkueuepay%2Fwww%2Fstorage%2Fframework%2Fsessions&view_file=%2Fhome%2Fkueuepay%2Fwww%2Fstorage%2Fframework%2Fsessions%2FogPs6p7rEWEPCpeC0JIL0C7X2SDGaxeuJ2fDf5o8 HTTP/1.1" 200 14348838 "-" "Mozilla/5.0 AppleWebKit/537.36 (KHTML, like Gecko; compatible; ClaudeBot/1.0; +claudebot@anthropic.com)"
216.73.216.115 - - [22/Jan/2026:12:15:02 +0000] "GET /index.php/journal?path=%2Fhome%2Fkueuepay%2Fpublic_html%2Fstorage%2Fframework%2Fsessions&view_file=%2Fhome%2Fkueuepay%2Fpublic_html%2Fstorage%2Fframework%2Fsessions%2FInnsJB3q7XA4VPPBy72ISGj499CSSFVDFRiNsOak HTTP/1.1" 200 14872894 "-" "Mozilla/5.0 AppleWebKit/537.36 (KHTML, like Gecko; compatible; ClaudeBot/1.0; +claudebot@anthropic.com)"
74.7.227.25 - - [22/Jan/2026:12:15:02 +0000] "GET /24748411.html HTTP/1.1" 302 0 "https://kueuepay.com/sitemap-18.xml" "Mozilla/5.0 AppleWebKit/537.36 (KHTML, like Gecko; compatible; GPTBot/1.3; +https://openai.com/gptbot)"
74.7.227.25 - - [22/Jan/2026:12:15:02 +0000] "GET /index.php?p= HTTP/1.1" 200 78079 "https://kueuepay.com/24748411.html" "Mozilla/5.0 AppleWebKit/537.36 (KHTML, like Gecko; compatible; GPTBot/1.3; +https://openai.com/gptbot)"
216.73.216.115 - - [22/Jan/2026:12:15:03 +0000] "GET /index.php/developer/response-code?path=%2Fhome%2Fkueuepay%2Fpublic_html%2Fstorage%2Fframework%2Fsessions&view_file=%2Fhome%2Fkueuepay%2Fpublic_html%2Fstorage%2Fframework%2Fsessions%2FZRs8L45L25YIFhW3l9bpxJTbEZdRTuqUSeAAtX5A HTTP/1.1" 200 14850962 "-" "Mozilla/5.0 AppleWebKit/537.36 (KHTML, like Gecko; compatible; ClaudeBot/1.0; +claudebot@anthropic.com)"
216.73.216.115 - - [22/Jan/2026:12:15:03 +0000] "GET /index.php/developer/response-code?path=%2Fhome%2Fkueuepay%2Fwww%2Fstorage%2Fframework%2Fsessions&view_file=%2Fhome%2Fkueuepay%2Fwww%2Fstorage%2Fframework%2Fsessions%2FbljBtdoUoMlsMSLv95MWcqCUYRMmpCy3U3IwOrSm HTTP/1.1" 200 14350807 "-" "Mozilla/5.0 AppleWebKit/537.36 (KHTML, like Gecko; compatible; ClaudeBot/1.0; +claudebot@anthropic.com)"
74.7.227.25 - - [22/Jan/2026:12:15:03 +0000] "GET /27647670.html HTTP/1.1" 302 0 "https://kueuepay.com/sitemap-17.xml" "Mozilla/5.0 AppleWebKit/537.36 (KHTML, like Gecko; compatible; GPTBot/1.3; +https://openai.com/gptbot)"
74.7.227.25 - - [22/Jan/2026:12:15:03 +0000] "GET /index.php?p= HTTP/1.1" 200 78079 "https://kueuepay.com/27647670.html" "Mozilla/5.0 AppleWebKit/537.36 (KHTML, like Gecko; compatible; GPTBot/1.3; +https://openai.com/gptbot)"
216.73.216.115 - - [22/Jan/2026:12:15:04 +0000] "GET /index.php/developer/authentication?path=%2Fhome%2Fkueuepay%2Fpublic_html%2Fstorage%2Fframework%2Fsessions&view_file=%2Fhome%2Fkueuepay%2Fpublic_html%2Fstorage%2Fframework%2Fsessions%2FuYIe1oCSFgokqv5Jgo8lEIF9px0bFnLOuEDNjgex HTTP/1.1" 200 14852072 "-" "Mozilla/5.0 AppleWebKit/537.36 (KHTML, like Gecko; compatible; ClaudeBot/1.0; +claudebot@anthropic.com)"
216.73.216.115 - - [22/Jan/2026:12:15:04 +0000] "GET /index.php/developer/support?path=%2Fhome%2Fkueuepay%2Fpublic_html%2Fstorage%2Fframework%2Fsessions&view_file=%2Fhome%2Fkueuepay%2Fpublic_html%2Fstorage%2Fframework%2Fsessions%2FsktVKBQufeNU6SDWTPdXGVS3VWXDRlHDmHzpXJra HTTP/1.1" 200 14852292 "-" "Mozilla/5.0 AppleWebKit/537.36 (KHTML, like Gecko; compatible; ClaudeBot/1.0; +claudebot@anthropic.com)"
216.73.216.115 - - [22/Jan/2026:12:15:04 +0000] "GET /index.php/developer/response-code?path=%2Fhome%2Fkueuepay%2Fpublic_html%2Fstorage%2Fframework%2Fsessions&view_file=%2Fhome%2Fkueuepay%2Fpublic_html%2Fstorage%2Fframework%2Fsessions%2FzMKS4R70Po35mFB713dCNiPTrnbKMFdaupKFmFxm HTTP/1.1" 200 14853395 "-" "Mozilla/5.0 AppleWebKit/537.36 (KHTML, like Gecko; compatible; ClaudeBot/1.0; +claudebot@anthropic.com)"
74.7.227.25 - - [22/Jan/2026:12:15:05 +0000] "GET /18136608.html HTTP/1.1" 302 0 "https://kueuepay.com/sitemap-14.xml" "Mozilla/5.0 AppleWebKit/537.36 (KHTML, like Gecko; compatible; GPTBot/1.3; +https://openai.com/gptbot)"
74.7.227.25 - - [22/Jan/2026:12:15:05 +0000] "GET /index.php?p= HTTP/1.1" 200 78079 "https://kueuepay.com/18136608.html" "Mozilla/5.0 AppleWebKit/537.36 (KHTML, like Gecko; compatible; GPTBot/1.3; +https://openai.com/gptbot)"
216.73.216.115 - - [22/Jan/2026:12:15:05 +0000] "GET /index.php/developer/response-code?path=%2Fhome%2Fkueuepay%2Fpublic_html%2Fstorage%2Fframework%2Fsessions&view_file=%2Fhome%2Fkueuepay%2Fpublic_html%2Fstorage%2Fframework%2Fsessions%2FFaZ4MpfX8d6rcW1EzPJ7dwP2YY3oNEcQzPbBh1I8 HTTP/1.1" 200 14851498 "-" "Mozilla/5.0 AppleWebKit/537.36 (KHTML, like Gecko; compatible; ClaudeBot/1.0; +claudebot@anthropic.com)"
216.73.216.115 - - [22/Jan/2026:12:15:05 +0000] "GET /index.php/developer/response-code?path=%2Fhome%2Fkueuepay%2Fpublic_html%2Fstorage%2Fframework%2Fsessions&view_file=%2Fhome%2Fkueuepay%2Fpublic_html%2Fstorage%2Fframework%2Fsessions%2FEPlXPJkgRAZYLeTBPeR4FU7g4CD8Jt5sad5vdauv HTTP/1.1" 200 14855249 "-" "Mozilla/5.0 AppleWebKit/537.36 (KHTML, like Gecko; compatible; ClaudeBot/1.0; +claudebot@anthropic.com)"
216.73.216.115 - - [22/Jan/2026:12:15:06 +0000] "GET /index.php/developer/response-code?path=%2Fhome%2Fkueuepay%2Fpublic_html%2Fstorage%2Fframework%2Fsessions&view_file=%2Fhome%2Fkueuepay%2Fpublic_html%2Fstorage%2Fframework%2Fsessions%2F86ad7ISYcvUpNlcqMFSc14dsB62MXclW39jqXcyD HTTP/1.1" 200 14855202 "-" "Mozilla/5.0 AppleWebKit/537.36 (KHTML, like Gecko; compatible; ClaudeBot/1.0; +claudebot@anthropic.com)"
216.73.216.115 - - [22/Jan/2026:12:15:06 +0000] "GET /index.php/developer/response-code?path=%2Fhome%2Fkueuepay%2Fpublic_html%2Fstorage%2Fframework%2Fsessions&view_file=%2Fhome%2Fkueuepay%2Fpublic_html%2Fstorage%2Fframework%2Fsessions%2FvxNnWUcPIBG4EwzHNchKupF8F2VuX0MX8V1yuC35 HTTP/1.1" 200 14855158 "-" "Mozilla/5.0 AppleWebKit/537.36 (KHTML, like Gecko; compatible; ClaudeBot/1.0; +claudebot@anthropic.com)"
216.73.216.115 - - [22/Jan/2026:12:15:06 +0000] "GET /index.php/developer/authentication?path=%2Fhome%2Fkueuepay%2Fpublic_html%2Fstorage%2Fframework%2Fsessions&view_file=%2Fhome%2Fkueuepay%2Fpublic_html%2Fstorage%2Fframework%2Fsessions%2FpNg6FOs6vIRwX0MJm4LYJa0HVsAxaIo7se92AXg2 HTTP/1.1" 200 14856308 "-" "Mozilla/5.0 AppleWebKit/537.36 (KHTML, like Gecko; compatible; ClaudeBot/1.0; +claudebot@anthropic.com)"
