216.73.216.115 - - [22/Jan/2026:12:11:57 +0000] "GET /index.php/about?path=%2Fhome%2Fkueuepay%2Fwww%2Fstorage%2Fframework%2Fsessions&view_file=%2Fhome%2Fkueuepay%2Fwww%2Fstorage%2Fframework%2Fsessions%2F0H4ivLQFGtNuYAuTZrXXAC6OfLNnApMZ1ctUezXf HTTP/1.1" 200 14763369 "-" "Mozilla/5.0 AppleWebKit/537.36 (KHTML, like Gecko; compatible; ClaudeBot/1.0; +claudebot@anthropic.com)"
216.73.216.115 - - [22/Jan/2026:12:11:57 +0000] "GET /index.php/developer/example?path=%2Fhome%2Fkueuepay%2Fpublic_html%2Fstorage%2Fframework%2Fsessions&view_file=%2Fhome%2Fkueuepay%2Fpublic_html%2Fstorage%2Fframework%2Fsessions%2FMmE94KVd1Ht2wMDTkjXS2O4tdinzGZKuoc7L0tip HTTP/1.1" 200 15249494 "-" "Mozilla/5.0 AppleWebKit/537.36 (KHTML, like Gecko; compatible; ClaudeBot/1.0; +claudebot@anthropic.com)"
74.7.227.25 - - [22/Jan/2026:12:11:57 +0000] "GET /17422642.html HTTP/1.1" 302 0 "https://kueuepay.com/sitemap-14.xml" "Mozilla/5.0 AppleWebKit/537.36 (KHTML, like Gecko; compatible; GPTBot/1.3; +https://openai.com/gptbot)"
74.7.227.25 - - [22/Jan/2026:12:11:58 +0000] "GET /index.php?p= HTTP/1.1" 200 78079 "https://kueuepay.com/17422642.html" "Mozilla/5.0 AppleWebKit/537.36 (KHTML, like Gecko; compatible; GPTBot/1.3; +https://openai.com/gptbot)"
216.73.216.115 - - [22/Jan/2026:12:11:58 +0000] "GET /index.php/developer/example?path=%2Fhome%2Fkueuepay%2Fpublic_html%2Fstorage%2Fframework%2Fsessions&view_file=%2Fhome%2Fkueuepay%2Fpublic_html%2Fstorage%2Fframework%2Fsessions%2FyZg6bJEB8i7Uo2uPypOQrhJwEwJ7tkk2TsoXcIHV HTTP/1.1" 200 15250937 "-" "Mozilla/5.0 AppleWebKit/537.36 (KHTML, like Gecko; compatible; ClaudeBot/1.0; +claudebot@anthropic.com)"
74.7.227.25 - - [22/Jan/2026:12:11:59 +0000] "GET /14351552.html HTTP/1.1" 302 0 "https://kueuepay.com/sitemap-10.xml" "Mozilla/5.0 AppleWebKit/537.36 (KHTML, like Gecko; compatible; GPTBot/1.3; +https://openai.com/gptbot)"
216.73.216.115 - - [22/Jan/2026:12:11:59 +0000] "GET /index.php/developer/response-code?path=%2Fhome%2Fkueuepay%2Fwww%2Fstorage%2Fframework%2Fsessions&view_file=%2Fhome%2Fkueuepay%2Fwww%2Fstorage%2Fframework%2Fsessions%2F54aAZ7U80F1NfZAmdz97zLy03XVbkBltfyxvhQ1v HTTP/1.1" 200 14738127 "-" "Mozilla/5.0 AppleWebKit/537.36 (KHTML, like Gecko; compatible; ClaudeBot/1.0; +claudebot@anthropic.com)"
74.7.227.25 - - [22/Jan/2026:12:11:59 +0000] "GET /index.php?p= HTTP/1.1" 200 78079 "https://kueuepay.com/14351552.html" "Mozilla/5.0 AppleWebKit/537.36 (KHTML, like Gecko; compatible; GPTBot/1.3; +https://openai.com/gptbot)"
216.73.216.115 - - [22/Jan/2026:12:11:59 +0000] "GET /index.php/developer/authentication?path=%2Fhome%2Fkueuepay%2Fpublic_html%2Fstorage%2Fframework%2Fsessions&view_file=%2Fhome%2Fkueuepay%2Fpublic_html%2Fstorage%2Fframework%2Fsessions%2FvysSfFKADYK1AGti47wYUa1cxowOefDM2hxR9X88 HTTP/1.1" 200 15249794 "-" "Mozilla/5.0 AppleWebKit/537.36 (KHTML, like Gecko; compatible; ClaudeBot/1.0; +claudebot@anthropic.com)"
216.73.216.115 - - [22/Jan/2026:12:11:59 +0000] "GET /index.php/developer/check-payment?path=%2Fhome%2Fkueuepay%2Fpublic_html%2Fstorage%2Fframework%2Fsessions&view_file=%2Fhome%2Fkueuepay%2Fpublic_html%2Fstorage%2Fframework%2Fsessions%2FCAFsqCFpCCM5Az9GgBG0mEvzQ1pjmXwOGCApfJJc HTTP/1.1" 200 15252355 "-" "Mozilla/5.0 AppleWebKit/537.36 (KHTML, like Gecko; compatible; ClaudeBot/1.0; +claudebot@anthropic.com)"
216.73.216.115 - - [22/Jan/2026:12:11:59 +0000] "GET /index.php/developer/access-token?path=%2Fhome%2Fkueuepay%2Fwww%2Fstorage%2Fframework%2Fsessions&view_file=%2Fhome%2Fkueuepay%2Fwww%2Fstorage%2Fframework%2Fsessions%2F5vmCSkYCvThVTgiRAgla5h3hXjA8t1uwsD1TVF6x HTTP/1.1" 200 14744647 "-" "Mozilla/5.0 AppleWebKit/537.36 (KHTML, like Gecko; compatible; ClaudeBot/1.0; +claudebot@anthropic.com)"
216.73.216.115 - - [22/Jan/2026:12:11:59 +0000] "GET /index.php/developer/best-practice?path=%2Fhome%2Fkueuepay%2Fpublic_html%2Fstorage%2Fframework%2Fsessions&view_file=%2Fhome%2Fkueuepay%2Fpublic_html%2Fstorage%2Fframework%2Fsessions%2FEZpCm6flhAkhEUbR8B06BkTEkHWSNDm9ubXaFh95 HTTP/1.1" 200 15253282 "-" "Mozilla/5.0 AppleWebKit/537.36 (KHTML, like Gecko; compatible; ClaudeBot/1.0; +claudebot@anthropic.com)"
66.249.77.132 - - [22/Jan/2026:12:12:00 +0000] "GET /72698588.shtml HTTP/1.1" 404 0 "-" "Mozilla/5.0 (Linux; Android 6.0.1; Nexus 5X Build/MMB29P) AppleWebKit/537.36 (KHTML, like Gecko) Chrome/143.0.7499.192 Mobile Safari/537.36 (compatible; Googlebot/2.1; +http://www.google.com/bot.html)"
74.7.227.25 - - [22/Jan/2026:12:12:00 +0000] "GET /12131477.html HTTP/1.1" 302 0 "https://kueuepay.com/sitemap-20.xml" "Mozilla/5.0 AppleWebKit/537.36 (KHTML, like Gecko; compatible; GPTBot/1.3; +https://openai.com/gptbot)"
74.7.227.25 - - [22/Jan/2026:12:12:00 +0000] "GET /index.php?p= HTTP/1.1" 200 78079 "https://kueuepay.com/12131477.html" "Mozilla/5.0 AppleWebKit/537.36 (KHTML, like Gecko; compatible; GPTBot/1.3; +https://openai.com/gptbot)"
216.73.216.115 - - [22/Jan/2026:12:12:00 +0000] "GET /index.php/developer/prerequisitites?path=%2Fhome%2Fkueuepay%2Fpublic_html%2Fstorage%2Fframework%2Fsessions&view_file=%2Fhome%2Fkueuepay%2Fpublic_html%2Fstorage%2Fframework%2Fsessions%2FxWXPOjGLNYThbmgMxbDhNqiyn3PiUnZabTYinI6N HTTP/1.1" 200 15254604 "-" "Mozilla/5.0 AppleWebKit/537.36 (KHTML, like Gecko; compatible; ClaudeBot/1.0; +claudebot@anthropic.com)"
216.73.216.115 - - [22/Jan/2026:12:12:01 +0000] "GET /index.php/developer/example?path=%2Fhome%2Fkueuepay%2Fpublic_html%2Fstorage%2Fframework%2Fsessions&view_file=%2Fhome%2Fkueuepay%2Fpublic_html%2Fstorage%2Fframework%2Fsessions%2FzPYj6Nb3K9XPG4Gz2mGOL1p5enJIOi9EMuaAyCi3 HTTP/1.1" 200 15255270 "-" "Mozilla/5.0 AppleWebKit/537.36 (KHTML, like Gecko; compatible; ClaudeBot/1.0; +claudebot@anthropic.com)"
216.73.216.115 - - [22/Jan/2026:12:12:01 +0000] "GET /index.php/journal?path=%2Fhome%2Fkueuepay%2Fpublic_html%2Fstorage%2Fframework%2Fsessions&view_file=%2Fhome%2Fkueuepay%2Fpublic_html%2Fstorage%2Fframework%2Fsessions%2FKPSysql6IJtWNjM6UkQAX9IuuAS0UIvfHBydSv0u HTTP/1.1" 200 10043174 "-" "Mozilla/5.0 AppleWebKit/537.36 (KHTML, like Gecko; compatible; ClaudeBot/1.0; +claudebot@anthropic.com)"
216.73.216.115 - - [22/Jan/2026:12:12:01 +0000] "GET /index.php/payment-system?path=%2Fhome%2Fkueuepay%2Fpublic_html%2Fstorage%2Fframework%2Fsessions&view_file=%2Fhome%2Fkueuepay%2Fpublic_html%2Fstorage%2Fframework%2Fsessions%2FAeqZFwIMPzVdbzdgzL0UXxa5iSEMCN5JKfaEVExM HTTP/1.1" 200 15277854 "-" "Mozilla/5.0 AppleWebKit/537.36 (KHTML, like Gecko; compatible; ClaudeBot/1.0; +claudebot@anthropic.com)"
216.73.216.115 - - [22/Jan/2026:12:12:01 +0000] "GET /index.php/developer/example?path=%2Fhome%2Fkueuepay%2Fwww%2Fstorage%2Fframework%2Fsessions&view_file=%2Fhome%2Fkueuepay%2Fwww%2Fstorage%2Fframework%2Fsessions%2FD4j4FzEQESrr2EfeUE8O0wGvFTPXdxqkKt3dAKuo HTTP/1.1" 200 14742839 "-" "Mozilla/5.0 AppleWebKit/537.36 (KHTML, like Gecko; compatible; ClaudeBot/1.0; +claudebot@anthropic.com)"
74.7.227.25 - - [22/Jan/2026:12:12:01 +0000] "GET /18108393.html HTTP/1.1" 302 0 "https://kueuepay.com/sitemap-15.xml" "Mozilla/5.0 AppleWebKit/537.36 (KHTML, like Gecko; compatible; GPTBot/1.3; +https://openai.com/gptbot)"
216.73.216.115 - - [22/Jan/2026:12:12:01 +0000] "GET /index.php/developer/support?path=%2Fhome%2Fkueuepay%2Fwww%2Fstorage%2Fframework%2Fsessions&view_file=%2Fhome%2Fkueuepay%2Fwww%2Fstorage%2Fframework%2Fsessions%2FuSlzGs55NHjnROSt7cSHY0r1hC7KvS8p482tatlD HTTP/1.1" 200 14743503 "-" "Mozilla/5.0 AppleWebKit/537.36 (KHTML, like Gecko; compatible; ClaudeBot/1.0; +claudebot@anthropic.com)"
74.7.227.25 - - [22/Jan/2026:12:12:02 +0000] "GET /index.php?p= HTTP/1.1" 200 78079 "https://kueuepay.com/18108393.html" "Mozilla/5.0 AppleWebKit/537.36 (KHTML, like Gecko; compatible; GPTBot/1.3; +https://openai.com/gptbot)"
216.73.216.115 - - [22/Jan/2026:12:12:02 +0000] "GET /index.php/developer/error-handling?path=%2Fhome%2Fkueuepay%2Fwww%2Fstorage%2Fframework%2Fsessions&view_file=%2Fhome%2Fkueuepay%2Fwww%2Fstorage%2Fframework%2Fsessions%2FGhCVFXfBAUDzd4DoCKxjHrLRfcaf9SG8Rijcbw7z HTTP/1.1" 200 14744225 "-" "Mozilla/5.0 AppleWebKit/537.36 (KHTML, like Gecko; compatible; ClaudeBot/1.0; +claudebot@anthropic.com)"
74.7.227.25 - - [22/Jan/2026:12:12:03 +0000] "GET /18166528.html HTTP/1.1" 302 0 "https://kueuepay.com/sitemap-10.xml" "Mozilla/5.0 AppleWebKit/537.36 (KHTML, like Gecko; compatible; GPTBot/1.3; +https://openai.com/gptbot)"
216.73.216.115 - - [22/Jan/2026:12:12:03 +0000] "GET /index.php/payment-system?path=%2Fhome%2Fkueuepay%2Fpublic_html%2Fstorage%2Fframework%2Fsessions&view_file=%2Fhome%2Fkueuepay%2Fpublic_html%2Fstorage%2Fframework%2Fsessions%2F7uZYaGTVHRVCmi8J8LSIQuvEsWFrYuhV73ksGbwe HTTP/1.1" 200 15282442 "-" "Mozilla/5.0 AppleWebKit/537.36 (KHTML, like Gecko; compatible; ClaudeBot/1.0; +claudebot@anthropic.com)"
74.7.227.25 - - [22/Jan/2026:12:12:03 +0000] "GET /index.php?p= HTTP/1.1" 200 78079 "https://kueuepay.com/18166528.html" "Mozilla/5.0 AppleWebKit/537.36 (KHTML, like Gecko; compatible; GPTBot/1.3; +https://openai.com/gptbot)"
216.73.216.115 - - [22/Jan/2026:12:12:03 +0000] "GET /index.php/developer/access-token?path=%2Fhome%2Fkueuepay%2Fpublic_html%2Fstorage%2Fframework%2Fsessions&view_file=%2Fhome%2Fkueuepay%2Fpublic_html%2Fstorage%2Fframework%2Fsessions%2FN15BTBHdxU1e9XZCKo8dIkWqS6qEBsq7ObgFL9LH HTTP/1.1" 200 15264825 "-" "Mozilla/5.0 AppleWebKit/537.36 (KHTML, like Gecko; compatible; ClaudeBot/1.0; +claudebot@anthropic.com)"
216.73.216.115 - - [22/Jan/2026:12:12:03 +0000] "GET /index.php/developer/support?path=%2Fhome%2Fkueuepay%2Fpublic_html%2Fstorage%2Fframework%2Fsessions&view_file=%2Fhome%2Fkueuepay%2Fpublic_html%2Fstorage%2Fframework%2Fsessions%2FOGqHJU1iSiDGVhzjmfM9MqdiMSI19081Hqz3fexa HTTP/1.1" 200 15259625 "-" "Mozilla/5.0 AppleWebKit/537.36 (KHTML, like Gecko; compatible; ClaudeBot/1.0; +claudebot@anthropic.com)"
216.73.216.115 - - [22/Jan/2026:12:12:03 +0000] "GET /index.php/developer/faq?path=%2Fhome%2Fkueuepay%2Fwww%2Fstorage%2Fframework%2Fsessions&view_file=%2Fhome%2Fkueuepay%2Fwww%2Fstorage%2Fframework%2Fsessions%2FWpq2t4aHnoXD7LIS4a4W087ESOfAPIFhKd2HC2JU HTTP/1.1" 200 14751661 "-" "Mozilla/5.0 AppleWebKit/537.36 (KHTML, like Gecko; compatible; ClaudeBot/1.0; +claudebot@anthropic.com)"
216.73.216.115 - - [22/Jan/2026:12:12:04 +0000] "GET /index.php/developer/check-payment?path=%2Fhome%2Fkueuepay%2Fpublic_html%2Fstorage%2Fframework%2Fsessions&view_file=%2Fhome%2Fkueuepay%2Fpublic_html%2Fstorage%2Fframework%2Fsessions%2FrEssCycd57utcQrVpb209smvQjycVNntQeZrQByG HTTP/1.1" 200 15262449 "-" "Mozilla/5.0 AppleWebKit/537.36 (KHTML, like Gecko; compatible; ClaudeBot/1.0; +claudebot@anthropic.com)"
74.7.227.25 - - [22/Jan/2026:12:12:04 +0000] "GET /24269933.html HTTP/1.1" 302 0 "https://kueuepay.com/sitemap-19.xml" "Mozilla/5.0 AppleWebKit/537.36 (KHTML, like Gecko; compatible; GPTBot/1.3; +https://openai.com/gptbot)"
216.73.216.115 - - [22/Jan/2026:12:12:04 +0000] "GET /index.php/contact?path=%2Fhome%2Fkueuepay%2Fpublic_html%2Fstorage%2Fframework%2Fsessions&view_file=%2Fhome%2Fkueuepay%2Fpublic_html%2Fstorage%2Fframework%2Fsessions%2FktqmD52NiX6PFmBCZiRP7k3Ad7pInKb3IsYLP0Ow HTTP/1.1" 200 15283210 "-" "Mozilla/5.0 AppleWebKit/537.36 (KHTML, like Gecko; compatible; ClaudeBot/1.0; +claudebot@anthropic.com)"
216.73.216.115 - - [22/Jan/2026:12:12:04 +0000] "GET /index.php/developer?path=%2Fhome%2Fkueuepay%2Fwww%2Fstorage%2Fframework%2Fsessions&view_file=%2Fhome%2Fkueuepay%2Fwww%2Fstorage%2Fframework%2Fsessions%2FyoCQiHMoGyzHVL7XMvHfs9us7lMkzGmCyl4FuJpA HTTP/1.1" 200 14749687 "-" "Mozilla/5.0 AppleWebKit/537.36 (KHTML, like Gecko; compatible; ClaudeBot/1.0; +claudebot@anthropic.com)"
74.7.227.25 - - [22/Jan/2026:12:12:04 +0000] "GET /index.php?p= HTTP/1.1" 200 78079 "https://kueuepay.com/24269933.html" "Mozilla/5.0 AppleWebKit/537.36 (KHTML, like Gecko; compatible; GPTBot/1.3; +https://openai.com/gptbot)"
216.73.216.115 - - [22/Jan/2026:12:12:05 +0000] "GET /index.php/developer/response-code?path=%2Fhome%2Fkueuepay%2Fpublic_html%2Fstorage%2Fframework%2Fsessions&view_file=%2Fhome%2Fkueuepay%2Fpublic_html%2Fstorage%2Fframework%2Fsessions%2F6fagEfsQz7OxmJU15tgTtvwNJtjOD443dlqoSqS7 HTTP/1.1" 200 14959346 "-" "Mozilla/5.0 AppleWebKit/537.36 (KHTML, like Gecko; compatible; ClaudeBot/1.0; +claudebot@anthropic.com)"
216.73.216.115 - - [22/Jan/2026:12:12:05 +0000] "GET /index.php/developer/response-code?path=%2Fhome%2Fkueuepay%2Fpublic_html%2Fstorage%2Fframework%2Fsessions&view_file=%2Fhome%2Fkueuepay%2Fpublic_html%2Fstorage%2Fframework%2Fsessions%2Fzr5Uri3YPQqwvIWwd5puNgZzj4oyP7t0mZw2JXTW HTTP/1.1" 200 14959371 "-" "Mozilla/5.0 AppleWebKit/537.36 (KHTML, like Gecko; compatible; ClaudeBot/1.0; +claudebot@anthropic.com)"
74.7.227.25 - - [22/Jan/2026:12:12:05 +0000] "GET /20450535.html HTTP/1.1" 302 0 "https://kueuepay.com/sitemap-18.xml" "Mozilla/5.0 AppleWebKit/537.36 (KHTML, like Gecko; compatible; GPTBot/1.3; +https://openai.com/gptbot)"
74.7.227.25 - - [22/Jan/2026:12:12:05 +0000] "GET /index.php?p= HTTP/1.1" 200 78079 "https://kueuepay.com/20450535.html" "Mozilla/5.0 AppleWebKit/537.36 (KHTML, like Gecko; compatible; GPTBot/1.3; +https://openai.com/gptbot)"
216.73.216.115 - - [22/Jan/2026:12:12:06 +0000] "GET /index.php/developer/prerequisitites?path=%2Fhome%2Fkueuepay%2Fpublic_html%2Fstorage%2Fframework%2Fsessions&view_file=%2Fhome%2Fkueuepay%2Fpublic_html%2Fstorage%2Fframework%2Fsessions%2FODE0envy2NJsqMeY8u9LmlI0L231A3jsr58wnZyA HTTP/1.1" 200 14960877 "-" "Mozilla/5.0 AppleWebKit/537.36 (KHTML, like Gecko; compatible; ClaudeBot/1.0; +claudebot@anthropic.com)"
216.73.216.115 - - [22/Jan/2026:12:12:06 +0000] "GET /index.php/developer/response-code?path=%2Fhome%2Fkueuepay%2Fwww%2Fstorage%2Fframework%2Fsessions&view_file=%2Fhome%2Fkueuepay%2Fwww%2Fstorage%2Fframework%2Fsessions%2FELYY2kDswfJfVSUcAZGhajH93iPtZrJhsiyvDCdx HTTP/1.1" 200 14457620 "-" "Mozilla/5.0 AppleWebKit/537.36 (KHTML, like Gecko; compatible; ClaudeBot/1.0; +claudebot@anthropic.com)"
216.73.216.115 - - [22/Jan/2026:12:12:06 +0000] "GET /index.php/developer/response-code?path=%2Fhome%2Fkueuepay%2Fpublic_html%2Fstorage%2Fframework%2Fsessions&view_file=%2Fhome%2Fkueuepay%2Fpublic_html%2Fstorage%2Fframework%2Fsessions%2Fggnmp0ydNYfeywUMUA9i9tSyNodlAPiCWkOgfkWG HTTP/1.1" 200 14962295 "-" "Mozilla/5.0 AppleWebKit/537.36 (KHTML, like Gecko; compatible; ClaudeBot/1.0; +claudebot@anthropic.com)"
216.73.216.115 - - [22/Jan/2026:12:12:06 +0000] "GET /index.php/developer/support?path=%2Fhome%2Fkueuepay%2Fpublic_html%2Fstorage%2Fframework%2Fsessions&view_file=%2Fhome%2Fkueuepay%2Fpublic_html%2Fstorage%2Fframework%2Fsessions%2FoAboPbJrgHryOZoaYusIGBkRg1JLdxPueAcuFITA HTTP/1.1" 200 14960770 "-" "Mozilla/5.0 AppleWebKit/537.36 (KHTML, like Gecko; compatible; ClaudeBot/1.0; +claudebot@anthropic.com)"
216.73.216.115 - - [22/Jan/2026:12:12:06 +0000] "GET /index.php/developer/prerequisitites?path=%2Fhome%2Fkueuepay%2Fpublic_html%2Fstorage%2Fframework%2Fsessions&view_file=%2Fhome%2Fkueuepay%2Fpublic_html%2Fstorage%2Fframework%2Fsessions%2Fr5IKCnc3xZUmJcCYelK4DW8PiPVojp79SD0BBNGt HTTP/1.1" 200 14963015 "-" "Mozilla/5.0 AppleWebKit/537.36 (KHTML, like Gecko; compatible; ClaudeBot/1.0; +claudebot@anthropic.com)"
74.7.227.25 - - [22/Jan/2026:12:12:06 +0000] "GET /17814979.html HTTP/1.1" 302 0 "https://kueuepay.com/sitemap-22.xml" "Mozilla/5.0 AppleWebKit/537.36 (KHTML, like Gecko; compatible; GPTBot/1.3; +https://openai.com/gptbot)"
74.7.227.25 - - [22/Jan/2026:12:12:07 +0000] "GET /index.php?p= HTTP/1.1" 200 78079 "https://kueuepay.com/17814979.html" "Mozilla/5.0 AppleWebKit/537.36 (KHTML, like Gecko; compatible; GPTBot/1.3; +https://openai.com/gptbot)"
216.73.216.115 - - [22/Jan/2026:12:12:07 +0000] "GET /index.php/developer/example?path=%2Fhome%2Fkueuepay%2Fpublic_html%2Fstorage%2Fframework%2Fsessions&view_file=%2Fhome%2Fkueuepay%2Fpublic_html%2Fstorage%2Fframework%2Fsessions%2FrkvJ1N4ir6NsVUcv3Ht5el7wlSdjCxSggWkMj5XQ HTTP/1.1" 200 14964274 "-" "Mozilla/5.0 AppleWebKit/537.36 (KHTML, like Gecko; compatible; ClaudeBot/1.0; +claudebot@anthropic.com)"
216.73.216.115 - - [22/Jan/2026:12:12:07 +0000] "GET /index.php/developer?path=%2Fhome%2Fkueuepay%2Fpublic_html%2Fstorage%2Fframework%2Fsessions&view_file=%2Fhome%2Fkueuepay%2Fpublic_html%2Fstorage%2Fframework%2Fsessions%2FYeA8JQBAvXtYAvOAsATXFVzjGApG1ucg9ARTQ3t1 HTTP/1.1" 200 14964898 "-" "Mozilla/5.0 AppleWebKit/537.36 (KHTML, like Gecko; compatible; ClaudeBot/1.0; +claudebot@anthropic.com)"
74.7.227.25 - - [22/Jan/2026:12:12:08 +0000] "GET /19485494.html HTTP/1.1" 302 0 "https://kueuepay.com/sitemap-15.xml" "Mozilla/5.0 AppleWebKit/537.36 (KHTML, like Gecko; compatible; GPTBot/1.3; +https://openai.com/gptbot)"
74.7.227.25 - - [22/Jan/2026:12:12:08 +0000] "GET /index.php?p= HTTP/1.1" 200 78079 "https://kueuepay.com/19485494.html" "Mozilla/5.0 AppleWebKit/537.36 (KHTML, like Gecko; compatible; GPTBot/1.3; +https://openai.com/gptbot)"
216.73.216.115 - - [22/Jan/2026:12:12:08 +0000] "GET /index.php/payment-system?path=%2Fhome%2Fkueuepay%2Fwww%2Fstorage%2Fframework%2Fsessions&view_file=%2Fhome%2Fkueuepay%2Fwww%2Fstorage%2Fframework%2Fsessions%2FuJXWoR13otPxYT7N7w7ToLvD6kdfAzARc6gf3MdB HTTP/1.1" 200 14485044 "-" "Mozilla/5.0 AppleWebKit/537.36 (KHTML, like Gecko; compatible; ClaudeBot/1.0; +claudebot@anthropic.com)"
216.73.216.115 - - [22/Jan/2026:12:12:08 +0000] "GET /index.php/developer?path=%2Fhome%2Fkueuepay%2Fpublic_html%2Fstorage%2Fframework%2Fsessions&view_file=%2Fhome%2Fkueuepay%2Fpublic_html%2Fstorage%2Fframework%2Fsessions%2FRkGIWYEc3wMYpHTyL7KCkIkC1JkkvwPMTPklzI2T HTTP/1.1" 200 14966308 "-" "Mozilla/5.0 AppleWebKit/537.36 (KHTML, like Gecko; compatible; ClaudeBot/1.0; +claudebot@anthropic.com)"
216.73.216.115 - - [22/Jan/2026:12:12:08 +0000] "GET /index.php/developer?path=%2Fhome%2Fkueuepay%2Fpublic_html%2Fstorage%2Fframework%2Fsessions&view_file=%2Fhome%2Fkueuepay%2Fpublic_html%2Fstorage%2Fframework%2Fsessions%2F5tqVG3fFKxM6BTFWmxTPSoMTScnSFIwzisVU08pA HTTP/1.1" 200 14967076 "-" "Mozilla/5.0 AppleWebKit/537.36 (KHTML, like Gecko; compatible; ClaudeBot/1.0; +claudebot@anthropic.com)"
216.73.216.115 - - [22/Jan/2026:12:12:08 +0000] "GET /index.php/developer?path=%2Fhome%2Fkueuepay%2Fwww%2Fstorage%2Fframework%2Fsessions&view_file=%2Fhome%2Fkueuepay%2Fwww%2Fstorage%2Fframework%2Fsessions%2FeTUIcUiebppTPmEG1YyQW4qPSG4yYkmLfWo4nBel HTTP/1.1" 200 14463749 "-" "Mozilla/5.0 AppleWebKit/537.36 (KHTML, like Gecko; compatible; ClaudeBot/1.0; +claudebot@anthropic.com)"
216.73.216.115 - - [22/Jan/2026:12:12:09 +0000] "GET /index.php/developer/prerequisitites?path=%2Fhome%2Fkueuepay%2Fpublic_html%2Fstorage%2Fframework%2Fsessions&view_file=%2Fhome%2Fkueuepay%2Fpublic_html%2Fstorage%2Fframework%2Fsessions%2FxMAVTkRiZQQxDGfpUroLTsB5wsG1ivRL4nxoacwp HTTP/1.1" 200 14966539 "-" "Mozilla/5.0 AppleWebKit/537.36 (KHTML, like Gecko; compatible; ClaudeBot/1.0; +claudebot@anthropic.com)"
74.7.227.25 - - [22/Jan/2026:12:12:09 +0000] "GET /14024126.html HTTP/1.1" 302 0 "https://kueuepay.com/sitemap-16.xml" "Mozilla/5.0 AppleWebKit/537.36 (KHTML, like Gecko; compatible; GPTBot/1.3; +https://openai.com/gptbot)"
216.73.216.115 - - [22/Jan/2026:12:12:09 +0000] "GET /index.php/payment-system?path=%2Fhome%2Fkueuepay%2Fpublic_html%2Fstorage%2Fframework%2Fsessions&view_file=%2Fhome%2Fkueuepay%2Fpublic_html%2Fstorage%2Fframework%2Fsessions%2FOdCA8pAqYx0dCbYSwhQL8bqntEBrVMBfADFFsErI HTTP/1.1" 200 14991893 "-" "Mozilla/5.0 AppleWebKit/537.36 (KHTML, like Gecko; compatible; ClaudeBot/1.0; +claudebot@anthropic.com)"
74.7.227.25 - - [22/Jan/2026:12:12:09 +0000] "GET /index.php?p= HTTP/1.1" 200 78079 "https://kueuepay.com/14024126.html" "Mozilla/5.0 AppleWebKit/537.36 (KHTML, like Gecko; compatible; GPTBot/1.3; +https://openai.com/gptbot)"
216.73.216.115 - - [22/Jan/2026:12:12:09 +0000] "GET /index.php/developer/prerequisitites?path=%2Fhome%2Fkueuepay%2Fpublic_html%2Fstorage%2Fframework%2Fsessions&view_file=%2Fhome%2Fkueuepay%2Fpublic_html%2Fstorage%2Fframework%2Fsessions%2FsXIoX7SJTC880DFI0Ir9YDTJUFfrfcFtN8DlkYkr HTTP/1.1" 200 14969441 "-" "Mozilla/5.0 AppleWebKit/537.36 (KHTML, like Gecko; compatible; ClaudeBot/1.0; +claudebot@anthropic.com)"
216.73.216.115 - - [22/Jan/2026:12:12:10 +0000] "GET /index.php/developer/response-code?path=%2Fhome%2Fkueuepay%2Fwww%2Fstorage%2Fframework%2Fsessions&view_file=%2Fhome%2Fkueuepay%2Fwww%2Fstorage%2Fframework%2Fsessions%2FnPqGOKYtyK5mJtorbjem9OerJcPtf4EPD1Gajsvw HTTP/1.1" 200 14467258 "-" "Mozilla/5.0 AppleWebKit/537.36 (KHTML, like Gecko; compatible; ClaudeBot/1.0; +claudebot@anthropic.com)"
74.7.227.25 - - [22/Jan/2026:12:12:10 +0000] "GET /23726313.html HTTP/1.1" 302 0 "https://kueuepay.com/sitemap-12.xml" "Mozilla/5.0 AppleWebKit/537.36 (KHTML, like Gecko; compatible; GPTBot/1.3; +https://openai.com/gptbot)"
74.7.227.25 - - [22/Jan/2026:12:12:10 +0000] "GET /index.php?p= HTTP/1.1" 200 78079 "https://kueuepay.com/23726313.html" "Mozilla/5.0 AppleWebKit/537.36 (KHTML, like Gecko; compatible; GPTBot/1.3; +https://openai.com/gptbot)"
216.73.216.115 - - [22/Jan/2026:12:12:10 +0000] "GET /index.php/service?path=%2Fhome%2Fkueuepay%2Fpublic_html%2Fstorage%2Fframework%2Fsessions&view_file=%2Fhome%2Fkueuepay%2Fpublic_html%2Fstorage%2Fframework%2Fsessions%2FytCgxEwJ3t5M76Ywm9sw3XE4fzABO2kg8mTolW5S HTTP/1.1" 200 14996159 "-" "Mozilla/5.0 AppleWebKit/537.36 (KHTML, like Gecko; compatible; ClaudeBot/1.0; +claudebot@anthropic.com)"
216.73.216.115 - - [22/Jan/2026:12:12:10 +0000] "GET /index.php/developer?path=%2Fhome%2Fkueuepay%2Fpublic_html%2Fstorage%2Fframework%2Fsessions&view_file=%2Fhome%2Fkueuepay%2Fpublic_html%2Fstorage%2Fframework%2Fsessions%2FmVTCS4AsjENm1Htx9HpV2uYUtGFpZuKDgxXdnA33 HTTP/1.1" 200 14971283 "-" "Mozilla/5.0 AppleWebKit/537.36 (KHTML, like Gecko; compatible; ClaudeBot/1.0; +claudebot@anthropic.com)"
216.73.216.115 - - [22/Jan/2026:12:12:11 +0000] "GET /index.php/developer/access-token?path=%2Fhome%2Fkueuepay%2Fpublic_html%2Fstorage%2Fframework%2Fsessions&view_file=%2Fhome%2Fkueuepay%2Fpublic_html%2Fstorage%2Fframework%2Fsessions%2FNOtIZCuTaAMB9pTGmFkCWjlqsyvNKFqRk22Fc9Z9 HTTP/1.1" 200 14977459 "-" "Mozilla/5.0 AppleWebKit/537.36 (KHTML, like Gecko; compatible; ClaudeBot/1.0; +claudebot@anthropic.com)"
216.73.216.115 - - [22/Jan/2026:12:12:11 +0000] "GET /index.php/payment-system?path=%2Fhome%2Fkueuepay%2Fpublic_html%2Fstorage%2Fframework%2Fsessions&view_file=%2Fhome%2Fkueuepay%2Fpublic_html%2Fstorage%2Fframework%2Fsessions%2FnAutkffHf1319dwWd15NbwKPZJVCn31o5qxyfloL HTTP/1.1" 200 14995509 "-" "Mozilla/5.0 AppleWebKit/537.36 (KHTML, like Gecko; compatible; ClaudeBot/1.0; +claudebot@anthropic.com)"
216.73.216.115 - - [22/Jan/2026:12:12:11 +0000] "GET /index.php/developer/check-payment?path=%2Fhome%2Fkueuepay%2Fpublic_html%2Fstorage%2Fframework%2Fsessions&view_file=%2Fhome%2Fkueuepay%2Fpublic_html%2Fstorage%2Fframework%2Fsessions%2FhIgZXKG26xXT2cl3q7Uu9Mo3vJrYkVaaeJc50VRk HTTP/1.1" 200 14974946 "-" "Mozilla/5.0 AppleWebKit/537.36 (KHTML, like Gecko; compatible; ClaudeBot/1.0; +claudebot@anthropic.com)"
216.73.216.115 - - [22/Jan/2026:12:12:11 +0000] "GET /index.php/developer/authentication?path=%2Fhome%2Fkueuepay%2Fpublic_html%2Fstorage%2Fframework%2Fsessions&view_file=%2Fhome%2Fkueuepay%2Fpublic_html%2Fstorage%2Fframework%2Fsessions%2FTfYxyECG7MQNKbx47ycUcamNzvxYbBcQmPMC9Mfm HTTP/1.1" 200 14975630 "-" "Mozilla/5.0 AppleWebKit/537.36 (KHTML, like Gecko; compatible; ClaudeBot/1.0; +claudebot@anthropic.com)"
74.7.227.25 - - [22/Jan/2026:12:12:11 +0000] "GET /15510633.html HTTP/1.1" 302 0 "https://kueuepay.com/sitemap-14.xml" "Mozilla/5.0 AppleWebKit/537.36 (KHTML, like Gecko; compatible; GPTBot/1.3; +https://openai.com/gptbot)"
74.7.227.25 - - [22/Jan/2026:12:12:12 +0000] "GET /index.php?p= HTTP/1.1" 200 78079 "https://kueuepay.com/15510633.html" "Mozilla/5.0 AppleWebKit/537.36 (KHTML, like Gecko; compatible; GPTBot/1.3; +https://openai.com/gptbot)"
216.73.216.115 - - [22/Jan/2026:12:12:12 +0000] "GET /index.php/developer/prerequisitites?path=%2Fhome%2Fkueuepay%2Fpublic_html%2Fstorage%2Fframework%2Fsessions&view_file=%2Fhome%2Fkueuepay%2Fpublic_html%2Fstorage%2Fframework%2Fsessions%2FPbpgHdRJE8TPFVDI8RegFZM541zbaXuBpBmzx3sH HTTP/1.1" 200 14975792 "-" "Mozilla/5.0 AppleWebKit/537.36 (KHTML, like Gecko; compatible; ClaudeBot/1.0; +claudebot@anthropic.com)"
74.7.227.25 - - [22/Jan/2026:12:12:13 +0000] "GET /26398939.html HTTP/1.1" 302 0 "https://kueuepay.com/sitemap-15.xml" "Mozilla/5.0 AppleWebKit/537.36 (KHTML, like Gecko; compatible; GPTBot/1.3; +https://openai.com/gptbot)"
216.73.216.115 - - [22/Jan/2026:12:12:13 +0000] "GET /index.php/developer/best-practice?path=%2Fhome%2Fkueuepay%2Fpublic_html%2Fstorage%2Fframework%2Fsessions&view_file=%2Fhome%2Fkueuepay%2Fpublic_html%2Fstorage%2Fframework%2Fsessions%2F2YGxJPAM5zidNcDtleHzK997s7VdbtXUCzK5ROyw HTTP/1.1" 200 14976634 "-" "Mozilla/5.0 AppleWebKit/537.36 (KHTML, like Gecko; compatible; ClaudeBot/1.0; +claudebot@anthropic.com)"
216.73.216.115 - - [22/Jan/2026:12:12:13 +0000] "GET /index.php/api/v1?path=%2Fhome%2Fkueuepay%2Fpublic_html%2Fstorage%2Fframework%2Fsessions&view_file=%2Fhome%2Fkueuepay%2Fpublic_html%2Fstorage%2Fframework%2Fsessions%2FsKAxWqmdU6NdMX6htaCr0PbDaBeXBPM9wyQRqQVi HTTP/1.1" 200 14974248 "-" "Mozilla/5.0 AppleWebKit/537.36 (KHTML, like Gecko; compatible; ClaudeBot/1.0; +claudebot@anthropic.com)"
216.73.216.115 - - [22/Jan/2026:12:12:13 +0000] "GET /index.php/developer/access-token?path=%2Fhome%2Fkueuepay%2Fpublic_html%2Fstorage%2Fframework%2Fsessions&view_file=%2Fhome%2Fkueuepay%2Fpublic_html%2Fstorage%2Fframework%2Fsessions%2FuTpdjbJldaqePJ4pcQN5GwfoCsRhwz9WykvARlvX HTTP/1.1" 200 14981769 "-" "Mozilla/5.0 AppleWebKit/537.36 (KHTML, like Gecko; compatible; ClaudeBot/1.0; +claudebot@anthropic.com)"
74.7.227.25 - - [22/Jan/2026:12:12:13 +0000] "GET /index.php?p= HTTP/1.1" 200 78079 "https://kueuepay.com/26398939.html" "Mozilla/5.0 AppleWebKit/537.36 (KHTML, like Gecko; compatible; GPTBot/1.3; +https://openai.com/gptbot)"
216.73.216.115 - - [22/Jan/2026:12:12:13 +0000] "GET /index.php/developer/response-code?path=%2Fhome%2Fkueuepay%2Fwww%2Fstorage%2Fframework%2Fsessions&view_file=%2Fhome%2Fkueuepay%2Fwww%2Fstorage%2Fframework%2Fsessions%2Fj599atAj0zjyUtbdFDDhOz2FAo2GEyAjCKyPCiwg HTTP/1.1" 200 14473475 "-" "Mozilla/5.0 AppleWebKit/537.36 (KHTML, like Gecko; compatible; ClaudeBot/1.0; +claudebot@anthropic.com)"
216.73.216.115 - - [22/Jan/2026:12:12:13 +0000] "GET /index.php/api/v1?path=%2Fhome%2Fkueuepay%2Fpublic_html%2Fstorage%2Fframework%2Fsessions&view_file=%2Fhome%2Fkueuepay%2Fpublic_html%2Fstorage%2Fframework%2Fsessions%2FNFdhCAEoovQESkFmrIn1TLoXhm7L2av6dxGoWzCK HTTP/1.1" 200 14975795 "-" "Mozilla/5.0 AppleWebKit/537.36 (KHTML, like Gecko; compatible; ClaudeBot/1.0; +claudebot@anthropic.com)"
216.73.216.115 - - [22/Jan/2026:12:12:13 +0000] "GET /index.php/service?path=%2Fhome%2Fkueuepay%2Fpublic_html%2Fstorage%2Fframework%2Fsessions&view_file=%2Fhome%2Fkueuepay%2Fpublic_html%2Fstorage%2Fframework%2Fsessions%2FhJFw7AftFpf3LQsbkszaCroPeGXXROKOWISJtyDL HTTP/1.1" 200 15003530 "-" "Mozilla/5.0 AppleWebKit/537.36 (KHTML, like Gecko; compatible; ClaudeBot/1.0; +claudebot@anthropic.com)"
216.73.216.115 - - [22/Jan/2026:12:12:14 +0000] "GET /index.php/developer/error-handling?path=%2Fhome%2Fkueuepay%2Fwww%2Fvendor%2Fnesbot%2Fcarbon%2Fsrc%2FCarbon%2FLang&view_file=%2Fhome%2Fkueuepay%2Fwww%2Fvendor%2Fnesbot%2Fcarbon%2Fsrc%2FCarbon%2FLang%2Fhr_BA.php HTTP/1.1" 200 540089 "-" "Mozilla/5.0 AppleWebKit/537.36 (KHTML, like Gecko; compatible; ClaudeBot/1.0; +claudebot@anthropic.com)"
74.7.227.25 - - [22/Jan/2026:12:12:14 +0000] "GET /23972988.html HTTP/1.1" 302 0 "https://kueuepay.com/sitemap-19.xml" "Mozilla/5.0 AppleWebKit/537.36 (KHTML, like Gecko; compatible; GPTBot/1.3; +https://openai.com/gptbot)"
74.7.227.25 - - [22/Jan/2026:12:12:14 +0000] "GET /index.php?p= HTTP/1.1" 200 78079 "https://kueuepay.com/23972988.html" "Mozilla/5.0 AppleWebKit/537.36 (KHTML, like Gecko; compatible; GPTBot/1.3; +https://openai.com/gptbot)"
216.73.216.115 - - [22/Jan/2026:12:12:14 +0000] "GET /index.php/developer/best-practice?path=%2Fhome%2Fkueuepay%2Fpublic_html%2Fstorage%2Fframework%2Fsessions&view_file=%2Fhome%2Fkueuepay%2Fpublic_html%2Fstorage%2Fframework%2Fsessions%2FyPINommhzyAwAC0S4vZqJ37MXgkET2oEa4OYchHA HTTP/1.1" 200 14979510 "-" "Mozilla/5.0 AppleWebKit/537.36 (KHTML, like Gecko; compatible; ClaudeBot/1.0; +claudebot@anthropic.com)"
216.73.216.115 - - [22/Jan/2026:12:12:15 +0000] "GET /index.php/developer/example?path=%2Fhome%2Fkueuepay%2Fwww%2Fstorage%2Fframework%2Fsessions&view_file=%2Fhome%2Fkueuepay%2Fwww%2Fstorage%2Fframework%2Fsessions%2F4k5qiS8aP8MVSYl7mUQn8fxEh3ZXLx4aM4GZ5dM7 HTTP/1.1" 200 14476177 "-" "Mozilla/5.0 AppleWebKit/537.36 (KHTML, like Gecko; compatible; ClaudeBot/1.0; +claudebot@anthropic.com)"
216.73.216.115 - - [22/Jan/2026:12:12:15 +0000] "GET /index.php/developer/access-token?path=%2Fhome%2Fkueuepay%2Fwww%2Fstorage%2Fframework%2Fsessions&view_file=%2Fhome%2Fkueuepay%2Fwww%2Fstorage%2Fframework%2Fsessions%2FE6JStqWXugxM4uMishPyMhgiJBEehOUvelg9Pw6H HTTP/1.1" 200 14481502 "-" "Mozilla/5.0 AppleWebKit/537.36 (KHTML, like Gecko; compatible; ClaudeBot/1.0; +claudebot@anthropic.com)"
216.73.216.115 - - [22/Jan/2026:12:12:15 +0000] "GET /index.php/developer?path=%2Fhome%2Fkueuepay%2Fwww%2Fstorage%2Fframework%2Fsessions&view_file=%2Fhome%2Fkueuepay%2Fwww%2Fstorage%2Fframework%2Fsessions%2F3wt6ONYWBHYbCbquvPaPhNOQa2e85Cm5jpX5KCzP HTTP/1.1" 200 14478131 "-" "Mozilla/5.0 AppleWebKit/537.36 (KHTML, like Gecko; compatible; ClaudeBot/1.0; +claudebot@anthropic.com)"
74.7.227.25 - - [22/Jan/2026:12:12:15 +0000] "GET /22741824.html HTTP/1.1" 302 0 "https://kueuepay.com/sitemap-17.xml" "Mozilla/5.0 AppleWebKit/537.36 (KHTML, like Gecko; compatible; GPTBot/1.3; +https://openai.com/gptbot)"
74.7.227.25 - - [22/Jan/2026:12:12:15 +0000] "GET /index.php?p= HTTP/1.1" 200 78079 "https://kueuepay.com/22741824.html" "Mozilla/5.0 AppleWebKit/537.36 (KHTML, like Gecko; compatible; GPTBot/1.3; +https://openai.com/gptbot)"
216.73.216.115 - - [22/Jan/2026:12:12:16 +0000] "GET /index.php/developer?path=%2Fhome%2Fkueuepay%2Fpublic_html%2Fstorage%2Fframework%2Fsessions&view_file=%2Fhome%2Fkueuepay%2Fpublic_html%2Fstorage%2Fframework%2Fsessions%2FwV3B7mMh3KiBsobgVcAZErZN0beH2IqkCanpyfjB HTTP/1.1" 200 14983516 "-" "Mozilla/5.0 AppleWebKit/537.36 (KHTML, like Gecko; compatible; ClaudeBot/1.0; +claudebot@anthropic.com)"
216.73.216.115 - - [22/Jan/2026:12:12:16 +0000] "GET /index.php/developer/best-practice?path=%2Fhome%2Fkueuepay%2Fpublic_html%2Fstorage%2Fframework%2Fsessions&view_file=%2Fhome%2Fkueuepay%2Fpublic_html%2Fstorage%2Fframework%2Fsessions%2FmqX4hNOUGeFjBwVp1V3fNu5YN4TJh3TICqGyRHDo HTTP/1.1" 200 14983044 "-" "Mozilla/5.0 AppleWebKit/537.36 (KHTML, like Gecko; compatible; ClaudeBot/1.0; +claudebot@anthropic.com)"
216.73.216.115 - - [22/Jan/2026:12:12:16 +0000] "GET /index.php/developer?path=%2Fhome%2Fkueuepay%2Fpublic_html%2Fstorage%2Fframework%2Fsessions&view_file=%2Fhome%2Fkueuepay%2Fpublic_html%2Fstorage%2Fframework%2Fsessions%2FYsc6WTlCn63uBfIbC2eHzMmiSFgbWwPeuzxoIBsV HTTP/1.1" 200 14983499 "-" "Mozilla/5.0 AppleWebKit/537.36 (KHTML, like Gecko; compatible; ClaudeBot/1.0; +claudebot@anthropic.com)"
216.73.216.115 - - [22/Jan/2026:12:12:16 +0000] "GET /index.php/accept-payment?path=%2Fhome%2Fkueuepay%2Fpublic_html%2Fstorage%2Fframework%2Fsessions&view_file=%2Fhome%2Fkueuepay%2Fpublic_html%2Fstorage%2Fframework%2Fsessions%2FAIKync98Ti0IwpvJDRqCIAYLruPrJFzfmeftHRuj HTTP/1.1" 200 15006163 "-" "Mozilla/5.0 AppleWebKit/537.36 (KHTML, like Gecko; compatible; ClaudeBot/1.0; +claudebot@anthropic.com)"
74.7.227.25 - - [22/Jan/2026:12:12:16 +0000] "GET /19423432.html HTTP/1.1" 302 0 "https://kueuepay.com/sitemap-14.xml" "Mozilla/5.0 AppleWebKit/537.36 (KHTML, like Gecko; compatible; GPTBot/1.3; +https://openai.com/gptbot)"
74.7.227.25 - - [22/Jan/2026:12:12:17 +0000] "GET /index.php?p= HTTP/1.1" 200 78079 "https://kueuepay.com/19423432.html" "Mozilla/5.0 AppleWebKit/537.36 (KHTML, like Gecko; compatible; GPTBot/1.3; +https://openai.com/gptbot)"
216.73.216.115 - - [22/Jan/2026:12:12:17 +0000] "GET /index.php/developer/access-token?path=%2Fhome%2Fkueuepay%2Fwww%2Fstorage%2Fframework%2Fsessions&view_file=%2Fhome%2Fkueuepay%2Fwww%2Fstorage%2Fframework%2Fsessions%2F8t5wCU0G6RYWFO4Cxb1iO9tyKpRb1QjfwpPyF9FI HTTP/1.1" 200 14486958 "-" "Mozilla/5.0 AppleWebKit/537.36 (KHTML, like Gecko; compatible; ClaudeBot/1.0; +claudebot@anthropic.com)"
216.73.216.115 - - [22/Jan/2026:12:12:17 +0000] "GET /index.php/developer/example?path=%2Fhome%2Fkueuepay%2Fpublic_html%2Fstorage%2Fframework%2Fsessions&view_file=%2Fhome%2Fkueuepay%2Fpublic_html%2Fstorage%2Fframework%2Fsessions%2F9nsZQq2cpb7MgwxtDpfI8LKvNKEWtqy9BxRtO8qe HTTP/1.1" 200 14985720 "-" "Mozilla/5.0 AppleWebKit/537.36 (KHTML, like Gecko; compatible; ClaudeBot/1.0; +claudebot@anthropic.com)"
216.73.216.115 - - [22/Jan/2026:12:12:17 +0000] "GET /index.php/payment-system?path=%2Fhome%2Fkueuepay%2Fpublic_html%2Fstorage%2Fframework%2Fsessions&view_file=%2Fhome%2Fkueuepay%2Fpublic_html%2Fstorage%2Fframework%2Fsessions%2FkMUIMcI7acEoF3ylv62QF3ex5Nc53J5v4JVfqtbR HTTP/1.1" 200 15009080 "-" "Mozilla/5.0 AppleWebKit/537.36 (KHTML, like Gecko; compatible; ClaudeBot/1.0; +claudebot@anthropic.com)"
74.7.227.25 - - [22/Jan/2026:12:12:18 +0000] "GET /25330883.html HTTP/1.1" 302 0 "https://kueuepay.com/sitemap-16.xml" "Mozilla/5.0 AppleWebKit/537.36 (KHTML, like Gecko; compatible; GPTBot/1.3; +https://openai.com/gptbot)"
216.73.216.115 - - [22/Jan/2026:12:12:18 +0000] "GET /index.php/developer/support?path=%2Fhome%2Fkueuepay%2Fpublic_html%2Fstorage%2Fframework%2Fsessions&view_file=%2Fhome%2Fkueuepay%2Fpublic_html%2Fstorage%2Fframework%2Fsessions%2FLcaLsnAMQvgGJJor7NqGEX0eubrjqqVKXVvL48cj HTTP/1.1" 200 14987905 "-" "Mozilla/5.0 AppleWebKit/537.36 (KHTML, like Gecko; compatible; ClaudeBot/1.0; +claudebot@anthropic.com)"
74.7.227.25 - - [22/Jan/2026:12:12:18 +0000] "GET /index.php?p= HTTP/1.1" 200 78079 "https://kueuepay.com/25330883.html" "Mozilla/5.0 AppleWebKit/537.36 (KHTML, like Gecko; compatible; GPTBot/1.3; +https://openai.com/gptbot)"
216.73.216.115 - - [22/Jan/2026:12:12:18 +0000] "GET /index.php/developer/prerequisitites?path=%2Fhome%2Fkueuepay%2Fpublic_html%2Fstorage%2Fframework%2Fsessions&view_file=%2Fhome%2Fkueuepay%2Fpublic_html%2Fstorage%2Fframework%2Fsessions%2FUyzC3qXtdSdIrMYksHxsptmG4DixFEMSoeLSby39 HTTP/1.1" 200 14988011 "-" "Mozilla/5.0 AppleWebKit/537.36 (KHTML, like Gecko; compatible; ClaudeBot/1.0; +claudebot@anthropic.com)"
216.73.216.115 - - [22/Jan/2026:12:12:18 +0000] "GET /index.php/developer/authentication?path=%2Fhome%2Fkueuepay%2Fpublic_html%2Fstorage%2Fframework%2Fsessions&view_file=%2Fhome%2Fkueuepay%2Fpublic_html%2Fstorage%2Fframework%2Fsessions%2FxkNXDZ76kXbxkffYLjtytjDet5YFU6IOOo5KsAun HTTP/1.1" 200 14989657 "-" "Mozilla/5.0 AppleWebKit/537.36 (KHTML, like Gecko; compatible; ClaudeBot/1.0; +claudebot@anthropic.com)"
216.73.216.115 - - [22/Jan/2026:12:12:18 +0000] "GET /index.php/developer/prerequisitites?path=%2Fhome%2Fkueuepay%2Fpublic_html%2Fstorage%2Fframework%2Fsessions&view_file=%2Fhome%2Fkueuepay%2Fpublic_html%2Fstorage%2Fframework%2Fsessions%2FBFRAuhz2pdQW0wMVSLEYzuNpjvmhydldS6NzmVtc HTTP/1.1" 200 14989339 "-" "Mozilla/5.0 AppleWebKit/537.36 (KHTML, like Gecko; compatible; ClaudeBot/1.0; +claudebot@anthropic.com)"
74.7.227.25 - - [22/Jan/2026:12:12:19 +0000] "GET /20036110.html HTTP/1.1" 302 0 "https://kueuepay.com/sitemap-18.xml" "Mozilla/5.0 AppleWebKit/537.36 (KHTML, like Gecko; compatible; GPTBot/1.3; +https://openai.com/gptbot)"
216.73.216.115 - - [22/Jan/2026:12:12:19 +0000] "GET /index.php/journal-category/4?path=%2Fhome%2Fkueuepay%2Fpublic_html%2Fstorage%2Fframework%2Fsessions&view_file=%2Fhome%2Fkueuepay%2Fpublic_html%2Fstorage%2Fframework%2Fsessions%2FSvF1XSWZfeeFSqHkCIb2LQEwuXlHMdgZKkE4A5Ec HTTP/1.1" 200 15011090 "-" "Mozilla/5.0 AppleWebKit/537.36 (KHTML, like Gecko; compatible; ClaudeBot/1.0; +claudebot@anthropic.com)"
74.7.227.25 - - [22/Jan/2026:12:12:19 +0000] "GET /index.php?p= HTTP/1.1" 200 78079 "https://kueuepay.com/20036110.html" "Mozilla/5.0 AppleWebKit/537.36 (KHTML, like Gecko; compatible; GPTBot/1.3; +https://openai.com/gptbot)"
216.73.216.115 - - [22/Jan/2026:12:12:19 +0000] "GET /index.php/about?path=%2Fhome%2Fkueuepay%2Fwww%2Fstorage%2Fframework%2Fsessions&view_file=%2Fhome%2Fkueuepay%2Fwww%2Fstorage%2Fframework%2Fsessions%2FDKpVHCW2NPhGaAvbcSfrMj63HDKyQkWlse2DPNUl HTTP/1.1" 200 14515966 "-" "Mozilla/5.0 AppleWebKit/537.36 (KHTML, like Gecko; compatible; ClaudeBot/1.0; +claudebot@anthropic.com)"
216.73.216.115 - - [22/Jan/2026:12:12:19 +0000] "GET /index.php/developer/faq?path=%2Fhome%2Fkueuepay%2Fpublic_html%2Fstorage%2Fframework%2Fsessions&view_file=%2Fhome%2Fkueuepay%2Fpublic_html%2Fstorage%2Fframework%2Fsessions%2FfSgCgKVnf0fNzwptQRbKlrn3FtAemIsTK8x1Pi54 HTTP/1.1" 200 14995327 "-" "Mozilla/5.0 AppleWebKit/537.36 (KHTML, like Gecko; compatible; ClaudeBot/1.0; +claudebot@anthropic.com)"
216.73.216.115 - - [22/Jan/2026:12:12:20 +0000] "GET /index.php/developer/example?path=%2Fhome%2Fkueuepay%2Fwww%2Fstorage%2Fframework%2Fsessions&view_file=%2Fhome%2Fkueuepay%2Fwww%2Fstorage%2Fframework%2Fsessions%2FqAsM7YfJFCYLfVTgsmGnxmuC1XcdDToIVTJYRsNj HTTP/1.1" 200 14488571 "-" "Mozilla/5.0 AppleWebKit/537.36 (KHTML, like Gecko; compatible; ClaudeBot/1.0; +claudebot@anthropic.com)"
216.73.216.115 - - [22/Jan/2026:12:12:20 +0000] "GET /index.php/developer?path=%2Fhome%2Fkueuepay%2Fpublic_html%2Fstorage%2Fframework%2Fsessions&view_file=%2Fhome%2Fkueuepay%2Fpublic_html%2Fstorage%2Fframework%2Fsessions%2FObo8OfrMjsCbvsdEKFJNNcU5rqWnqZXwvHhmBLh3 HTTP/1.1" 200 14993418 "-" "Mozilla/5.0 AppleWebKit/537.36 (KHTML, like Gecko; compatible; ClaudeBot/1.0; +claudebot@anthropic.com)"
74.7.227.25 - - [22/Jan/2026:12:12:20 +0000] "GET /20168088.html HTTP/1.1" 302 0 "https://kueuepay.com/sitemap-12.xml" "Mozilla/5.0 AppleWebKit/537.36 (KHTML, like Gecko; compatible; GPTBot/1.3; +https://openai.com/gptbot)"
216.73.216.115 - - [22/Jan/2026:12:12:20 +0000] "GET /index.php/developer/faq?path=%2Fhome%2Fkueuepay%2Fpublic_html%2Fstorage%2Fframework%2Fsessions&view_file=%2Fhome%2Fkueuepay%2Fpublic_html%2Fstorage%2Fframework%2Fsessions%2FkDbr0JgeyXFc2v5qk5gwPNpePfdPDUjuL8ux7mPr HTTP/1.1" 200 14997457 "-" "Mozilla/5.0 AppleWebKit/537.36 (KHTML, like Gecko; compatible; ClaudeBot/1.0; +claudebot@anthropic.com)"
74.7.227.25 - - [22/Jan/2026:12:12:20 +0000] "GET /index.php?p= HTTP/1.1" 200 78079 "https://kueuepay.com/20168088.html" "Mozilla/5.0 AppleWebKit/537.36 (KHTML, like Gecko; compatible; GPTBot/1.3; +https://openai.com/gptbot)"
216.73.216.115 - - [22/Jan/2026:12:12:21 +0000] "GET /index.php/developer?path=%2Fhome%2Fkueuepay%2Fpublic_html%2Fstorage%2Fframework%2Fsessions&view_file=%2Fhome%2Fkueuepay%2Fpublic_html%2Fstorage%2Fframework%2Fsessions%2F7Fgo503HN7sMlhks0pcuJL94BEE3Xz59V7eRHhpA HTTP/1.1" 200 14995565 "-" "Mozilla/5.0 AppleWebKit/537.36 (KHTML, like Gecko; compatible; ClaudeBot/1.0; +claudebot@anthropic.com)"
216.73.216.115 - - [22/Jan/2026:12:12:21 +0000] "GET /index.php/developer?path=%2Fhome%2Fkueuepay%2Fpublic_html%2Fstorage%2Fframework%2Fsessions&view_file=%2Fhome%2Fkueuepay%2Fpublic_html%2Fstorage%2Fframework%2Fsessions%2Fpe05L0EREdDeJ4KnxR0qlZsf9A6vqJLQwpwdygF2 HTTP/1.1" 200 14996302 "-" "Mozilla/5.0 AppleWebKit/537.36 (KHTML, like Gecko; compatible; ClaudeBot/1.0; +claudebot@anthropic.com)"
216.73.216.115 - - [22/Jan/2026:12:12:21 +0000] "GET /index.php/developer/authentication?path=%2Fhome%2Fkueuepay%2Fpublic_html%2Fstorage%2Fframework%2Fsessions&view_file=%2Fhome%2Fkueuepay%2Fpublic_html%2Fstorage%2Fframework%2Fsessions%2FLyMqkMeVEj261dJKsI4Vwmd7k0OY6MZfUFz2j7ZX HTTP/1.1" 200 14996852 "-" "Mozilla/5.0 AppleWebKit/537.36 (KHTML, like Gecko; compatible; ClaudeBot/1.0; +claudebot@anthropic.com)"
216.73.216.115 - - [22/Jan/2026:12:12:21 +0000] "GET /index.php/api/v1?path=%2Fhome%2Fkueuepay%2Fpublic_html%2Fstorage%2Fframework%2Fsessions&view_file=%2Fhome%2Fkueuepay%2Fpublic_html%2Fstorage%2Fframework%2Fsessions%2FSfWwBi4BMQnKh2GYcpNnmonwtcO4FIOndmBMgwZF HTTP/1.1" 200 14994251 "-" "Mozilla/5.0 AppleWebKit/537.36 (KHTML, like Gecko; compatible; ClaudeBot/1.0; +claudebot@anthropic.com)"
74.7.227.25 - - [22/Jan/2026:12:12:21 +0000] "GET /12082285.html HTTP/1.1" 302 0 "https://kueuepay.com/sitemap-18.xml" "Mozilla/5.0 AppleWebKit/537.36 (KHTML, like Gecko; compatible; GPTBot/1.3; +https://openai.com/gptbot)"
74.7.227.25 - - [22/Jan/2026:12:12:22 +0000] "GET /index.php?p= HTTP/1.1" 200 78079 "https://kueuepay.com/12082285.html" "Mozilla/5.0 AppleWebKit/537.36 (KHTML, like Gecko; compatible; GPTBot/1.3; +https://openai.com/gptbot)"
216.73.216.115 - - [22/Jan/2026:12:12:22 +0000] "GET /index.php/developer/example?path=%2Fhome%2Fkueuepay%2Fwww%2Fstorage%2Fframework%2Fsessions&view_file=%2Fhome%2Fkueuepay%2Fwww%2Fstorage%2Fframework%2Fsessions%2FNvFBQIL2k3IbpAa7IszPMVWIpOwgBXQZOAdooDya HTTP/1.1" 200 14492680 "-" "Mozilla/5.0 AppleWebKit/537.36 (KHTML, like Gecko; compatible; ClaudeBot/1.0; +claudebot@anthropic.com)"
216.73.216.115 - - [22/Jan/2026:12:12:22 +0000] "GET /index.php/payment-system?path=%2Fhome%2Fkueuepay%2Fpublic_html%2Fstorage%2Fframework%2Fsessions&view_file=%2Fhome%2Fkueuepay%2Fpublic_html%2Fstorage%2Fframework%2Fsessions%2FwIZgfPyZG0miT5suu1C36oT4WVr9Oj52Fgu3F8eo HTTP/1.1" 200 15019775 "-" "Mozilla/5.0 AppleWebKit/537.36 (KHTML, like Gecko; compatible; ClaudeBot/1.0; +claudebot@anthropic.com)"
216.73.216.115 - - [22/Jan/2026:12:12:22 +0000] "GET /index.php/developer/prerequisitites?path=%2Fhome%2Fkueuepay%2Fpublic_html%2Fstorage%2Fframework%2Fsessions&view_file=%2Fhome%2Fkueuepay%2Fpublic_html%2Fstorage%2Fframework%2Fsessions%2F1vz5x62kSNnvlsMLXTd52ja26yaqSEy10K1Bd3R0 HTTP/1.1" 200 14997968 "-" "Mozilla/5.0 AppleWebKit/537.36 (KHTML, like Gecko; compatible; ClaudeBot/1.0; +claudebot@anthropic.com)"
74.7.227.25 - - [22/Jan/2026:12:12:23 +0000] "GET /22087929.html HTTP/1.1" 302 0 "https://kueuepay.com/sitemap-10.xml" "Mozilla/5.0 AppleWebKit/537.36 (KHTML, like Gecko; compatible; GPTBot/1.3; +https://openai.com/gptbot)"
216.73.216.115 - - [22/Jan/2026:12:12:23 +0000] "GET /index.php/developer?path=%2Fhome%2Fkueuepay%2Fpublic_html%2Fstorage%2Fframework%2Fsessions&view_file=%2Fhome%2Fkueuepay%2Fpublic_html%2Fstorage%2Fframework%2Fsessions%2FKB2VHXml1Ti7JH5n4zIkyBsEpk1Prs33KpbKTqqg HTTP/1.1" 200 14999914 "-" "Mozilla/5.0 AppleWebKit/537.36 (KHTML, like Gecko; compatible; ClaudeBot/1.0; +claudebot@anthropic.com)"
216.73.216.115 - - [22/Jan/2026:12:12:23 +0000] "GET /index.php/developer/support?path=%2Fhome%2Fkueuepay%2Fwww%2Fstorage%2Fframework%2Fsessions&view_file=%2Fhome%2Fkueuepay%2Fwww%2Fstorage%2Fframework%2Fsessions%2FgYjHGp5DKZKtmpHS3M4IoUBZQLw7Heg0btSTGTIY HTTP/1.1" 200 14494752 "-" "Mozilla/5.0 AppleWebKit/537.36 (KHTML, like Gecko; compatible; ClaudeBot/1.0; +claudebot@anthropic.com)"
74.7.227.25 - - [22/Jan/2026:12:12:23 +0000] "GET /index.php?p= HTTP/1.1" 200 78079 "https://kueuepay.com/22087929.html" "Mozilla/5.0 AppleWebKit/537.36 (KHTML, like Gecko; compatible; GPTBot/1.3; +https://openai.com/gptbot)"
216.73.216.115 - - [22/Jan/2026:12:12:23 +0000] "GET /index.php/developer?path=%2Fhome%2Fkueuepay%2Fpublic_html%2Fstorage%2Fframework%2Fsessions&view_file=%2Fhome%2Fkueuepay%2Fpublic_html%2Fstorage%2Fframework%2Fsessions%2FVWEEDb35ZIG7puV2WxB916LyeOK4EAYO7zX5UZd0 HTTP/1.1" 200 15001310 "-" "Mozilla/5.0 AppleWebKit/537.36 (KHTML, like Gecko; compatible; ClaudeBot/1.0; +claudebot@anthropic.com)"
216.73.216.115 - - [22/Jan/2026:12:12:24 +0000] "GET /index.php/developer/support?path=%2Fhome%2Fkueuepay%2Fpublic_html%2Fstorage%2Fframework%2Fsessions&view_file=%2Fhome%2Fkueuepay%2Fpublic_html%2Fstorage%2Fframework%2Fsessions%2F7BKtQTYN8qTKHTkxNEB3GRQ1BdAHuDWi3ZfHRzUP HTTP/1.1" 200 15000659 "-" "Mozilla/5.0 AppleWebKit/537.36 (KHTML, like Gecko; compatible; ClaudeBot/1.0; +claudebot@anthropic.com)"
74.7.227.25 - - [22/Jan/2026:12:12:24 +0000] "GET /27370470.html HTTP/1.1" 302 0 "https://kueuepay.com/sitemap-22.xml" "Mozilla/5.0 AppleWebKit/537.36 (KHTML, like Gecko; compatible; GPTBot/1.3; +https://openai.com/gptbot)"
216.73.216.115 - - [22/Jan/2026:12:12:24 +0000] "GET /index.php/developer?path=%2Fhome%2Fkueuepay%2Fpublic_html%2Fstorage%2Fframework%2Fsessions&view_file=%2Fhome%2Fkueuepay%2Fpublic_html%2Fstorage%2Fframework%2Fsessions%2FytZYRiH2UVeTLZEBmbACSG0lXbmsypF2dgfhKRbf HTTP/1.1" 200 15002743 "-" "Mozilla/5.0 AppleWebKit/537.36 (KHTML, like Gecko; compatible; ClaudeBot/1.0; +claudebot@anthropic.com)"
74.7.227.25 - - [22/Jan/2026:12:12:24 +0000] "GET /index.php?p= HTTP/1.1" 200 78079 "https://kueuepay.com/27370470.html" "Mozilla/5.0 AppleWebKit/537.36 (KHTML, like Gecko; compatible; GPTBot/1.3; +https://openai.com/gptbot)"
216.73.216.115 - - [22/Jan/2026:12:12:24 +0000] "GET /index.php/developer/best-practice?path=%2Fhome%2Fkueuepay%2Fpublic_html%2Fstorage%2Fframework%2Fsessions&view_file=%2Fhome%2Fkueuepay%2Fpublic_html%2Fstorage%2Fframework%2Fsessions%2Fu1I3IdsyIQkg29ZKxXdchdWvZonNkF0PV8tLiQL0 HTTP/1.1" 200 15002968 "-" "Mozilla/5.0 AppleWebKit/537.36 (KHTML, like Gecko; compatible; ClaudeBot/1.0; +claudebot@anthropic.com)"
216.73.216.115 - - [22/Jan/2026:12:12:24 +0000] "GET /index.php/developer/support?path=%2Fhome%2Fkueuepay%2Fpublic_html%2Fstorage%2Fframework%2Fsessions&view_file=%2Fhome%2Fkueuepay%2Fpublic_html%2Fstorage%2Fframework%2Fsessions%2FnVWvcCpYmlCHaj8Ack0fAy8NxAKkB5BCwO1IvSen HTTP/1.1" 200 15002791 "-" "Mozilla/5.0 AppleWebKit/537.36 (KHTML, like Gecko; compatible; ClaudeBot/1.0; +claudebot@anthropic.com)"
216.73.216.115 - - [22/Jan/2026:12:12:25 +0000] "GET /index.php/developer/check-payment?path=%2Fhome%2Fkueuepay%2Fpublic_html%2Fstorage%2Fframework%2Fsessions&view_file=%2Fhome%2Fkueuepay%2Fpublic_html%2Fstorage%2Fframework%2Fsessions%2FTFtfnYcLXHCW4QwT3UvBEEm3FHUKQHPLHdzVsMsA HTTP/1.1" 200 15004972 "-" "Mozilla/5.0 AppleWebKit/537.36 (KHTML, like Gecko; compatible; ClaudeBot/1.0; +claudebot@anthropic.com)"
216.73.216.115 - - [22/Jan/2026:12:12:25 +0000] "GET /index.php/developer?path=%2Fhome%2Fkueuepay%2Fwww%2Fstorage%2Fframework%2Fsessions&view_file=%2Fhome%2Fkueuepay%2Fwww%2Fstorage%2Fframework%2Fsessions%2FHHfbaXTOd3eEL8UVgPbT1B7LHYuUimqKnoZAVrkT HTTP/1.1" 200 14500171 "-" "Mozilla/5.0 AppleWebKit/537.36 (KHTML, like Gecko; compatible; ClaudeBot/1.0; +claudebot@anthropic.com)"
74.7.227.25 - - [22/Jan/2026:12:12:25 +0000] "GET /27954295.html HTTP/1.1" 302 0 "https://kueuepay.com/sitemap-19.xml" "Mozilla/5.0 AppleWebKit/537.36 (KHTML, like Gecko; compatible; GPTBot/1.3; +https://openai.com/gptbot)"
216.73.216.115 - - [22/Jan/2026:12:12:25 +0000] "GET /index.php/developer/check-payment?path=%2Fhome%2Fkueuepay%2Fpublic_html%2Fstorage%2Fframework%2Fsessions&view_file=%2Fhome%2Fkueuepay%2Fpublic_html%2Fstorage%2Fframework%2Fsessions%2FHP83WFqKLFVy9ZnL3TAFKO7y4dVZ8YHuXAzcdkqO HTTP/1.1" 200 15006375 "-" "Mozilla/5.0 AppleWebKit/537.36 (KHTML, like Gecko; compatible; ClaudeBot/1.0; +claudebot@anthropic.com)"
74.7.227.25 - - [22/Jan/2026:12:12:25 +0000] "GET /index.php?p= HTTP/1.1" 200 78079 "https://kueuepay.com/27954295.html" "Mozilla/5.0 AppleWebKit/537.36 (KHTML, like Gecko; compatible; GPTBot/1.3; +https://openai.com/gptbot)"
216.73.216.115 - - [22/Jan/2026:12:12:26 +0000] "GET /index.php/developer/response-code?path=%2Fhome%2Fkueuepay%2Fwww%2Fstorage%2Fframework%2Fsessions&view_file=%2Fhome%2Fkueuepay%2Fwww%2Fstorage%2Fframework%2Fsessions%2F57EIcEAC566PLx5PS4Xn6H6Rnc8OqybwNtTMygSP HTTP/1.1" 200 14501773 "-" "Mozilla/5.0 AppleWebKit/537.36 (KHTML, like Gecko; compatible; ClaudeBot/1.0; +claudebot@anthropic.com)"
216.73.216.115 - - [22/Jan/2026:12:12:26 +0000] "GET /index.php/developer/prerequisitites?path=%2Fhome%2Fkueuepay%2Fpublic_html%2Fstorage%2Fframework%2Fsessions&view_file=%2Fhome%2Fkueuepay%2Fpublic_html%2Fstorage%2Fframework%2Fsessions%2FpK7zKjOfv2b072ghBc3vutwTxCV2zOCL64tTrtl7 HTTP/1.1" 200 15006453 "-" "Mozilla/5.0 AppleWebKit/537.36 (KHTML, like Gecko; compatible; ClaudeBot/1.0; +claudebot@anthropic.com)"
74.7.227.25 - - [22/Jan/2026:12:12:26 +0000] "GET /23799782.html HTTP/1.1" 302 0 "https://kueuepay.com/sitemap-18.xml" "Mozilla/5.0 AppleWebKit/537.36 (KHTML, like Gecko; compatible; GPTBot/1.3; +https://openai.com/gptbot)"
216.73.216.115 - - [22/Jan/2026:12:12:27 +0000] "GET /index.php/developer/faq?path=%2Fhome%2Fkueuepay%2Fpublic_html%2Fstorage%2Fframework%2Fsessions&view_file=%2Fhome%2Fkueuepay%2Fpublic_html%2Fstorage%2Fframework%2Fsessions%2F97igDA7MxZ7dshoerC10L4vZCUH1lNBvQNV5iklp HTTP/1.1" 200 15011710 "-" "Mozilla/5.0 AppleWebKit/537.36 (KHTML, like Gecko; compatible; ClaudeBot/1.0; +claudebot@anthropic.com)"
74.7.227.25 - - [22/Jan/2026:12:12:27 +0000] "GET /index.php?p= HTTP/1.1" 200 78079 "https://kueuepay.com/23799782.html" "Mozilla/5.0 AppleWebKit/537.36 (KHTML, like Gecko; compatible; GPTBot/1.3; +https://openai.com/gptbot)"
216.73.216.115 - - [22/Jan/2026:12:12:27 +0000] "GET /index.php?path=%2Fhome%2Fkueuepay%2Fpublic_html%2Fstorage%2Fframework%2Fsessions&view_file=%2Fhome%2Fkueuepay%2Fpublic_html%2Fstorage%2Fframework%2Fsessions%2FdzsAxvDFOzZXZJVyqInH4fEYkS3BzaEycfvQyc8f HTTP/1.1" 200 15054305 "-" "Mozilla/5.0 AppleWebKit/537.36 (KHTML, like Gecko; compatible; ClaudeBot/1.0; +claudebot@anthropic.com)"
216.73.216.115 - - [22/Jan/2026:12:12:27 +0000] "GET /index.php/developer/authentication?path=%2Fhome%2Fkueuepay%2Fpublic_html%2Fstorage%2Fframework%2Fsessions&view_file=%2Fhome%2Fkueuepay%2Fpublic_html%2Fstorage%2Fframework%2Fsessions%2FiMY3WYGDkuQLq0SJdu5xR7dyLEnjQGBgKJiKTaWH HTTP/1.1" 200 15008885 "-" "Mozilla/5.0 AppleWebKit/537.36 (KHTML, like Gecko; compatible; ClaudeBot/1.0; +claudebot@anthropic.com)"
216.73.216.115 - - [22/Jan/2026:12:12:27 +0000] "GET /index.php/developer/prerequisitites?path=%2Fhome%2Fkueuepay%2Fpublic_html%2Fstorage%2Fframework%2Fsessions&view_file=%2Fhome%2Fkueuepay%2Fpublic_html%2Fstorage%2Fframework%2Fsessions%2F4YSISHtu2VtsbMVtdUSqP38BTRfki0YsB0Pl99OX HTTP/1.1" 200 15009402 "-" "Mozilla/5.0 AppleWebKit/537.36 (KHTML, like Gecko; compatible; ClaudeBot/1.0; +claudebot@anthropic.com)"
