74.7.227.25 - - [22/Jan/2026:12:06:02 +0000] "GET /index.php?p= HTTP/1.1" 200 78079 "https://kueuepay.com/12173838.html" "Mozilla/5.0 AppleWebKit/537.36 (KHTML, like Gecko; compatible; GPTBot/1.3; +https://openai.com/gptbot)"
216.73.216.115 - - [22/Jan/2026:12:06:03 +0000] "GET /index.php/developer/error-handling?path=%2Fhome%2Fkueuepay%2Fwww%2Fstorage%2Fframework%2Fsessions&view_file=%2Fhome%2Fkueuepay%2Fwww%2Fstorage%2Fframework%2Fsessions%2FS86aXnsQ216HDpxEMCOmTPT8320RXA50qqUTroxI HTTP/1.1" 200 14738697 "-" "Mozilla/5.0 AppleWebKit/537.36 (KHTML, like Gecko; compatible; ClaudeBot/1.0; +claudebot@anthropic.com)"
216.73.216.115 - - [22/Jan/2026:12:06:03 +0000] "GET /index.php/developer?path=%2Fhome%2Fkueuepay%2Fpublic_html%2Fstorage%2Fframework%2Fsessions&view_file=%2Fhome%2Fkueuepay%2Fpublic_html%2Fstorage%2Fframework%2Fsessions%2FsbklD6scJ5I3SpkNmi1ILVtnIjz0oCGSyOB5lm28 HTTP/1.1" 200 15255821 "-" "Mozilla/5.0 AppleWebKit/537.36 (KHTML, like Gecko; compatible; ClaudeBot/1.0; +claudebot@anthropic.com)"
74.7.227.25 - - [22/Jan/2026:12:06:03 +0000] "GET /18507715.html HTTP/1.1" 302 0 "https://kueuepay.com/sitemap-16.xml" "Mozilla/5.0 AppleWebKit/537.36 (KHTML, like Gecko; compatible; GPTBot/1.3; +https://openai.com/gptbot)"
216.73.216.115 - - [22/Jan/2026:12:06:03 +0000] "GET /index.php/developer?path=%2Fhome%2Fkueuepay%2Fpublic_html%2Fstorage%2Fframework%2Fsessions&view_file=%2Fhome%2Fkueuepay%2Fpublic_html%2Fstorage%2Fframework%2Fsessions%2F1kkpw0hP6wNViyQ6Coa2DYxMv2ZN7zrASaDMid7M HTTP/1.1" 200 15256575 "-" "Mozilla/5.0 AppleWebKit/537.36 (KHTML, like Gecko; compatible; ClaudeBot/1.0; +claudebot@anthropic.com)"
74.7.227.25 - - [22/Jan/2026:12:06:03 +0000] "GET /index.php?p= HTTP/1.1" 200 78079 "https://kueuepay.com/18507715.html" "Mozilla/5.0 AppleWebKit/537.36 (KHTML, like Gecko; compatible; GPTBot/1.3; +https://openai.com/gptbot)"
74.7.227.25 - - [22/Jan/2026:12:06:05 +0000] "GET /27990100.html HTTP/1.1" 302 0 "https://kueuepay.com/sitemap-15.xml" "Mozilla/5.0 AppleWebKit/537.36 (KHTML, like Gecko; compatible; GPTBot/1.3; +https://openai.com/gptbot)"
74.7.227.25 - - [22/Jan/2026:12:06:05 +0000] "GET /index.php?p= HTTP/1.1" 200 78079 "https://kueuepay.com/27990100.html" "Mozilla/5.0 AppleWebKit/537.36 (KHTML, like Gecko; compatible; GPTBot/1.3; +https://openai.com/gptbot)"
216.73.216.115 - - [22/Jan/2026:12:06:05 +0000] "GET /index.php/developer/prerequisitites?path=%2Fhome%2Fkueuepay%2Fpublic_html%2Fstorage%2Fframework%2Fsessions&view_file=%2Fhome%2Fkueuepay%2Fpublic_html%2Fstorage%2Fframework%2Fsessions%2Fq1NIRCgO31O47U6ZlZ1z2lV37HTW1boMHEJYHza1 HTTP/1.1" 200 15256855 "-" "Mozilla/5.0 AppleWebKit/537.36 (KHTML, like Gecko; compatible; ClaudeBot/1.0; +claudebot@anthropic.com)"
216.73.216.115 - - [22/Jan/2026:12:06:06 +0000] "GET /index.php/payment-system?path=%2Fhome%2Fkueuepay%2Fpublic_html%2Fstorage%2Fframework%2Fsessions&view_file=%2Fhome%2Fkueuepay%2Fpublic_html%2Fstorage%2Fframework%2Fsessions%2FLj3WLSZVSBbClD9cQrmxYuTCnquTNtfXROpOmR4E HTTP/1.1" 200 15279983 "-" "Mozilla/5.0 AppleWebKit/537.36 (KHTML, like Gecko; compatible; ClaudeBot/1.0; +claudebot@anthropic.com)"
74.7.227.25 - - [22/Jan/2026:12:06:06 +0000] "GET /20209382.html HTTP/1.1" 302 0 "https://kueuepay.com/sitemap-19.xml" "Mozilla/5.0 AppleWebKit/537.36 (KHTML, like Gecko; compatible; GPTBot/1.3; +https://openai.com/gptbot)"
74.7.227.25 - - [22/Jan/2026:12:06:06 +0000] "GET /index.php?p= HTTP/1.1" 200 78079 "https://kueuepay.com/20209382.html" "Mozilla/5.0 AppleWebKit/537.36 (KHTML, like Gecko; compatible; GPTBot/1.3; +https://openai.com/gptbot)"
74.7.227.25 - - [22/Jan/2026:12:06:07 +0000] "GET /13817832.html HTTP/1.1" 302 0 "https://kueuepay.com/sitemap-17.xml" "Mozilla/5.0 AppleWebKit/537.36 (KHTML, like Gecko; compatible; GPTBot/1.3; +https://openai.com/gptbot)"
74.7.227.25 - - [22/Jan/2026:12:06:07 +0000] "GET /index.php?p= HTTP/1.1" 200 78079 "https://kueuepay.com/13817832.html" "Mozilla/5.0 AppleWebKit/537.36 (KHTML, like Gecko; compatible; GPTBot/1.3; +https://openai.com/gptbot)"
216.73.216.115 - - [22/Jan/2026:12:06:07 +0000] "GET /index.php/transfer-money?path=%2Fhome%2Fkueuepay%2Fpublic_html%2Fstorage%2Fframework%2Fsessions&view_file=%2Fhome%2Fkueuepay%2Fpublic_html%2Fstorage%2Fframework%2Fsessions%2FGuDydHhO2GwiCjDbPZKBtJTc3LmWnenKqgATWFBp HTTP/1.1" 200 15239383 "-" "Mozilla/5.0 AppleWebKit/537.36 (KHTML, like Gecko; compatible; ClaudeBot/1.0; +claudebot@anthropic.com)"
216.73.216.115 - - [22/Jan/2026:12:06:08 +0000] "GET /index.php/journal?path=%2Fhome%2Fkueuepay%2Fpublic_html%2Fstorage%2Fframework%2Fsessions&view_file=%2Fhome%2Fkueuepay%2Fpublic_html%2Fstorage%2Fframework%2Fsessions%2FfWFhP4QMIM0RlYdFDJsbg2Hb8QPWlCzYsmIRqLIk HTTP/1.1" 200 15243090 "-" "Mozilla/5.0 AppleWebKit/537.36 (KHTML, like Gecko; compatible; ClaudeBot/1.0; +claudebot@anthropic.com)"
74.7.227.25 - - [22/Jan/2026:12:06:09 +0000] "GET /27224511.html HTTP/1.1" 302 0 "https://kueuepay.com/sitemap-10.xml" "Mozilla/5.0 AppleWebKit/537.36 (KHTML, like Gecko; compatible; GPTBot/1.3; +https://openai.com/gptbot)"
74.7.227.25 - - [22/Jan/2026:12:06:09 +0000] "GET /index.php?p= HTTP/1.1" 200 78079 "https://kueuepay.com/27224511.html" "Mozilla/5.0 AppleWebKit/537.36 (KHTML, like Gecko; compatible; GPTBot/1.3; +https://openai.com/gptbot)"
74.7.227.25 - - [22/Jan/2026:12:06:10 +0000] "GET /15507311.html HTTP/1.1" 302 0 "https://kueuepay.com/sitemap-22.xml" "Mozilla/5.0 AppleWebKit/537.36 (KHTML, like Gecko; compatible; GPTBot/1.3; +https://openai.com/gptbot)"
216.73.216.115 - - [22/Jan/2026:12:06:10 +0000] "GET /index.php/developer/prerequisitites?path=%2Fhome%2Fkueuepay%2Fpublic_html%2Fstorage%2Fframework%2Fsessions&view_file=%2Fhome%2Fkueuepay%2Fpublic_html%2Fstorage%2Fframework%2Fsessions%2FPiLKp8LhxTPZ7FZM8ycPj1qaUHoHxDZS6jMFMUeH HTTP/1.1" 200 15219011 "-" "Mozilla/5.0 AppleWebKit/537.36 (KHTML, like Gecko; compatible; ClaudeBot/1.0; +claudebot@anthropic.com)"
74.7.227.25 - - [22/Jan/2026:12:06:10 +0000] "GET /index.php?p= HTTP/1.1" 200 78079 "https://kueuepay.com/15507311.html" "Mozilla/5.0 AppleWebKit/537.36 (KHTML, like Gecko; compatible; GPTBot/1.3; +https://openai.com/gptbot)"
74.7.227.25 - - [22/Jan/2026:12:06:11 +0000] "GET /11024228.html HTTP/1.1" 302 0 "https://kueuepay.com/sitemap-17.xml" "Mozilla/5.0 AppleWebKit/537.36 (KHTML, like Gecko; compatible; GPTBot/1.3; +https://openai.com/gptbot)"
216.73.216.115 - - [22/Jan/2026:12:06:11 +0000] "GET /index.php/developer/check-payment?path=%2Fhome%2Fkueuepay%2Fpublic_html%2Fstorage%2Fframework%2Fsessions&view_file=%2Fhome%2Fkueuepay%2Fpublic_html%2Fstorage%2Fframework%2Fsessions%2F03B4LVDtCX00ZrChB7JKPJRqlRdufTKPr0a908Vj HTTP/1.1" 200 15220349 "-" "Mozilla/5.0 AppleWebKit/537.36 (KHTML, like Gecko; compatible; ClaudeBot/1.0; +claudebot@anthropic.com)"
66.249.77.133 - - [22/Jan/2026:12:06:11 +0000] "GET /292314413.shtml HTTP/1.1" 404 0 "-" "Mozilla/5.0 (Linux; Android 6.0.1; Nexus 5X Build/MMB29P) AppleWebKit/537.36 (KHTML, like Gecko) Chrome/143.0.7499.192 Mobile Safari/537.36 (compatible; Googlebot/2.1; +http://www.google.com/bot.html)"
74.7.227.25 - - [22/Jan/2026:12:06:11 +0000] "GET /index.php?p= HTTP/1.1" 200 78079 "https://kueuepay.com/11024228.html" "Mozilla/5.0 AppleWebKit/537.36 (KHTML, like Gecko; compatible; GPTBot/1.3; +https://openai.com/gptbot)"
74.7.227.25 - - [22/Jan/2026:12:06:12 +0000] "GET /11337552.html HTTP/1.1" 302 0 "https://kueuepay.com/sitemap-20.xml" "Mozilla/5.0 AppleWebKit/537.36 (KHTML, like Gecko; compatible; GPTBot/1.3; +https://openai.com/gptbot)"
216.73.216.115 - - [22/Jan/2026:12:06:12 +0000] "GET /index.php/developer/response-code?path=%2Fhome%2Fkueuepay%2Fwww%2Fstorage%2Fframework%2Fsessions&view_file=%2Fhome%2Fkueuepay%2Fwww%2Fstorage%2Fframework%2Fsessions%2F0CkB3zcDsv1pt0efmUfnokLVUUwGkrk8E2SbWNsM HTTP/1.1" 200 14708445 "-" "Mozilla/5.0 AppleWebKit/537.36 (KHTML, like Gecko; compatible; ClaudeBot/1.0; +claudebot@anthropic.com)"
74.7.227.25 - - [22/Jan/2026:12:06:12 +0000] "GET /index.php?p= HTTP/1.1" 200 78079 "https://kueuepay.com/11337552.html" "Mozilla/5.0 AppleWebKit/537.36 (KHTML, like Gecko; compatible; GPTBot/1.3; +https://openai.com/gptbot)"
216.73.216.115 - - [22/Jan/2026:12:06:13 +0000] "GET /index.php?path=%2Fhome%2Fkueuepay%2Fpublic_html%2Fstorage%2Fframework%2Fsessions&view_file=%2Fhome%2Fkueuepay%2Fpublic_html%2Fstorage%2Fframework%2Fsessions%2FTJBEndv4KQZ5KhKoctkoBudcZJ1RhZY1dulpLi75 HTTP/1.1" 200 15267391 "-" "Mozilla/5.0 AppleWebKit/537.36 (KHTML, like Gecko; compatible; ClaudeBot/1.0; +claudebot@anthropic.com)"
74.7.227.25 - - [22/Jan/2026:12:06:13 +0000] "GET /26892652.html HTTP/1.1" 302 0 "https://kueuepay.com/sitemap-20.xml" "Mozilla/5.0 AppleWebKit/537.36 (KHTML, like Gecko; compatible; GPTBot/1.3; +https://openai.com/gptbot)"
74.7.227.25 - - [22/Jan/2026:12:06:14 +0000] "GET /index.php?p= HTTP/1.1" 200 78079 "https://kueuepay.com/26892652.html" "Mozilla/5.0 AppleWebKit/537.36 (KHTML, like Gecko; compatible; GPTBot/1.3; +https://openai.com/gptbot)"
216.73.216.115 - - [22/Jan/2026:12:06:14 +0000] "GET /index.php/developer/authentication?path=%2Fhome%2Fkueuepay%2Fpublic_html%2Fstorage%2Fframework%2Fsessions&view_file=%2Fhome%2Fkueuepay%2Fpublic_html%2Fstorage%2Fframework%2Fsessions%2FgNHkGhwMn0b5A5CczHqEQK5F3OlLam7wgeiQexpz HTTP/1.1" 200 15222163 "-" "Mozilla/5.0 AppleWebKit/537.36 (KHTML, like Gecko; compatible; ClaudeBot/1.0; +claudebot@anthropic.com)"
74.7.227.25 - - [22/Jan/2026:12:06:15 +0000] "GET /10023228.html HTTP/1.1" 302 0 "https://kueuepay.com/sitemap-14.xml" "Mozilla/5.0 AppleWebKit/537.36 (KHTML, like Gecko; compatible; GPTBot/1.3; +https://openai.com/gptbot)"
74.7.227.25 - - [22/Jan/2026:12:06:15 +0000] "GET /index.php?p= HTTP/1.1" 200 78079 "https://kueuepay.com/10023228.html" "Mozilla/5.0 AppleWebKit/537.36 (KHTML, like Gecko; compatible; GPTBot/1.3; +https://openai.com/gptbot)"
216.73.216.115 - - [22/Jan/2026:12:06:15 +0000] "GET /index.php/developer/best-practice?path=%2Fhome%2Fkueuepay%2Fpublic_html%2Fstorage%2Fframework%2Fsessions&view_file=%2Fhome%2Fkueuepay%2Fpublic_html%2Fstorage%2Fframework%2Fsessions%2FfcOOnJ1Qoq0IEA3ickoi9YPjjdMOUmbQcCHeg8nW HTTP/1.1" 200 15222583 "-" "Mozilla/5.0 AppleWebKit/537.36 (KHTML, like Gecko; compatible; ClaudeBot/1.0; +claudebot@anthropic.com)"
74.7.227.25 - - [22/Jan/2026:12:06:16 +0000] "GET /26268578.html HTTP/1.1" 302 0 "https://kueuepay.com/sitemap-15.xml" "Mozilla/5.0 AppleWebKit/537.36 (KHTML, like Gecko; compatible; GPTBot/1.3; +https://openai.com/gptbot)"
74.7.227.25 - - [22/Jan/2026:12:06:16 +0000] "GET /index.php?p= HTTP/1.1" 200 78079 "https://kueuepay.com/26268578.html" "Mozilla/5.0 AppleWebKit/537.36 (KHTML, like Gecko; compatible; GPTBot/1.3; +https://openai.com/gptbot)"
216.73.216.115 - - [22/Jan/2026:12:06:16 +0000] "GET /index.php/developer/faq?path=%2Fhome%2Fkueuepay%2Fpublic_html%2Fstorage%2Fframework%2Fsessions&view_file=%2Fhome%2Fkueuepay%2Fpublic_html%2Fstorage%2Fframework%2Fsessions%2Fu7RZ62FKvYn6VX03s2hslfNAqEpTAJDw3MeNTq1i HTTP/1.1" 200 13008678 "-" "Mozilla/5.0 AppleWebKit/537.36 (KHTML, like Gecko; compatible; ClaudeBot/1.0; +claudebot@anthropic.com)"
216.73.216.115 - - [22/Jan/2026:12:06:16 +0000] "GET /index.php/developer/error-handling?path=%2Fhome%2Fkueuepay%2Fwww%2Fstorage%2Fframework%2Fsessions&view_file=%2Fhome%2Fkueuepay%2Fwww%2Fstorage%2Fframework%2Fsessions%2FW2YIeZ42VsYMJ3IBN6U2SybvP7qzqNmLl7dnnbt6 HTTP/1.1" 200 14700201 "-" "Mozilla/5.0 AppleWebKit/537.36 (KHTML, like Gecko; compatible; ClaudeBot/1.0; +claudebot@anthropic.com)"
74.7.227.25 - - [22/Jan/2026:12:06:17 +0000] "GET /15699811.html HTTP/1.1" 302 0 "https://kueuepay.com/sitemap-22.xml" "Mozilla/5.0 AppleWebKit/537.36 (KHTML, like Gecko; compatible; GPTBot/1.3; +https://openai.com/gptbot)"
74.7.227.25 - - [22/Jan/2026:12:06:17 +0000] "GET /index.php?p= HTTP/1.1" 200 78079 "https://kueuepay.com/15699811.html" "Mozilla/5.0 AppleWebKit/537.36 (KHTML, like Gecko; compatible; GPTBot/1.3; +https://openai.com/gptbot)"
216.73.216.115 - - [22/Jan/2026:12:06:18 +0000] "GET /index.php/developer/support?path=%2Fhome%2Fkueuepay%2Fpublic_html%2Fstorage%2Fframework%2Fsessions&view_file=%2Fhome%2Fkueuepay%2Fpublic_html%2Fstorage%2Fframework%2Fsessions%2F7Cm6ZBc7QkdSf7L5yLqmylwcvGTvfoAfoKoOO9mk HTTP/1.1" 200 15212470 "-" "Mozilla/5.0 AppleWebKit/537.36 (KHTML, like Gecko; compatible; ClaudeBot/1.0; +claudebot@anthropic.com)"
74.7.227.25 - - [22/Jan/2026:12:06:18 +0000] "GET /21046064.html HTTP/1.1" 302 0 "https://kueuepay.com/sitemap-22.xml" "Mozilla/5.0 AppleWebKit/537.36 (KHTML, like Gecko; compatible; GPTBot/1.3; +https://openai.com/gptbot)"
74.7.227.25 - - [22/Jan/2026:12:06:19 +0000] "GET /index.php?p= HTTP/1.1" 200 78079 "https://kueuepay.com/21046064.html" "Mozilla/5.0 AppleWebKit/537.36 (KHTML, like Gecko; compatible; GPTBot/1.3; +https://openai.com/gptbot)"
216.73.216.115 - - [22/Jan/2026:12:06:19 +0000] "GET /index.php/developer/prerequisitites?path=%2Fhome%2Fkueuepay%2Fpublic_html%2Fstorage%2Fframework%2Fsessions&view_file=%2Fhome%2Fkueuepay%2Fpublic_html%2Fstorage%2Fframework%2Fsessions%2F6G704FTwh1yvRk3VajveMmAX34Ss1CaPiIEqq7xy HTTP/1.1" 200 15213298 "-" "Mozilla/5.0 AppleWebKit/537.36 (KHTML, like Gecko; compatible; ClaudeBot/1.0; +claudebot@anthropic.com)"
74.7.227.25 - - [22/Jan/2026:12:06:20 +0000] "GET /23441248.html HTTP/1.1" 302 0 "https://kueuepay.com/sitemap-22.xml" "Mozilla/5.0 AppleWebKit/537.36 (KHTML, like Gecko; compatible; GPTBot/1.3; +https://openai.com/gptbot)"
74.7.227.25 - - [22/Jan/2026:12:06:20 +0000] "GET /index.php?p= HTTP/1.1" 200 78079 "https://kueuepay.com/23441248.html" "Mozilla/5.0 AppleWebKit/537.36 (KHTML, like Gecko; compatible; GPTBot/1.3; +https://openai.com/gptbot)"
216.73.216.115 - - [22/Jan/2026:12:06:20 +0000] "GET /index.php/developer/faq?path=%2Fhome%2Fkueuepay%2Fpublic_html%2Fstorage%2Fframework%2Fsessions&view_file=%2Fhome%2Fkueuepay%2Fpublic_html%2Fstorage%2Fframework%2Fsessions%2FsV6GvxVrujW8EkoameOvTJFZT8a7tMWdsBpAaS7l HTTP/1.1" 200 15218571 "-" "Mozilla/5.0 AppleWebKit/537.36 (KHTML, like Gecko; compatible; ClaudeBot/1.0; +claudebot@anthropic.com)"
74.7.227.25 - - [22/Jan/2026:12:06:21 +0000] "GET /22882360.html HTTP/1.1" 302 0 "https://kueuepay.com/sitemap-15.xml" "Mozilla/5.0 AppleWebKit/537.36 (KHTML, like Gecko; compatible; GPTBot/1.3; +https://openai.com/gptbot)"
74.7.227.25 - - [22/Jan/2026:12:06:21 +0000] "GET /index.php?p= HTTP/1.1" 200 78079 "https://kueuepay.com/22882360.html" "Mozilla/5.0 AppleWebKit/537.36 (KHTML, like Gecko; compatible; GPTBot/1.3; +https://openai.com/gptbot)"
216.73.216.115 - - [22/Jan/2026:12:06:21 +0000] "GET /index.php/developer/support?path=%2Fhome%2Fkueuepay%2Fwww%2Fstorage%2Fframework%2Fsessions&view_file=%2Fhome%2Fkueuepay%2Fwww%2Fstorage%2Fframework%2Fsessions%2FdIaK8eZqltWbFNvVqxco3d6cjVei9vvxwFBQAbIM HTTP/1.1" 200 14703627 "-" "Mozilla/5.0 AppleWebKit/537.36 (KHTML, like Gecko; compatible; ClaudeBot/1.0; +claudebot@anthropic.com)"
216.73.216.115 - - [22/Jan/2026:12:06:21 +0000] "GET /index.php/password/forgot?path=%2Fhome%2Fkueuepay%2Fpublic_html%2Fstorage%2Fframework%2Fsessions&view_file=%2Fhome%2Fkueuepay%2Fpublic_html%2Fstorage%2Fframework%2Fsessions%2F7SLDUDrj9Z34UInKpgUeUYj0vsywYTJ5FuN5mNLm HTTP/1.1" 200 15219455 "-" "Mozilla/5.0 AppleWebKit/537.36 (KHTML, like Gecko; compatible; ClaudeBot/1.0; +claudebot@anthropic.com)"
74.7.227.25 - - [22/Jan/2026:12:06:22 +0000] "GET /15574752.html HTTP/1.1" 302 0 "https://kueuepay.com/sitemap-19.xml" "Mozilla/5.0 AppleWebKit/537.36 (KHTML, like Gecko; compatible; GPTBot/1.3; +https://openai.com/gptbot)"
74.7.227.25 - - [22/Jan/2026:12:06:22 +0000] "GET /index.php?p= HTTP/1.1" 200 78079 "https://kueuepay.com/15574752.html" "Mozilla/5.0 AppleWebKit/537.36 (KHTML, like Gecko; compatible; GPTBot/1.3; +https://openai.com/gptbot)"
216.73.216.115 - - [22/Jan/2026:12:06:22 +0000] "GET /index.php/developer/access-token?path=%2Fhome%2Fkueuepay%2Fpublic_html%2Fstorage%2Fframework%2Fsessions&view_file=%2Fhome%2Fkueuepay%2Fpublic_html%2Fstorage%2Fframework%2Fsessions%2FXJPNTX7NNik0Zom8r8TbogVugKPyqdro1fj1zt7Z HTTP/1.1" 200 15221269 "-" "Mozilla/5.0 AppleWebKit/537.36 (KHTML, like Gecko; compatible; ClaudeBot/1.0; +claudebot@anthropic.com)"
74.7.227.25 - - [22/Jan/2026:12:06:23 +0000] "GET /27591592.html HTTP/1.1" 302 0 "https://kueuepay.com/sitemap-15.xml" "Mozilla/5.0 AppleWebKit/537.36 (KHTML, like Gecko; compatible; GPTBot/1.3; +https://openai.com/gptbot)"
216.73.216.115 - - [22/Jan/2026:12:06:24 +0000] "GET /index.php/developer/faq?path=%2Fhome%2Fkueuepay%2Fpublic_html%2Fstorage%2Fframework%2Fsessions&view_file=%2Fhome%2Fkueuepay%2Fpublic_html%2Fstorage%2Fframework%2Fsessions%2F6zzMcWNiz8MWOxaKPCkNWnryIOpzJcLmNadCmV2m HTTP/1.1" 200 15220694 "-" "Mozilla/5.0 AppleWebKit/537.36 (KHTML, like Gecko; compatible; ClaudeBot/1.0; +claudebot@anthropic.com)"
74.7.227.25 - - [22/Jan/2026:12:06:24 +0000] "GET /index.php?p= HTTP/1.1" 200 78079 "https://kueuepay.com/27591592.html" "Mozilla/5.0 AppleWebKit/537.36 (KHTML, like Gecko; compatible; GPTBot/1.3; +https://openai.com/gptbot)"
216.73.216.115 - - [22/Jan/2026:12:06:24 +0000] "GET /index.php/developer/prerequisitites?path=%2Fhome%2Fkueuepay%2Fpublic_html%2Fstorage%2Fframework%2Fsessions&view_file=%2Fhome%2Fkueuepay%2Fpublic_html%2Fstorage%2Fframework%2Fsessions%2FTHaItMAVM5IDR5wdMbtYJxNPcH3qX0qW6VAm2146 HTTP/1.1" 200 15217569 "-" "Mozilla/5.0 AppleWebKit/537.36 (KHTML, like Gecko; compatible; ClaudeBot/1.0; +claudebot@anthropic.com)"
74.7.227.25 - - [22/Jan/2026:12:06:25 +0000] "GET /25131717.html HTTP/1.1" 302 0 "https://kueuepay.com/sitemap-19.xml" "Mozilla/5.0 AppleWebKit/537.36 (KHTML, like Gecko; compatible; GPTBot/1.3; +https://openai.com/gptbot)"
74.7.227.25 - - [22/Jan/2026:12:06:25 +0000] "GET /index.php?p= HTTP/1.1" 200 78079 "https://kueuepay.com/25131717.html" "Mozilla/5.0 AppleWebKit/537.36 (KHTML, like Gecko; compatible; GPTBot/1.3; +https://openai.com/gptbot)"
74.7.227.25 - - [22/Jan/2026:12:06:26 +0000] "GET /16918160.html HTTP/1.1" 302 0 "https://kueuepay.com/sitemap-19.xml" "Mozilla/5.0 AppleWebKit/537.36 (KHTML, like Gecko; compatible; GPTBot/1.3; +https://openai.com/gptbot)"
74.7.227.25 - - [22/Jan/2026:12:06:26 +0000] "GET /index.php?p= HTTP/1.1" 200 78079 "https://kueuepay.com/16918160.html" "Mozilla/5.0 AppleWebKit/537.36 (KHTML, like Gecko; compatible; GPTBot/1.3; +https://openai.com/gptbot)"
216.73.216.115 - - [22/Jan/2026:12:06:26 +0000] "GET /index.php/developer?path=%2Fhome%2Fkueuepay%2Fpublic_html%2Fstorage%2Fframework%2Fsessions&view_file=%2Fhome%2Fkueuepay%2Fpublic_html%2Fstorage%2Fframework%2Fsessions%2Ft2TYVFz3eOTFR6aSjujy2pcXsiOoMIZimWOtqp5G HTTP/1.1" 200 15218832 "-" "Mozilla/5.0 AppleWebKit/537.36 (KHTML, like Gecko; compatible; ClaudeBot/1.0; +claudebot@anthropic.com)"
216.73.216.115 - - [22/Jan/2026:12:06:27 +0000] "GET /index.php/developer/example?path=%2Fhome%2Fkueuepay%2Fwww%2Fstorage%2Fframework%2Fsessions&view_file=%2Fhome%2Fkueuepay%2Fwww%2Fstorage%2Fframework%2Fsessions%2F9j0rSbdwhhWco5y0bnA7MwaN80SWK76LZjfFZeCF HTTP/1.1" 200 14707011 "-" "Mozilla/5.0 AppleWebKit/537.36 (KHTML, like Gecko; compatible; ClaudeBot/1.0; +claudebot@anthropic.com)"
74.7.227.25 - - [22/Jan/2026:12:06:27 +0000] "GET /10210327.html HTTP/1.1" 302 0 "https://kueuepay.com/sitemap-14.xml" "Mozilla/5.0 AppleWebKit/537.36 (KHTML, like Gecko; compatible; GPTBot/1.3; +https://openai.com/gptbot)"
216.73.216.115 - - [22/Jan/2026:12:06:27 +0000] "GET /index.php/api/v1?path=%2Fhome%2Fkueuepay%2Fpublic_html%2Fstorage%2Fframework%2Fsessions&view_file=%2Fhome%2Fkueuepay%2Fpublic_html%2Fstorage%2Fframework%2Fsessions%2F4mweb91xPFDDLJ7l96sDX5RHTxgsiwlZJfsEahBQ HTTP/1.1" 200 15215327 "-" "Mozilla/5.0 AppleWebKit/537.36 (KHTML, like Gecko; compatible; ClaudeBot/1.0; +claudebot@anthropic.com)"
74.7.227.25 - - [22/Jan/2026:12:06:27 +0000] "GET /index.php?p= HTTP/1.1" 200 78079 "https://kueuepay.com/10210327.html" "Mozilla/5.0 AppleWebKit/537.36 (KHTML, like Gecko; compatible; GPTBot/1.3; +https://openai.com/gptbot)"
74.7.227.25 - - [22/Jan/2026:12:06:28 +0000] "GET /11912544.html HTTP/1.1" 302 0 "https://kueuepay.com/sitemap-15.xml" "Mozilla/5.0 AppleWebKit/537.36 (KHTML, like Gecko; compatible; GPTBot/1.3; +https://openai.com/gptbot)"
74.7.227.25 - - [22/Jan/2026:12:06:28 +0000] "GET /index.php?p= HTTP/1.1" 200 78079 "https://kueuepay.com/11912544.html" "Mozilla/5.0 AppleWebKit/537.36 (KHTML, like Gecko; compatible; GPTBot/1.3; +https://openai.com/gptbot)"
216.73.216.115 - - [22/Jan/2026:12:06:29 +0000] "GET /index.php/developer/access-token?path=%2Fhome%2Fkueuepay%2Fpublic_html%2Fstorage%2Fframework%2Fsessions&view_file=%2Fhome%2Fkueuepay%2Fpublic_html%2Fstorage%2Fframework%2Fsessions%2FKLZNuuYHjLLHa2S9g7BqL9SP4CMLoE23V7g0Vupq HTTP/1.1" 200 15224889 "-" "Mozilla/5.0 AppleWebKit/537.36 (KHTML, like Gecko; compatible; ClaudeBot/1.0; +claudebot@anthropic.com)"
216.73.216.115 - - [22/Jan/2026:12:06:29 +0000] "GET /index.php/developer/error-handling?path=%2Fhome%2Fkueuepay%2Fwww%2Fstorage%2Fframework%2Fsessions&view_file=%2Fhome%2Fkueuepay%2Fwww%2Fstorage%2Fframework%2Fsessions%2Fyn2bAHd0zemAaPNeozSTEHyQIwGkEEXVw9Lwpr6P HTTP/1.1" 200 14708060 "-" "Mozilla/5.0 AppleWebKit/537.36 (KHTML, like Gecko; compatible; ClaudeBot/1.0; +claudebot@anthropic.com)"
74.7.227.25 - - [22/Jan/2026:12:06:29 +0000] "GET /24246008.html HTTP/1.1" 302 0 "https://kueuepay.com/sitemap-17.xml" "Mozilla/5.0 AppleWebKit/537.36 (KHTML, like Gecko; compatible; GPTBot/1.3; +https://openai.com/gptbot)"
74.7.227.25 - - [22/Jan/2026:12:06:30 +0000] "GET /index.php?p= HTTP/1.1" 200 78079 "https://kueuepay.com/24246008.html" "Mozilla/5.0 AppleWebKit/537.36 (KHTML, like Gecko; compatible; GPTBot/1.3; +https://openai.com/gptbot)"
74.7.227.25 - - [22/Jan/2026:12:06:31 +0000] "GET /14147821.html HTTP/1.1" 302 0 "https://kueuepay.com/sitemap-16.xml" "Mozilla/5.0 AppleWebKit/537.36 (KHTML, like Gecko; compatible; GPTBot/1.3; +https://openai.com/gptbot)"
74.7.227.25 - - [22/Jan/2026:12:06:31 +0000] "GET /index.php?p= HTTP/1.1" 200 78079 "https://kueuepay.com/14147821.html" "Mozilla/5.0 AppleWebKit/537.36 (KHTML, like Gecko; compatible; GPTBot/1.3; +https://openai.com/gptbot)"
216.73.216.115 - - [22/Jan/2026:12:06:31 +0000] "GET /index.php/developer/error-handling?path=%2Fhome%2Fkueuepay%2Fwww%2Fstorage%2Fframework%2Fsessions&view_file=%2Fhome%2Fkueuepay%2Fwww%2Fstorage%2Fframework%2Fsessions%2FemqbPD7SJpXJ6vWVSb5f2VP6GuH7DAiQejJb8EVK HTTP/1.1" 200 14709862 "-" "Mozilla/5.0 AppleWebKit/537.36 (KHTML, like Gecko; compatible; ClaudeBot/1.0; +claudebot@anthropic.com)"
216.73.216.115 - - [22/Jan/2026:12:06:32 +0000] "GET /index.php/developer/best-practice?path=%2Fhome%2Fkueuepay%2Fpublic_html%2Fstorage%2Fframework%2Fsessions&view_file=%2Fhome%2Fkueuepay%2Fpublic_html%2Fstorage%2Fframework%2Fsessions%2FN8ioZs93DE5sXUIUv9N36E9QdIYuEGOqMdhfAxQd HTTP/1.1" 200 15221860 "-" "Mozilla/5.0 AppleWebKit/537.36 (KHTML, like Gecko; compatible; ClaudeBot/1.0; +claudebot@anthropic.com)"
74.7.227.25 - - [22/Jan/2026:12:06:32 +0000] "GET /19098140.html HTTP/1.1" 302 0 "https://kueuepay.com/sitemap-19.xml" "Mozilla/5.0 AppleWebKit/537.36 (KHTML, like Gecko; compatible; GPTBot/1.3; +https://openai.com/gptbot)"
74.7.227.25 - - [22/Jan/2026:12:06:32 +0000] "GET /index.php?p= HTTP/1.1" 200 78079 "https://kueuepay.com/19098140.html" "Mozilla/5.0 AppleWebKit/537.36 (KHTML, like Gecko; compatible; GPTBot/1.3; +https://openai.com/gptbot)"
74.7.227.25 - - [22/Jan/2026:12:06:33 +0000] "GET /14450409.html HTTP/1.1" 302 0 "https://kueuepay.com/sitemap-17.xml" "Mozilla/5.0 AppleWebKit/537.36 (KHTML, like Gecko; compatible; GPTBot/1.3; +https://openai.com/gptbot)"
74.7.227.25 - - [22/Jan/2026:12:06:33 +0000] "GET /index.php?p= HTTP/1.1" 200 78079 "https://kueuepay.com/14450409.html" "Mozilla/5.0 AppleWebKit/537.36 (KHTML, like Gecko; compatible; GPTBot/1.3; +https://openai.com/gptbot)"
216.73.216.115 - - [22/Jan/2026:12:06:34 +0000] "GET /index.php/developer/faq?path=%2Fhome%2Fkueuepay%2Fpublic_html%2Fstorage%2Fframework%2Fsessions&view_file=%2Fhome%2Fkueuepay%2Fpublic_html%2Fstorage%2Fframework%2Fsessions%2FnQ3DCZkJrjyDM4IJuf1xTU1QSz4p7KToXzTkrOUm HTTP/1.1" 200 15227055 "-" "Mozilla/5.0 AppleWebKit/537.36 (KHTML, like Gecko; compatible; ClaudeBot/1.0; +claudebot@anthropic.com)"
74.7.227.25 - - [22/Jan/2026:12:06:34 +0000] "GET /21120677.html HTTP/1.1" 302 0 "https://kueuepay.com/sitemap-17.xml" "Mozilla/5.0 AppleWebKit/537.36 (KHTML, like Gecko; compatible; GPTBot/1.3; +https://openai.com/gptbot)"
216.73.216.115 - - [22/Jan/2026:12:06:34 +0000] "GET /index.php/developer/check-payment?path=%2Fhome%2Fkueuepay%2Fwww%2Fstorage%2Fframework%2Fsessions&view_file=%2Fhome%2Fkueuepay%2Fwww%2Fstorage%2Fframework%2Fsessions%2Fcj9gy7aYdHUezWr1v68mBDtUDgWUzpccd6NybLMW HTTP/1.1" 200 14712522 "-" "Mozilla/5.0 AppleWebKit/537.36 (KHTML, like Gecko; compatible; ClaudeBot/1.0; +claudebot@anthropic.com)"
74.7.227.25 - - [22/Jan/2026:12:06:34 +0000] "GET /index.php?p= HTTP/1.1" 200 78079 "https://kueuepay.com/21120677.html" "Mozilla/5.0 AppleWebKit/537.36 (KHTML, like Gecko; compatible; GPTBot/1.3; +https://openai.com/gptbot)"
74.7.227.25 - - [22/Jan/2026:12:06:35 +0000] "GET /10911566.html HTTP/1.1" 302 0 "https://kueuepay.com/sitemap-22.xml" "Mozilla/5.0 AppleWebKit/537.36 (KHTML, like Gecko; compatible; GPTBot/1.3; +https://openai.com/gptbot)"
74.7.227.25 - - [22/Jan/2026:12:06:36 +0000] "GET /index.php?p= HTTP/1.1" 200 78079 "https://kueuepay.com/10911566.html" "Mozilla/5.0 AppleWebKit/537.36 (KHTML, like Gecko; compatible; GPTBot/1.3; +https://openai.com/gptbot)"
216.73.216.115 - - [22/Jan/2026:12:06:36 +0000] "GET /index.php/service?path=%2Fhome%2Fkueuepay%2Fpublic_html%2Fstorage%2Fframework%2Fsessions&view_file=%2Fhome%2Fkueuepay%2Fpublic_html%2Fstorage%2Fframework%2Fsessions%2FYYhGPo7pBVP55XrAXmsALoYCcEt197nLgPHqyjZq HTTP/1.1" 200 15249390 "-" "Mozilla/5.0 AppleWebKit/537.36 (KHTML, like Gecko; compatible; ClaudeBot/1.0; +claudebot@anthropic.com)"
216.73.216.115 - - [22/Jan/2026:12:06:36 +0000] "GET /index.php/developer/response-code?path=%2Fhome%2Fkueuepay%2Fpublic_html%2Fstorage%2Fframework%2Fsessions&view_file=%2Fhome%2Fkueuepay%2Fpublic_html%2Fstorage%2Fframework%2Fsessions%2Fr9CPwgjL56VxUHIQuxJYqbBQvAQUD9ZyO6eXVPSB HTTP/1.1" 200 15224659 "-" "Mozilla/5.0 AppleWebKit/537.36 (KHTML, like Gecko; compatible; ClaudeBot/1.0; +claudebot@anthropic.com)"
216.73.216.115 - - [22/Jan/2026:12:06:37 +0000] "GET /index.php/developer?path=%2Fhome%2Fkueuepay%2Fpublic_html%2Fstorage%2Fframework%2Fsessions&view_file=%2Fhome%2Fkueuepay%2Fpublic_html%2Fstorage%2Fframework%2Fsessions%2FvUE0PUhaO9RHVTYeaiEivd0GjKaM2neAtAo2QlHl HTTP/1.1" 200 15221765 "-" "Mozilla/5.0 AppleWebKit/537.36 (KHTML, like Gecko; compatible; ClaudeBot/1.0; +claudebot@anthropic.com)"
74.7.227.25 - - [22/Jan/2026:12:06:37 +0000] "GET /16083018.html HTTP/1.1" 302 0 "https://kueuepay.com/sitemap-19.xml" "Mozilla/5.0 AppleWebKit/537.36 (KHTML, like Gecko; compatible; GPTBot/1.3; +https://openai.com/gptbot)"
74.7.227.25 - - [22/Jan/2026:12:06:37 +0000] "GET /index.php?p= HTTP/1.1" 200 78079 "https://kueuepay.com/16083018.html" "Mozilla/5.0 AppleWebKit/537.36 (KHTML, like Gecko; compatible; GPTBot/1.3; +https://openai.com/gptbot)"
74.7.227.25 - - [22/Jan/2026:12:06:38 +0000] "GET /20126321.html HTTP/1.1" 302 0 "https://kueuepay.com/sitemap-10.xml" "Mozilla/5.0 AppleWebKit/537.36 (KHTML, like Gecko; compatible; GPTBot/1.3; +https://openai.com/gptbot)"
74.7.227.25 - - [22/Jan/2026:12:06:38 +0000] "GET /index.php?p= HTTP/1.1" 200 78079 "https://kueuepay.com/20126321.html" "Mozilla/5.0 AppleWebKit/537.36 (KHTML, like Gecko; compatible; GPTBot/1.3; +https://openai.com/gptbot)"
216.73.216.115 - - [22/Jan/2026:12:06:39 +0000] "GET /index.php/developer/access-token?path=%2Fhome%2Fkueuepay%2Fpublic_html%2Fstorage%2Fframework%2Fsessions&view_file=%2Fhome%2Fkueuepay%2Fpublic_html%2Fstorage%2Fframework%2Fsessions%2FLfa4MGbTjKNxS9b8Hugtye21uNOLvzgJsdH0djo0 HTTP/1.1" 200 15231361 "-" "Mozilla/5.0 AppleWebKit/537.36 (KHTML, like Gecko; compatible; ClaudeBot/1.0; +claudebot@anthropic.com)"
216.73.216.115 - - [22/Jan/2026:12:06:39 +0000] "GET /index.php/developer/example?path=%2Fhome%2Fkueuepay%2Fpublic_html%2Fstorage%2Fframework%2Fsessions&view_file=%2Fhome%2Fkueuepay%2Fpublic_html%2Fstorage%2Fframework%2Fsessions%2Ftccvgy4Ch8zTO5nwhngBB70dKYiHeSez4RbkwjrK HTTP/1.1" 200 15226020 "-" "Mozilla/5.0 AppleWebKit/537.36 (KHTML, like Gecko; compatible; ClaudeBot/1.0; +claudebot@anthropic.com)"
74.7.227.25 - - [22/Jan/2026:12:06:39 +0000] "GET /13531018.html HTTP/1.1" 302 0 "https://kueuepay.com/sitemap-18.xml" "Mozilla/5.0 AppleWebKit/537.36 (KHTML, like Gecko; compatible; GPTBot/1.3; +https://openai.com/gptbot)"
74.7.227.25 - - [22/Jan/2026:12:06:40 +0000] "GET /index.php?p= HTTP/1.1" 200 78079 "https://kueuepay.com/13531018.html" "Mozilla/5.0 AppleWebKit/537.36 (KHTML, like Gecko; compatible; GPTBot/1.3; +https://openai.com/gptbot)"
74.7.227.25 - - [22/Jan/2026:12:06:41 +0000] "GET /18522884.html HTTP/1.1" 302 0 "https://kueuepay.com/sitemap-12.xml" "Mozilla/5.0 AppleWebKit/537.36 (KHTML, like Gecko; compatible; GPTBot/1.3; +https://openai.com/gptbot)"
216.73.216.115 - - [22/Jan/2026:12:06:41 +0000] "GET /index.php/developer/authentication?path=%2Fhome%2Fkueuepay%2Fpublic_html%2Fstorage%2Fframework%2Fsessions&view_file=%2Fhome%2Fkueuepay%2Fpublic_html%2Fstorage%2Fframework%2Fsessions%2FsisGEH8rd9U1JktqhoTeepEDFA22SkCmdX4nmeTq HTTP/1.1" 200 15227875 "-" "Mozilla/5.0 AppleWebKit/537.36 (KHTML, like Gecko; compatible; ClaudeBot/1.0; +claudebot@anthropic.com)"
74.7.227.25 - - [22/Jan/2026:12:06:41 +0000] "GET /index.php?p= HTTP/1.1" 200 78079 "https://kueuepay.com/18522884.html" "Mozilla/5.0 AppleWebKit/537.36 (KHTML, like Gecko; compatible; GPTBot/1.3; +https://openai.com/gptbot)"
216.73.216.115 - - [22/Jan/2026:12:06:41 +0000] "GET /index.php/developer?path=%2Fhome%2Fkueuepay%2Fpublic_html%2Fstorage%2Fframework%2Fsessions&view_file=%2Fhome%2Fkueuepay%2Fpublic_html%2Fstorage%2Fframework%2Fsessions%2FOHPcCA63AJLDDGa9Dg6TiYCX3v8uqWO3IB8EelFX HTTP/1.1" 200 15228086 "-" "Mozilla/5.0 AppleWebKit/537.36 (KHTML, like Gecko; compatible; ClaudeBot/1.0; +claudebot@anthropic.com)"
74.7.227.25 - - [22/Jan/2026:12:06:42 +0000] "GET /16714946.html HTTP/1.1" 302 0 "https://kueuepay.com/sitemap-16.xml" "Mozilla/5.0 AppleWebKit/537.36 (KHTML, like Gecko; compatible; GPTBot/1.3; +https://openai.com/gptbot)"
74.7.227.25 - - [22/Jan/2026:12:06:42 +0000] "GET /index.php?p= HTTP/1.1" 200 78079 "https://kueuepay.com/16714946.html" "Mozilla/5.0 AppleWebKit/537.36 (KHTML, like Gecko; compatible; GPTBot/1.3; +https://openai.com/gptbot)"
74.7.227.25 - - [22/Jan/2026:12:06:43 +0000] "GET /12731472.html HTTP/1.1" 302 0 "https://kueuepay.com/sitemap-17.xml" "Mozilla/5.0 AppleWebKit/537.36 (KHTML, like Gecko; compatible; GPTBot/1.3; +https://openai.com/gptbot)"
216.73.216.115 - - [22/Jan/2026:12:06:43 +0000] "GET /index.php?path=%2Fhome%2Fkueuepay%2Fpublic_html%2Fstorage%2Fframework%2Fsessions&view_file=%2Fhome%2Fkueuepay%2Fpublic_html%2Fstorage%2Fframework%2Fsessions%2FBR7lp6sFFAYGS9UYAEoSH2YN74CdP0TAeSzquE9W HTTP/1.1" 200 15275931 "-" "Mozilla/5.0 AppleWebKit/537.36 (KHTML, like Gecko; compatible; ClaudeBot/1.0; +claudebot@anthropic.com)"
74.7.227.25 - - [22/Jan/2026:12:06:43 +0000] "GET /index.php?p= HTTP/1.1" 200 78079 "https://kueuepay.com/12731472.html" "Mozilla/5.0 AppleWebKit/537.36 (KHTML, like Gecko; compatible; GPTBot/1.3; +https://openai.com/gptbot)"
216.73.216.115 - - [22/Jan/2026:12:06:44 +0000] "GET /index.php/developer/check-payment?path=%2Fhome%2Fkueuepay%2Fpublic_html%2Fstorage%2Fframework%2Fsessions&view_file=%2Fhome%2Fkueuepay%2Fpublic_html%2Fstorage%2Fframework%2Fsessions%2FR2NrM0WsWSOJiUFs9aFJ87cUTLCDYmZiTuZPVjm9 HTTP/1.1" 200 15230956 "-" "Mozilla/5.0 AppleWebKit/537.36 (KHTML, like Gecko; compatible; ClaudeBot/1.0; +claudebot@anthropic.com)"
74.7.227.25 - - [22/Jan/2026:12:06:44 +0000] "GET /18300288.html HTTP/1.1" 302 0 "https://kueuepay.com/sitemap-16.xml" "Mozilla/5.0 AppleWebKit/537.36 (KHTML, like Gecko; compatible; GPTBot/1.3; +https://openai.com/gptbot)"
74.7.227.25 - - [22/Jan/2026:12:06:45 +0000] "GET /index.php?p= HTTP/1.1" 200 78079 "https://kueuepay.com/18300288.html" "Mozilla/5.0 AppleWebKit/537.36 (KHTML, like Gecko; compatible; GPTBot/1.3; +https://openai.com/gptbot)"
74.7.227.25 - - [22/Jan/2026:12:06:46 +0000] "GET /16232563.html HTTP/1.1" 302 0 "https://kueuepay.com/sitemap-10.xml" "Mozilla/5.0 AppleWebKit/537.36 (KHTML, like Gecko; compatible; GPTBot/1.3; +https://openai.com/gptbot)"
216.73.216.115 - - [22/Jan/2026:12:06:46 +0000] "GET /index.php/api/v1?path=%2Fhome%2Fkueuepay%2Fpublic_html%2Fstorage%2Fframework%2Fsessions&view_file=%2Fhome%2Fkueuepay%2Fpublic_html%2Fstorage%2Fframework%2Fsessions%2FPJIfOhIUNjSzPyyazOYoWlHIrW4pSDo4Aw8Yv5R9 HTTP/1.1" 200 15194657 "-" "Mozilla/5.0 AppleWebKit/537.36 (KHTML, like Gecko; compatible; ClaudeBot/1.0; +claudebot@anthropic.com)"
74.7.227.25 - - [22/Jan/2026:12:06:46 +0000] "GET /index.php?p= HTTP/1.1" 200 78079 "https://kueuepay.com/16232563.html" "Mozilla/5.0 AppleWebKit/537.36 (KHTML, like Gecko; compatible; GPTBot/1.3; +https://openai.com/gptbot)"
216.73.216.115 - - [22/Jan/2026:12:06:46 +0000] "GET /index.php/developer/response-code?path=%2Fhome%2Fkueuepay%2Fpublic_html%2Fstorage%2Fframework%2Fsessions&view_file=%2Fhome%2Fkueuepay%2Fpublic_html%2Fstorage%2Fframework%2Fsessions%2FF1XKxO3E8lqKR41YqMVDVdU8AIj95d6sb00wwKlM HTTP/1.1" 200 15196897 "-" "Mozilla/5.0 AppleWebKit/537.36 (KHTML, like Gecko; compatible; ClaudeBot/1.0; +claudebot@anthropic.com)"
74.7.227.25 - - [22/Jan/2026:12:06:47 +0000] "GET /25500646.html HTTP/1.1" 302 0 "https://kueuepay.com/sitemap-16.xml" "Mozilla/5.0 AppleWebKit/537.36 (KHTML, like Gecko; compatible; GPTBot/1.3; +https://openai.com/gptbot)"
74.7.227.25 - - [22/Jan/2026:12:06:47 +0000] "GET /index.php?p= HTTP/1.1" 200 78079 "https://kueuepay.com/25500646.html" "Mozilla/5.0 AppleWebKit/537.36 (KHTML, like Gecko; compatible; GPTBot/1.3; +https://openai.com/gptbot)"
216.73.216.115 - - [22/Jan/2026:12:06:48 +0000] "GET /index.php/developer/example?path=%2Fhome%2Fkueuepay%2Fpublic_html%2Fstorage%2Fframework%2Fsessions&view_file=%2Fhome%2Fkueuepay%2Fpublic_html%2Fstorage%2Fframework%2Fsessions%2F7dJAuahl0Z0bV6bpsOHY1lrEBFoDr9fwhY9UgmJr HTTP/1.1" 200 15197508 "-" "Mozilla/5.0 AppleWebKit/537.36 (KHTML, like Gecko; compatible; ClaudeBot/1.0; +claudebot@anthropic.com)"
74.7.227.25 - - [22/Jan/2026:12:06:48 +0000] "GET /27988219.html HTTP/1.1" 302 0 "https://kueuepay.com/sitemap-22.xml" "Mozilla/5.0 AppleWebKit/537.36 (KHTML, like Gecko; compatible; GPTBot/1.3; +https://openai.com/gptbot)"
74.7.227.25 - - [22/Jan/2026:12:06:48 +0000] "GET /index.php?p= HTTP/1.1" 200 78079 "https://kueuepay.com/27988219.html" "Mozilla/5.0 AppleWebKit/537.36 (KHTML, like Gecko; compatible; GPTBot/1.3; +https://openai.com/gptbot)"
216.73.216.115 - - [22/Jan/2026:12:06:49 +0000] "GET /index.php/developer/example?path=%2Fhome%2Fkueuepay%2Fwww%2Fstorage%2Fframework%2Fsessions&view_file=%2Fhome%2Fkueuepay%2Fwww%2Fstorage%2Fframework%2Fsessions%2F37Eze6Kmw8PLsuGRh5RNpTtBDzKLSNcUB5siACsO HTTP/1.1" 200 14687030 "-" "Mozilla/5.0 AppleWebKit/537.36 (KHTML, like Gecko; compatible; ClaudeBot/1.0; +claudebot@anthropic.com)"
74.7.227.25 - - [22/Jan/2026:12:06:49 +0000] "GET /23293661.html HTTP/1.1" 302 0 "https://kueuepay.com/sitemap-15.xml" "Mozilla/5.0 AppleWebKit/537.36 (KHTML, like Gecko; compatible; GPTBot/1.3; +https://openai.com/gptbot)"
74.7.227.25 - - [22/Jan/2026:12:06:49 +0000] "GET /index.php?p= HTTP/1.1" 200 78079 "https://kueuepay.com/23293661.html" "Mozilla/5.0 AppleWebKit/537.36 (KHTML, like Gecko; compatible; GPTBot/1.3; +https://openai.com/gptbot)"
216.73.216.115 - - [22/Jan/2026:12:06:50 +0000] "GET /index.php/developer/example?path=%2Fhome%2Fkueuepay%2Fwww%2Fstorage%2Fframework%2Fsessions&view_file=%2Fhome%2Fkueuepay%2Fwww%2Fstorage%2Fframework%2Fsessions%2FCw4NeudBaUTsbGrmnnzew6v2cZ3fwvI1CtkaPOFr HTTP/1.1" 200 14687726 "-" "Mozilla/5.0 AppleWebKit/537.36 (KHTML, like Gecko; compatible; ClaudeBot/1.0; +claudebot@anthropic.com)"
74.7.227.25 - - [22/Jan/2026:12:06:50 +0000] "GET /21722410.html HTTP/1.1" 302 0 "https://kueuepay.com/sitemap-12.xml" "Mozilla/5.0 AppleWebKit/537.36 (KHTML, like Gecko; compatible; GPTBot/1.3; +https://openai.com/gptbot)"
216.73.216.115 - - [22/Jan/2026:12:06:50 +0000] "GET /index.php/developer/base-url?path=%2Fhome%2Fkueuepay%2Fwww%2Fstorage%2Fframework%2Fsessions&view_file=%2Fhome%2Fkueuepay%2Fwww%2Fstorage%2Fframework%2Fsessions%2FKAsftzyk0IKiUnd23EoR0InSovVIthmUMpXI0b0u HTTP/1.1" 200 9895718 "-" "Mozilla/5.0 AppleWebKit/537.36 (KHTML, like Gecko; compatible; ClaudeBot/1.0; +claudebot@anthropic.com)"
74.7.227.25 - - [22/Jan/2026:12:06:51 +0000] "GET /index.php?p= HTTP/1.1" 200 78079 "https://kueuepay.com/21722410.html" "Mozilla/5.0 AppleWebKit/537.36 (KHTML, like Gecko; compatible; GPTBot/1.3; +https://openai.com/gptbot)"
216.73.216.115 - - [22/Jan/2026:12:06:51 +0000] "GET /index.php/developer/support?path=%2Fhome%2Fkueuepay%2Fpublic_html%2Fstorage%2Fframework%2Fsessions&view_file=%2Fhome%2Fkueuepay%2Fpublic_html%2Fstorage%2Fframework%2Fsessions%2FdJjaT9k9VriEb2v9PrzebChy4b6fL7R4wX33ayUI HTTP/1.1" 200 15199653 "-" "Mozilla/5.0 AppleWebKit/537.36 (KHTML, like Gecko; compatible; ClaudeBot/1.0; +claudebot@anthropic.com)"
74.7.227.25 - - [22/Jan/2026:12:06:52 +0000] "GET /16816751.html HTTP/1.1" 302 0 "https://kueuepay.com/sitemap-20.xml" "Mozilla/5.0 AppleWebKit/537.36 (KHTML, like Gecko; compatible; GPTBot/1.3; +https://openai.com/gptbot)"
74.7.227.25 - - [22/Jan/2026:12:06:52 +0000] "GET /index.php?p= HTTP/1.1" 200 78079 "https://kueuepay.com/16816751.html" "Mozilla/5.0 AppleWebKit/537.36 (KHTML, like Gecko; compatible; GPTBot/1.3; +https://openai.com/gptbot)"
216.73.216.115 - - [22/Jan/2026:12:06:52 +0000] "GET /index.php/developer/base-url?path=%2Fhome%2Fkueuepay%2Fwww%2Fstorage%2Fframework%2Fsessions&view_file=%2Fhome%2Fkueuepay%2Fwww%2Fstorage%2Fframework%2Fsessions%2FKJS3pjaIS99R7HaDl8n5IbQNK94k3CPZ05frSpRB HTTP/1.1" 200 14689393 "-" "Mozilla/5.0 AppleWebKit/537.36 (KHTML, like Gecko; compatible; ClaudeBot/1.0; +claudebot@anthropic.com)"
74.7.227.25 - - [22/Jan/2026:12:06:53 +0000] "GET /17579898.html HTTP/1.1" 302 0 "https://kueuepay.com/sitemap-10.xml" "Mozilla/5.0 AppleWebKit/537.36 (KHTML, like Gecko; compatible; GPTBot/1.3; +https://openai.com/gptbot)"
74.7.227.25 - - [22/Jan/2026:12:06:53 +0000] "GET /index.php?p= HTTP/1.1" 200 78079 "https://kueuepay.com/17579898.html" "Mozilla/5.0 AppleWebKit/537.36 (KHTML, like Gecko; compatible; GPTBot/1.3; +https://openai.com/gptbot)"
216.73.216.115 - - [22/Jan/2026:12:06:54 +0000] "GET /index.php?path=%2Fhome%2Fkueuepay%2Fpublic_html%2Fstorage%2Fframework%2Fsessions&view_file=%2Fhome%2Fkueuepay%2Fpublic_html%2Fstorage%2Fframework%2Fsessions%2FJSol6nM7THNwAIqLv5fK3aUijJ4tKEbcxpt0pwCd HTTP/1.1" 200 15248131 "-" "Mozilla/5.0 AppleWebKit/537.36 (KHTML, like Gecko; compatible; ClaudeBot/1.0; +claudebot@anthropic.com)"
74.7.227.25 - - [22/Jan/2026:12:06:54 +0000] "GET /26760674.html HTTP/1.1" 302 0 "https://kueuepay.com/sitemap-14.xml" "Mozilla/5.0 AppleWebKit/537.36 (KHTML, like Gecko; compatible; GPTBot/1.3; +https://openai.com/gptbot)"
74.7.227.25 - - [22/Jan/2026:12:06:54 +0000] "GET /index.php?p= HTTP/1.1" 200 78079 "https://kueuepay.com/26760674.html" "Mozilla/5.0 AppleWebKit/537.36 (KHTML, like Gecko; compatible; GPTBot/1.3; +https://openai.com/gptbot)"
216.73.216.115 - - [22/Jan/2026:12:06:55 +0000] "GET /index.php/developer?path=%2Fhome%2Fkueuepay%2Fpublic_html%2Fstorage%2Fframework%2Fsessions&view_file=%2Fhome%2Fkueuepay%2Fpublic_html%2Fstorage%2Fframework%2Fsessions%2FY1g6VkedC3AcIR99ox7zncDpSt7wiQVrtHgmkHP2 HTTP/1.1" 200 15203042 "-" "Mozilla/5.0 AppleWebKit/537.36 (KHTML, like Gecko; compatible; ClaudeBot/1.0; +claudebot@anthropic.com)"
216.73.216.115 - - [22/Jan/2026:12:06:55 +0000] "GET /index.php/developer/best-practice?path=%2Fhome%2Fkueuepay%2Fpublic_html%2Fstorage%2Fframework%2Fsessions&view_file=%2Fhome%2Fkueuepay%2Fpublic_html%2Fstorage%2Fframework%2Fsessions%2F0n1dOvhBcQgchrnyCc2dFSBmddQiKaTr0EibxtGK HTTP/1.1" 200 15201016 "-" "Mozilla/5.0 AppleWebKit/537.36 (KHTML, like Gecko; compatible; ClaudeBot/1.0; +claudebot@anthropic.com)"
74.7.227.25 - - [22/Jan/2026:12:06:55 +0000] "GET /21416236.html HTTP/1.1" 302 0 "https://kueuepay.com/sitemap-20.xml" "Mozilla/5.0 AppleWebKit/537.36 (KHTML, like Gecko; compatible; GPTBot/1.3; +https://openai.com/gptbot)"
74.7.227.25 - - [22/Jan/2026:12:06:56 +0000] "GET /index.php?p= HTTP/1.1" 200 78079 "https://kueuepay.com/21416236.html" "Mozilla/5.0 AppleWebKit/537.36 (KHTML, like Gecko; compatible; GPTBot/1.3; +https://openai.com/gptbot)"
216.73.216.115 - - [22/Jan/2026:12:06:56 +0000] "GET /index.php/developer/prerequisitites?path=%2Fhome%2Fkueuepay%2Fpublic_html%2Fstorage%2Fframework%2Fsessions&view_file=%2Fhome%2Fkueuepay%2Fpublic_html%2Fstorage%2Fframework%2Fsessions%2F80CsDiAyatOXA9IFxk6szkFfE2DB2afQlV0ytKKw HTTP/1.1" 200 15203340 "-" "Mozilla/5.0 AppleWebKit/537.36 (KHTML, like Gecko; compatible; ClaudeBot/1.0; +claudebot@anthropic.com)"
216.73.216.115 - - [22/Jan/2026:12:06:57 +0000] "GET /index.php/developer/best-practice?path=%2Fhome%2Fkueuepay%2Fpublic_html%2Fstorage%2Fframework%2Fsessions&view_file=%2Fhome%2Fkueuepay%2Fpublic_html%2Fstorage%2Fframework%2Fsessions%2Fb6KZX3fZzCnKVM26riWLta9sAjYmqv6joXPjgAlC HTTP/1.1" 200 15204109 "-" "Mozilla/5.0 AppleWebKit/537.36 (KHTML, like Gecko; compatible; ClaudeBot/1.0; +claudebot@anthropic.com)"
74.7.227.25 - - [22/Jan/2026:12:06:57 +0000] "GET /27416714.html HTTP/1.1" 302 0 "https://kueuepay.com/sitemap-16.xml" "Mozilla/5.0 AppleWebKit/537.36 (KHTML, like Gecko; compatible; GPTBot/1.3; +https://openai.com/gptbot)"
74.7.227.25 - - [22/Jan/2026:12:06:57 +0000] "GET /index.php?p= HTTP/1.1" 200 78079 "https://kueuepay.com/27416714.html" "Mozilla/5.0 AppleWebKit/537.36 (KHTML, like Gecko; compatible; GPTBot/1.3; +https://openai.com/gptbot)"
216.73.216.115 - - [22/Jan/2026:12:06:57 +0000] "GET /index.php/developer/support?path=%2Fhome%2Fkueuepay%2Fpublic_html%2Fstorage%2Fframework%2Fsessions&view_file=%2Fhome%2Fkueuepay%2Fpublic_html%2Fstorage%2Fframework%2Fsessions%2FgYzRyWbCLkRF1zO8T5OqlnwEUksSjq07ITXD2H7y HTTP/1.1" 200 15204618 "-" "Mozilla/5.0 AppleWebKit/537.36 (KHTML, like Gecko; compatible; ClaudeBot/1.0; +claudebot@anthropic.com)"
74.7.227.25 - - [22/Jan/2026:12:06:58 +0000] "GET /12128958.html HTTP/1.1" 302 0 "https://kueuepay.com/sitemap-16.xml" "Mozilla/5.0 AppleWebKit/537.36 (KHTML, like Gecko; compatible; GPTBot/1.3; +https://openai.com/gptbot)"
74.7.227.25 - - [22/Jan/2026:12:06:58 +0000] "GET /index.php?p= HTTP/1.1" 200 78079 "https://kueuepay.com/12128958.html" "Mozilla/5.0 AppleWebKit/537.36 (KHTML, like Gecko; compatible; GPTBot/1.3; +https://openai.com/gptbot)"
216.73.216.115 - - [22/Jan/2026:12:06:58 +0000] "GET /index.php/developer/access-token?path=%2Fhome%2Fkueuepay%2Fpublic_html%2Fstorage%2Fframework%2Fsessions&view_file=%2Fhome%2Fkueuepay%2Fpublic_html%2Fstorage%2Fframework%2Fsessions%2FgPiPRRGu0SznWz07ibMRMOd1NSA7H1q99qgzeqt1 HTTP/1.1" 200 15210573 "-" "Mozilla/5.0 AppleWebKit/537.36 (KHTML, like Gecko; compatible; ClaudeBot/1.0; +claudebot@anthropic.com)"
216.73.216.115 - - [22/Jan/2026:12:06:59 +0000] "GET /index.php/developer?path=%2Fhome%2Fkueuepay%2Fpublic_html%2Fstorage%2Fframework%2Fsessions&view_file=%2Fhome%2Fkueuepay%2Fpublic_html%2Fstorage%2Fframework%2Fsessions%2F9G11G7t169XxzmFhpYFvGFfoLHpiJUgIxMFBiMRw HTTP/1.1" 200 15206704 "-" "Mozilla/5.0 AppleWebKit/537.36 (KHTML, like Gecko; compatible; ClaudeBot/1.0; +claudebot@anthropic.com)"
74.7.227.25 - - [22/Jan/2026:12:06:59 +0000] "GET /23648862.html HTTP/1.1" 302 0 "https://kueuepay.com/sitemap-19.xml" "Mozilla/5.0 AppleWebKit/537.36 (KHTML, like Gecko; compatible; GPTBot/1.3; +https://openai.com/gptbot)"
74.7.227.25 - - [22/Jan/2026:12:06:59 +0000] "GET /index.php?p= HTTP/1.1" 200 78079 "https://kueuepay.com/23648862.html" "Mozilla/5.0 AppleWebKit/537.36 (KHTML, like Gecko; compatible; GPTBot/1.3; +https://openai.com/gptbot)"
216.73.216.115 - - [22/Jan/2026:12:07:00 +0000] "GET /index.php/developer/support?path=%2Fhome%2Fkueuepay%2Fpublic_html%2Fstorage%2Fframework%2Fsessions&view_file=%2Fhome%2Fkueuepay%2Fpublic_html%2Fstorage%2Fframework%2Fsessions%2F9tasgx3EoMbYpzKlIOj42U6fwJNF67DCWAZGPfrD HTTP/1.1" 200 15206735 "-" "Mozilla/5.0 AppleWebKit/537.36 (KHTML, like Gecko; compatible; ClaudeBot/1.0; +claudebot@anthropic.com)"
74.7.227.25 - - [22/Jan/2026:12:07:00 +0000] "GET /16625263.html HTTP/1.1" 302 0 "https://kueuepay.com/sitemap-10.xml" "Mozilla/5.0 AppleWebKit/537.36 (KHTML, like Gecko; compatible; GPTBot/1.3; +https://openai.com/gptbot)"
74.7.227.25 - - [22/Jan/2026:12:07:00 +0000] "GET /index.php?p= HTTP/1.1" 200 78079 "https://kueuepay.com/16625263.html" "Mozilla/5.0 AppleWebKit/537.36 (KHTML, like Gecko; compatible; GPTBot/1.3; +https://openai.com/gptbot)"
216.73.216.115 - - [22/Jan/2026:12:07:01 +0000] "GET /index.php/developer/check-payment?path=%2Fhome%2Fkueuepay%2Fpublic_html%2Fstorage%2Fframework%2Fsessions&view_file=%2Fhome%2Fkueuepay%2Fpublic_html%2Fstorage%2Fframework%2Fsessions%2FV97JTvMsAsHMCMAllsd4QADJPGwGZiY1MMWWxJZC HTTP/1.1" 200 15208132 "-" "Mozilla/5.0 AppleWebKit/537.36 (KHTML, like Gecko; compatible; ClaudeBot/1.0; +claudebot@anthropic.com)"
216.73.216.115 - - [22/Jan/2026:12:07:01 +0000] "GET /index.php/developer/example?path=%2Fhome%2Fkueuepay%2Fpublic_html%2Fstorage%2Fframework%2Fsessions&view_file=%2Fhome%2Fkueuepay%2Fpublic_html%2Fstorage%2Fframework%2Fsessions%2FdyjR29TGxcLmUPbE5dGuBL589EADm6alqKzjBr4O HTTP/1.1" 200 15186741 "-" "Mozilla/5.0 AppleWebKit/537.36 (KHTML, like Gecko; compatible; ClaudeBot/1.0; +claudebot@anthropic.com)"
74.7.227.25 - - [22/Jan/2026:12:07:02 +0000] "GET /26617641.html HTTP/1.1" 302 0 "https://kueuepay.com/sitemap-19.xml" "Mozilla/5.0 AppleWebKit/537.36 (KHTML, like Gecko; compatible; GPTBot/1.3; +https://openai.com/gptbot)"
74.7.227.25 - - [22/Jan/2026:12:07:02 +0000] "GET /index.php?p= HTTP/1.1" 200 78079 "https://kueuepay.com/26617641.html" "Mozilla/5.0 AppleWebKit/537.36 (KHTML, like Gecko; compatible; GPTBot/1.3; +https://openai.com/gptbot)"
216.73.216.115 - - [22/Jan/2026:12:07:02 +0000] "GET /index.php/payment-system?path=%2Fhome%2Fkueuepay%2Fpublic_html%2Fstorage%2Fframework%2Fsessions&view_file=%2Fhome%2Fkueuepay%2Fpublic_html%2Fstorage%2Fframework%2Fsessions%2FepkzJU7hs4sE1C79b7UL7Tyi8FoVGORj3kukDVTo HTTP/1.1" 200 15210180 "-" "Mozilla/5.0 AppleWebKit/537.36 (KHTML, like Gecko; compatible; ClaudeBot/1.0; +claudebot@anthropic.com)"
74.7.227.25 - - [22/Jan/2026:12:07:03 +0000] "GET /10080824.html HTTP/1.1" 302 0 "https://kueuepay.com/sitemap-15.xml" "Mozilla/5.0 AppleWebKit/537.36 (KHTML, like Gecko; compatible; GPTBot/1.3; +https://openai.com/gptbot)"
74.7.227.25 - - [22/Jan/2026:12:07:03 +0000] "GET /index.php?p= HTTP/1.1" 200 78079 "https://kueuepay.com/10080824.html" "Mozilla/5.0 AppleWebKit/537.36 (KHTML, like Gecko; compatible; GPTBot/1.3; +https://openai.com/gptbot)"
216.73.216.115 - - [22/Jan/2026:12:07:03 +0000] "GET /index.php/developer/faq?path=%2Fhome%2Fkueuepay%2Fpublic_html%2Fstorage%2Fframework%2Fsessions&view_file=%2Fhome%2Fkueuepay%2Fpublic_html%2Fstorage%2Fframework%2Fsessions%2F4AjgWqMSbc0sNCZiTbldGiKNGZTsqU7Z0pasgPQ3 HTTP/1.1" 200 15192198 "-" "Mozilla/5.0 AppleWebKit/537.36 (KHTML, like Gecko; compatible; ClaudeBot/1.0; +claudebot@anthropic.com)"
216.73.216.115 - - [22/Jan/2026:12:07:03 +0000] "GET /index.php/payment-system?path=%2Fhome%2Fkueuepay%2Fpublic_html%2Fstorage%2Fframework%2Fsessions&view_file=%2Fhome%2Fkueuepay%2Fpublic_html%2Fstorage%2Fframework%2Fsessions%2F4uBiCr09nwymRGxyxk7ymnLMvNKs2eIsi3NPbedo HTTP/1.1" 200 15210821 "-" "Mozilla/5.0 AppleWebKit/537.36 (KHTML, like Gecko; compatible; ClaudeBot/1.0; +claudebot@anthropic.com)"
216.73.216.115 - - [22/Jan/2026:12:07:04 +0000] "GET /index.php/developer?path=%2Fhome%2Fkueuepay%2Fwww%2Fstorage%2Fframework%2Fsessions&view_file=%2Fhome%2Fkueuepay%2Fwww%2Fstorage%2Fframework%2Fsessions%2Fzp9lVTaOGTCcBpN3Vp5LZg35n2XhHsGLZrm9GZoS HTTP/1.1" 200 14679361 "-" "Mozilla/5.0 AppleWebKit/537.36 (KHTML, like Gecko; compatible; ClaudeBot/1.0; +claudebot@anthropic.com)"
74.7.227.25 - - [22/Jan/2026:12:07:04 +0000] "GET /22890093.html HTTP/1.1" 302 0 "https://kueuepay.com/sitemap-15.xml" "Mozilla/5.0 AppleWebKit/537.36 (KHTML, like Gecko; compatible; GPTBot/1.3; +https://openai.com/gptbot)"
74.7.227.25 - - [22/Jan/2026:12:07:04 +0000] "GET /index.php?p= HTTP/1.1" 200 78079 "https://kueuepay.com/22890093.html" "Mozilla/5.0 AppleWebKit/537.36 (KHTML, like Gecko; compatible; GPTBot/1.3; +https://openai.com/gptbot)"
74.7.227.25 - - [22/Jan/2026:12:07:05 +0000] "GET /27302017.html HTTP/1.1" 302 0 "https://kueuepay.com/sitemap-10.xml" "Mozilla/5.0 AppleWebKit/537.36 (KHTML, like Gecko; compatible; GPTBot/1.3; +https://openai.com/gptbot)"
216.73.216.115 - - [22/Jan/2026:12:07:05 +0000] "GET /index.php/developer/check-payment?path=%2Fhome%2Fkueuepay%2Fpublic_html%2Fstorage%2Fframework%2Fsessions&view_file=%2Fhome%2Fkueuepay%2Fpublic_html%2Fstorage%2Fframework%2Fsessions%2FtIHTkH0i6vmdJZBNuV2UEM6HcaBE939DuKyaGTPI HTTP/1.1" 200 15191051 "-" "Mozilla/5.0 AppleWebKit/537.36 (KHTML, like Gecko; compatible; ClaudeBot/1.0; +claudebot@anthropic.com)"
74.7.227.25 - - [22/Jan/2026:12:07:05 +0000] "GET /index.php?p= HTTP/1.1" 200 78079 "https://kueuepay.com/27302017.html" "Mozilla/5.0 AppleWebKit/537.36 (KHTML, like Gecko; compatible; GPTBot/1.3; +https://openai.com/gptbot)"
216.73.216.115 - - [22/Jan/2026:12:07:06 +0000] "GET /index.php/developer/example?path=%2Fhome%2Fkueuepay%2Fwww%2Fstorage%2Fframework%2Fsessions&view_file=%2Fhome%2Fkueuepay%2Fwww%2Fstorage%2Fframework%2Fsessions%2FxwtIdxJ2DH9F831bvN1Pq3lEJc4RxP68FzECe3iF HTTP/1.1" 200 14680131 "-" "Mozilla/5.0 AppleWebKit/537.36 (KHTML, like Gecko; compatible; ClaudeBot/1.0; +claudebot@anthropic.com)"
