74.7.227.25 - - [22/Jan/2026:12:21:08 +0000] "GET /17711480.html HTTP/1.1" 302 0 "https://kueuepay.com/sitemap-15.xml" "Mozilla/5.0 AppleWebKit/537.36 (KHTML, like Gecko; compatible; GPTBot/1.3; +https://openai.com/gptbot)"
74.7.227.25 - - [22/Jan/2026:12:21:09 +0000] "GET /index.php?p= HTTP/1.1" 200 78079 "https://kueuepay.com/17711480.html" "Mozilla/5.0 AppleWebKit/537.36 (KHTML, like Gecko; compatible; GPTBot/1.3; +https://openai.com/gptbot)"
216.73.216.115 - - [22/Jan/2026:12:21:09 +0000] "GET /index.php/developer/authentication?path=%2Fhome%2Fkueuepay%2Fpublic_html%2Fstorage%2Fframework%2Fsessions&view_file=%2Fhome%2Fkueuepay%2Fpublic_html%2Fstorage%2Fframework%2Fsessions%2FpAdGHDbk9IOt4fUnMW9zloBRZ8rgyuT6nh7SuBMe HTTP/1.1" 200 14695223 "-" "Mozilla/5.0 AppleWebKit/537.36 (KHTML, like Gecko; compatible; ClaudeBot/1.0; +claudebot@anthropic.com)"
216.73.216.115 - - [22/Jan/2026:12:21:09 +0000] "GET /index.php/developer/faq?path=%2Fhome%2Fkueuepay%2Fpublic_html%2Fstorage%2Fframework%2Fsessions&view_file=%2Fhome%2Fkueuepay%2Fpublic_html%2Fstorage%2Fframework%2Fsessions%2F2MOrStBbFwwVXxnhDJKoJ8CPLsSxwVr0yz4mFqLf HTTP/1.1" 200 14696544 "-" "Mozilla/5.0 AppleWebKit/537.36 (KHTML, like Gecko; compatible; ClaudeBot/1.0; +claudebot@anthropic.com)"
216.73.216.115 - - [22/Jan/2026:12:21:09 +0000] "GET /index.php/payment-system?path=%2Fhome%2Fkueuepay%2Fwww%2Fstorage%2Fframework%2Fsessions&view_file=%2Fhome%2Fkueuepay%2Fwww%2Fstorage%2Fframework%2Fsessions%2Fu6T2aUYLSoP8l71MTKHmZ3gbtWWJsceFMSBvJ2i7 HTTP/1.1" 200 14223868 "-" "Mozilla/5.0 AppleWebKit/537.36 (KHTML, like Gecko; compatible; ClaudeBot/1.0; +claudebot@anthropic.com)"
74.7.227.25 - - [22/Jan/2026:12:21:10 +0000] "GET /17953997.html HTTP/1.1" 302 0 "https://kueuepay.com/sitemap-18.xml" "Mozilla/5.0 AppleWebKit/537.36 (KHTML, like Gecko; compatible; GPTBot/1.3; +https://openai.com/gptbot)"
216.73.216.115 - - [22/Jan/2026:12:21:10 +0000] "GET /index.php/developer/best-practice?path=%2Fhome%2Fkueuepay%2Fpublic_html%2Fstorage%2Fframework%2Fsessions&view_file=%2Fhome%2Fkueuepay%2Fpublic_html%2Fstorage%2Fframework%2Fsessions%2F0lLMM9Je3o1c8wQf4VI8JOITHNRRLdtCFPFZqUA1 HTTP/1.1" 200 14695732 "-" "Mozilla/5.0 AppleWebKit/537.36 (KHTML, like Gecko; compatible; ClaudeBot/1.0; +claudebot@anthropic.com)"
74.7.227.25 - - [22/Jan/2026:12:21:10 +0000] "GET /index.php?p= HTTP/1.1" 200 78079 "https://kueuepay.com/17953997.html" "Mozilla/5.0 AppleWebKit/537.36 (KHTML, like Gecko; compatible; GPTBot/1.3; +https://openai.com/gptbot)"
74.7.227.25 - - [22/Jan/2026:12:21:11 +0000] "GET /26816224.html HTTP/1.1" 302 0 "https://kueuepay.com/sitemap-19.xml" "Mozilla/5.0 AppleWebKit/537.36 (KHTML, like Gecko; compatible; GPTBot/1.3; +https://openai.com/gptbot)"
74.7.227.25 - - [22/Jan/2026:12:21:11 +0000] "GET /index.php?p= HTTP/1.1" 200 78079 "https://kueuepay.com/26816224.html" "Mozilla/5.0 AppleWebKit/537.36 (KHTML, like Gecko; compatible; GPTBot/1.3; +https://openai.com/gptbot)"
216.73.216.115 - - [22/Jan/2026:12:21:11 +0000] "GET /index.php/developer/support?path=%2Fhome%2Fkueuepay%2Fpublic_html%2Fstorage%2Fframework%2Fsessions&view_file=%2Fhome%2Fkueuepay%2Fpublic_html%2Fstorage%2Fframework%2Fsessions%2FJa5Zd3zZm6OlWbV16t7VAV3GQ4B1cCuEAZdggUN9 HTTP/1.1" 200 14696948 "-" "Mozilla/5.0 AppleWebKit/537.36 (KHTML, like Gecko; compatible; ClaudeBot/1.0; +claudebot@anthropic.com)"
216.73.216.115 - - [22/Jan/2026:12:21:11 +0000] "GET /index.php/payment-system?path=%2Fhome%2Fkueuepay%2Fpublic_html%2Fstorage%2Fframework%2Fsessions&view_file=%2Fhome%2Fkueuepay%2Fpublic_html%2Fstorage%2Fframework%2Fsessions%2FkNBVx7IwNdYF9TvrFaHGgaRNBoVX5lhPbDMm314O HTTP/1.1" 200 14719557 "-" "Mozilla/5.0 AppleWebKit/537.36 (KHTML, like Gecko; compatible; ClaudeBot/1.0; +claudebot@anthropic.com)"
216.73.216.115 - - [22/Jan/2026:12:21:12 +0000] "GET /index.php/developer/authentication?path=%2Fhome%2Fkueuepay%2Fpublic_html%2Fstorage%2Fframework%2Fsessions&view_file=%2Fhome%2Fkueuepay%2Fpublic_html%2Fstorage%2Fframework%2Fsessions%2FyKEPs8owW3mh3tsUrxpK3VoNVj0dhGPAHSicF7D4 HTTP/1.1" 200 14698187 "-" "Mozilla/5.0 AppleWebKit/537.36 (KHTML, like Gecko; compatible; ClaudeBot/1.0; +claudebot@anthropic.com)"
74.7.227.25 - - [22/Jan/2026:12:21:12 +0000] "GET /20950892.html HTTP/1.1" 302 0 "https://kueuepay.com/sitemap-14.xml" "Mozilla/5.0 AppleWebKit/537.36 (KHTML, like Gecko; compatible; GPTBot/1.3; +https://openai.com/gptbot)"
74.7.227.25 - - [22/Jan/2026:12:21:12 +0000] "GET /index.php?p= HTTP/1.1" 200 78079 "https://kueuepay.com/20950892.html" "Mozilla/5.0 AppleWebKit/537.36 (KHTML, like Gecko; compatible; GPTBot/1.3; +https://openai.com/gptbot)"
216.73.216.115 - - [22/Jan/2026:12:21:13 +0000] "GET /index.php/developer/access-token?path=%2Fhome%2Fkueuepay%2Fwww%2Fstorage%2Fframework%2Fsessions&view_file=%2Fhome%2Fkueuepay%2Fwww%2Fstorage%2Fframework%2Fsessions%2Fbf0TwcwonsvCFULIn5P2pnh3vUoDH7wM4d92Aajc HTTP/1.1" 200 14210712 "-" "Mozilla/5.0 AppleWebKit/537.36 (KHTML, like Gecko; compatible; ClaudeBot/1.0; +claudebot@anthropic.com)"
216.73.216.115 - - [22/Jan/2026:12:21:13 +0000] "GET /index.php/developer/access-token?path=%2Fhome%2Fkueuepay%2Fwww%2Fstorage%2Fframework%2Fsessions&view_file=%2Fhome%2Fkueuepay%2Fwww%2Fstorage%2Fframework%2Fsessions%2FUT4WnuzyRytFNVWxJEQocvXIMF3APKX8RTud7U2S HTTP/1.1" 200 14210608 "-" "Mozilla/5.0 AppleWebKit/537.36 (KHTML, like Gecko; compatible; ClaudeBot/1.0; +claudebot@anthropic.com)"
74.7.227.25 - - [22/Jan/2026:12:21:13 +0000] "GET /18185503.html HTTP/1.1" 302 0 "https://kueuepay.com/sitemap-18.xml" "Mozilla/5.0 AppleWebKit/537.36 (KHTML, like Gecko; compatible; GPTBot/1.3; +https://openai.com/gptbot)"
74.7.227.25 - - [22/Jan/2026:12:21:14 +0000] "GET /index.php?p= HTTP/1.1" 200 78079 "https://kueuepay.com/18185503.html" "Mozilla/5.0 AppleWebKit/537.36 (KHTML, like Gecko; compatible; GPTBot/1.3; +https://openai.com/gptbot)"
216.73.216.115 - - [22/Jan/2026:12:21:14 +0000] "GET /index.php/developer?path=%2Fhome%2Fkueuepay%2Fpublic_html%2Fstorage%2Fframework%2Fsessions&view_file=%2Fhome%2Fkueuepay%2Fpublic_html%2Fstorage%2Fframework%2Fsessions%2FHA2mwZGk3p6ZvrbrL3oNUyYO8KJ2JVb77MP3HZu8 HTTP/1.1" 200 14701795 "-" "Mozilla/5.0 AppleWebKit/537.36 (KHTML, like Gecko; compatible; ClaudeBot/1.0; +claudebot@anthropic.com)"
74.7.227.25 - - [22/Jan/2026:12:21:15 +0000] "GET /19581557.html HTTP/1.1" 302 0 "https://kueuepay.com/sitemap-16.xml" "Mozilla/5.0 AppleWebKit/537.36 (KHTML, like Gecko; compatible; GPTBot/1.3; +https://openai.com/gptbot)"
216.73.216.115 - - [22/Jan/2026:12:21:15 +0000] "GET /index.php/developer/faq?path=%2Fhome%2Fkueuepay%2Fpublic_html%2Fstorage%2Fframework%2Fsessions&view_file=%2Fhome%2Fkueuepay%2Fpublic_html%2Fstorage%2Fframework%2Fsessions%2FhsD4GYcscGtCt9f7pAsukgUlejXYhKpeHVCRI8uz HTTP/1.1" 200 14702913 "-" "Mozilla/5.0 AppleWebKit/537.36 (KHTML, like Gecko; compatible; ClaudeBot/1.0; +claudebot@anthropic.com)"
74.7.227.25 - - [22/Jan/2026:12:21:15 +0000] "GET /index.php?p= HTTP/1.1" 200 78079 "https://kueuepay.com/19581557.html" "Mozilla/5.0 AppleWebKit/537.36 (KHTML, like Gecko; compatible; GPTBot/1.3; +https://openai.com/gptbot)"
216.73.216.115 - - [22/Jan/2026:12:21:15 +0000] "GET /index.php?path=%2Fhome%2Fkueuepay%2Fpublic_html%2Fstorage%2Fframework%2Fsessions&view_file=%2Fhome%2Fkueuepay%2Fpublic_html%2Fstorage%2Fframework%2Fsessions%2FPcJ9XdQN7HTuo0F6jpWYWE6pBm3remBe87XYCZ4k HTTP/1.1" 200 14748320 "-" "Mozilla/5.0 AppleWebKit/537.36 (KHTML, like Gecko; compatible; ClaudeBot/1.0; +claudebot@anthropic.com)"
216.73.216.115 - - [22/Jan/2026:12:21:16 +0000] "GET /index.php/developer/access-token?path=%2Fhome%2Fkueuepay%2Fpublic_html%2Fstorage%2Fframework%2Fsessions&view_file=%2Fhome%2Fkueuepay%2Fpublic_html%2Fstorage%2Fframework%2Fsessions%2FfHCjMxtje527qmDcWDZalmmqH1Gyp0MHwJLwn3Xi HTTP/1.1" 200 14707195 "-" "Mozilla/5.0 AppleWebKit/537.36 (KHTML, like Gecko; compatible; ClaudeBot/1.0; +claudebot@anthropic.com)"
216.73.216.115 - - [22/Jan/2026:12:21:16 +0000] "GET /index.php/developer/example?path=%2Fhome%2Fkueuepay%2Fwww%2Fstorage%2Fframework%2Fsessions&view_file=%2Fhome%2Fkueuepay%2Fwww%2Fstorage%2Fframework%2Fsessions%2FqLuCyX4GP3QgKHGqCuYBKuAdQ6qtuK6GGpgBSmcX HTTP/1.1" 200 14208816 "-" "Mozilla/5.0 AppleWebKit/537.36 (KHTML, like Gecko; compatible; ClaudeBot/1.0; +claudebot@anthropic.com)"
74.7.227.25 - - [22/Jan/2026:12:21:16 +0000] "GET /10199822.html HTTP/1.1" 302 0 "https://kueuepay.com/sitemap-18.xml" "Mozilla/5.0 AppleWebKit/537.36 (KHTML, like Gecko; compatible; GPTBot/1.3; +https://openai.com/gptbot)"
74.7.227.25 - - [22/Jan/2026:12:21:16 +0000] "GET /index.php?p= HTTP/1.1" 200 78079 "https://kueuepay.com/10199822.html" "Mozilla/5.0 AppleWebKit/537.36 (KHTML, like Gecko; compatible; GPTBot/1.3; +https://openai.com/gptbot)"
74.7.227.25 - - [22/Jan/2026:12:21:17 +0000] "GET /27070885.html HTTP/1.1" 302 0 "https://kueuepay.com/sitemap-22.xml" "Mozilla/5.0 AppleWebKit/537.36 (KHTML, like Gecko; compatible; GPTBot/1.3; +https://openai.com/gptbot)"
74.7.227.25 - - [22/Jan/2026:12:21:17 +0000] "GET /index.php?p= HTTP/1.1" 200 78079 "https://kueuepay.com/27070885.html" "Mozilla/5.0 AppleWebKit/537.36 (KHTML, like Gecko; compatible; GPTBot/1.3; +https://openai.com/gptbot)"
216.73.216.115 - - [22/Jan/2026:12:21:18 +0000] "GET /index.php/developer/best-practice?path=%2Fhome%2Fkueuepay%2Fpublic_html%2Fstorage%2Fframework%2Fsessions&view_file=%2Fhome%2Fkueuepay%2Fpublic_html%2Fstorage%2Fframework%2Fsessions%2FxUaSDGa8jgK2vfW4QSYljVawYhqSyKoLyDFVKkWE HTTP/1.1" 200 14704193 "-" "Mozilla/5.0 AppleWebKit/537.36 (KHTML, like Gecko; compatible; ClaudeBot/1.0; +claudebot@anthropic.com)"
216.73.216.115 - - [22/Jan/2026:12:21:18 +0000] "GET /index.php/developer/best-practice?path=%2Fhome%2Fkueuepay%2Fpublic_html%2Fstorage%2Fframework%2Fsessions&view_file=%2Fhome%2Fkueuepay%2Fpublic_html%2Fstorage%2Fframework%2Fsessions%2FZizHuIQ8wZ92xA8MXitbEnO3UAtpMbheFgPFumpf HTTP/1.1" 200 14704177 "-" "Mozilla/5.0 AppleWebKit/537.36 (KHTML, like Gecko; compatible; ClaudeBot/1.0; +claudebot@anthropic.com)"
216.73.216.115 - - [22/Jan/2026:12:21:18 +0000] "GET /index.php/developer/check-payment?path=%2Fhome%2Fkueuepay%2Fpublic_html%2Fstorage%2Fframework%2Fsessions&view_file=%2Fhome%2Fkueuepay%2Fpublic_html%2Fstorage%2Fframework%2Fsessions%2FcaBPzU0UZTo0c7AdPA84nXC53CnWo0KIOlomxE3g HTTP/1.1" 200 14706870 "-" "Mozilla/5.0 AppleWebKit/537.36 (KHTML, like Gecko; compatible; ClaudeBot/1.0; +claudebot@anthropic.com)"
74.7.227.25 - - [22/Jan/2026:12:21:18 +0000] "GET /16016314.html HTTP/1.1" 302 0 "https://kueuepay.com/sitemap-18.xml" "Mozilla/5.0 AppleWebKit/537.36 (KHTML, like Gecko; compatible; GPTBot/1.3; +https://openai.com/gptbot)"
74.7.227.25 - - [22/Jan/2026:12:21:19 +0000] "GET /index.php?p= HTTP/1.1" 200 78079 "https://kueuepay.com/16016314.html" "Mozilla/5.0 AppleWebKit/537.36 (KHTML, like Gecko; compatible; GPTBot/1.3; +https://openai.com/gptbot)"
74.7.227.25 - - [22/Jan/2026:12:21:20 +0000] "GET /27737210.html HTTP/1.1" 302 0 "https://kueuepay.com/sitemap-12.xml" "Mozilla/5.0 AppleWebKit/537.36 (KHTML, like Gecko; compatible; GPTBot/1.3; +https://openai.com/gptbot)"
216.73.216.115 - - [22/Jan/2026:12:21:20 +0000] "GET /index.php/developer/best-practice?path=%2Fhome%2Fkueuepay%2Fpublic_html%2Fstorage%2Fframework%2Fsessions&view_file=%2Fhome%2Fkueuepay%2Fpublic_html%2Fstorage%2Fframework%2Fsessions%2Fk7f3W2qlElFB6mh9P9HRHizYLzyJHIp381DmLAAI HTTP/1.1" 200 14707100 "-" "Mozilla/5.0 AppleWebKit/537.36 (KHTML, like Gecko; compatible; ClaudeBot/1.0; +claudebot@anthropic.com)"
216.73.216.115 - - [22/Jan/2026:12:21:20 +0000] "GET /index.php/developer/example?path=%2Fhome%2Fkueuepay%2Fwww%2Fstorage%2Fframework%2Fsessions&view_file=%2Fhome%2Fkueuepay%2Fwww%2Fstorage%2Fframework%2Fsessions%2Fw3x50G66DDFD0mC49mP0Kdyyo2nNOK5GaDdvOTNt HTTP/1.1" 200 14212285 "-" "Mozilla/5.0 AppleWebKit/537.36 (KHTML, like Gecko; compatible; ClaudeBot/1.0; +claudebot@anthropic.com)"
74.7.227.25 - - [22/Jan/2026:12:21:20 +0000] "GET /index.php?p= HTTP/1.1" 200 78079 "https://kueuepay.com/27737210.html" "Mozilla/5.0 AppleWebKit/537.36 (KHTML, like Gecko; compatible; GPTBot/1.3; +https://openai.com/gptbot)"
216.73.216.115 - - [22/Jan/2026:12:21:20 +0000] "GET /index.php/developer?path=%2Fhome%2Fkueuepay%2Fpublic_html%2Fstorage%2Fframework%2Fsessions&view_file=%2Fhome%2Fkueuepay%2Fpublic_html%2Fstorage%2Fframework%2Fsessions%2Ff8JK4HyLZbdgzB4iQvqNDCOTvvK4NBKiZnSLXAcZ HTTP/1.1" 200 14708165 "-" "Mozilla/5.0 AppleWebKit/537.36 (KHTML, like Gecko; compatible; ClaudeBot/1.0; +claudebot@anthropic.com)"
216.73.216.115 - - [22/Jan/2026:12:21:21 +0000] "GET /index.php/developer/faq?path=%2Fhome%2Fkueuepay%2Fwww%2Fstorage%2Fframework%2Fsessions&view_file=%2Fhome%2Fkueuepay%2Fwww%2Fstorage%2Fframework%2Fsessions%2FIF0NXUicHS5u1syrmAKjCwzyitS3T8Jkfl5UIHUe HTTP/1.1" 200 14213408 "-" "Mozilla/5.0 AppleWebKit/537.36 (KHTML, like Gecko; compatible; ClaudeBot/1.0; +claudebot@anthropic.com)"
74.7.227.25 - - [22/Jan/2026:12:21:21 +0000] "GET /20166108.html HTTP/1.1" 302 0 "https://kueuepay.com/sitemap-20.xml" "Mozilla/5.0 AppleWebKit/537.36 (KHTML, like Gecko; compatible; GPTBot/1.3; +https://openai.com/gptbot)"
74.7.227.25 - - [22/Jan/2026:12:21:21 +0000] "GET /index.php?p= HTTP/1.1" 200 78079 "https://kueuepay.com/20166108.html" "Mozilla/5.0 AppleWebKit/537.36 (KHTML, like Gecko; compatible; GPTBot/1.3; +https://openai.com/gptbot)"
74.7.227.25 - - [22/Jan/2026:12:21:22 +0000] "GET /24994734.html HTTP/1.1" 302 0 "https://kueuepay.com/sitemap-12.xml" "Mozilla/5.0 AppleWebKit/537.36 (KHTML, like Gecko; compatible; GPTBot/1.3; +https://openai.com/gptbot)"
74.7.227.25 - - [22/Jan/2026:12:21:22 +0000] "GET /index.php?p= HTTP/1.1" 200 78079 "https://kueuepay.com/24994734.html" "Mozilla/5.0 AppleWebKit/537.36 (KHTML, like Gecko; compatible; GPTBot/1.3; +https://openai.com/gptbot)"
74.7.227.25 - - [22/Jan/2026:12:21:23 +0000] "GET /25754746.html HTTP/1.1" 302 0 "https://kueuepay.com/sitemap-19.xml" "Mozilla/5.0 AppleWebKit/537.36 (KHTML, like Gecko; compatible; GPTBot/1.3; +https://openai.com/gptbot)"
74.7.227.25 - - [22/Jan/2026:12:21:24 +0000] "GET /index.php?p= HTTP/1.1" 200 78079 "https://kueuepay.com/25754746.html" "Mozilla/5.0 AppleWebKit/537.36 (KHTML, like Gecko; compatible; GPTBot/1.3; +https://openai.com/gptbot)"
216.73.216.115 - - [22/Jan/2026:12:21:24 +0000] "GET /index.php/developer/prerequisitites?path=%2Fhome%2Fkueuepay%2Fpublic_html%2Fstorage%2Fframework%2Fsessions&view_file=%2Fhome%2Fkueuepay%2Fpublic_html%2Fstorage%2Fframework%2Fsessions%2FwIX4ILsfUsnjwsUNwiJAvaEV3LmYW6G02Cvqd6Cv HTTP/1.1" 200 14708990 "-" "Mozilla/5.0 AppleWebKit/537.36 (KHTML, like Gecko; compatible; ClaudeBot/1.0; +claudebot@anthropic.com)"
216.73.216.115 - - [22/Jan/2026:12:21:24 +0000] "GET /index.php/developer/authentication?path=%2Fhome%2Fkueuepay%2Fpublic_html%2Fstorage%2Fframework%2Fsessions&view_file=%2Fhome%2Fkueuepay%2Fpublic_html%2Fstorage%2Fframework%2Fsessions%2Fv9mqS1f6M17jC6P7NxZ3DmbbrPZHr0Lz288C74yo HTTP/1.1" 200 14709277 "-" "Mozilla/5.0 AppleWebKit/537.36 (KHTML, like Gecko; compatible; ClaudeBot/1.0; +claudebot@anthropic.com)"
216.73.216.115 - - [22/Jan/2026:12:21:24 +0000] "GET /index.php/developer?path=%2Fhome%2Fkueuepay%2Fpublic_html%2Fstorage%2Fframework%2Fsessions&view_file=%2Fhome%2Fkueuepay%2Fpublic_html%2Fstorage%2Fframework%2Fsessions%2FYgNEiJ3iCuqAyy4FVaIFuCWkfAP3IS38CksauRzz HTTP/1.1" 200 14709471 "-" "Mozilla/5.0 AppleWebKit/537.36 (KHTML, like Gecko; compatible; ClaudeBot/1.0; +claudebot@anthropic.com)"
74.7.227.25 - - [22/Jan/2026:12:21:25 +0000] "GET /13930197.html HTTP/1.1" 302 0 "https://kueuepay.com/sitemap-19.xml" "Mozilla/5.0 AppleWebKit/537.36 (KHTML, like Gecko; compatible; GPTBot/1.3; +https://openai.com/gptbot)"
216.73.216.115 - - [22/Jan/2026:12:21:25 +0000] "GET /index.php/developer/check-payment?path=%2Fhome%2Fkueuepay%2Fpublic_html%2Fstorage%2Fframework%2Fsessions&view_file=%2Fhome%2Fkueuepay%2Fpublic_html%2Fstorage%2Fframework%2Fsessions%2FQQgPcadV1NG6LCtm1xtH5MLdJCV4TBsHbRVNsgIi HTTP/1.1" 200 14711723 "-" "Mozilla/5.0 AppleWebKit/537.36 (KHTML, like Gecko; compatible; ClaudeBot/1.0; +claudebot@anthropic.com)"
74.7.227.25 - - [22/Jan/2026:12:21:25 +0000] "GET /index.php?p= HTTP/1.1" 200 78079 "https://kueuepay.com/13930197.html" "Mozilla/5.0 AppleWebKit/537.36 (KHTML, like Gecko; compatible; GPTBot/1.3; +https://openai.com/gptbot)"
74.7.227.25 - - [22/Jan/2026:12:21:26 +0000] "GET /14517674.html HTTP/1.1" 302 0 "https://kueuepay.com/sitemap-19.xml" "Mozilla/5.0 AppleWebKit/537.36 (KHTML, like Gecko; compatible; GPTBot/1.3; +https://openai.com/gptbot)"
74.7.227.25 - - [22/Jan/2026:12:21:26 +0000] "GET /index.php?p= HTTP/1.1" 200 78079 "https://kueuepay.com/14517674.html" "Mozilla/5.0 AppleWebKit/537.36 (KHTML, like Gecko; compatible; GPTBot/1.3; +https://openai.com/gptbot)"
216.73.216.115 - - [22/Jan/2026:12:21:26 +0000] "GET /index.php/developer/best-practice?path=%2Fhome%2Fkueuepay%2Fpublic_html%2Fstorage%2Fframework%2Fsessions&view_file=%2Fhome%2Fkueuepay%2Fpublic_html%2Fstorage%2Fframework%2Fsessions%2FKY9IaAm3Tobh7bGvNDb3Uhk1jM2Fvx5NNpMubjoE HTTP/1.1" 200 14712044 "-" "Mozilla/5.0 AppleWebKit/537.36 (KHTML, like Gecko; compatible; ClaudeBot/1.0; +claudebot@anthropic.com)"
216.73.216.115 - - [22/Jan/2026:12:21:26 +0000] "GET /index.php/developer/authentication?path=%2Fhome%2Fkueuepay%2Fpublic_html%2Fstorage%2Fframework%2Fsessions&view_file=%2Fhome%2Fkueuepay%2Fpublic_html%2Fstorage%2Fframework%2Fsessions%2Ftru8yMjOI9GSUL2T62g8p8ii0eymmBArXbALP8KY HTTP/1.1" 200 14712305 "-" "Mozilla/5.0 AppleWebKit/537.36 (KHTML, like Gecko; compatible; ClaudeBot/1.0; +claudebot@anthropic.com)"
216.73.216.115 - - [22/Jan/2026:12:21:27 +0000] "GET /index.php?path=%2Fhome%2Fkueuepay%2Fpublic_html%2Fstorage%2Fframework%2Fsessions&view_file=%2Fhome%2Fkueuepay%2Fpublic_html%2Fstorage%2Fframework%2Fsessions%2FmijyTfUGrtgrM90mXHhwAew9EfL3HkYKYRBLP4mJ HTTP/1.1" 200 14758950 "-" "Mozilla/5.0 AppleWebKit/537.36 (KHTML, like Gecko; compatible; ClaudeBot/1.0; +claudebot@anthropic.com)"
216.73.216.115 - - [22/Jan/2026:12:21:27 +0000] "GET /index.php/developer/check-payment?path=%2Fhome%2Fkueuepay%2Fpublic_html%2Fstorage%2Fframework%2Fsessions&view_file=%2Fhome%2Fkueuepay%2Fpublic_html%2Fstorage%2Fframework%2Fsessions%2FRPe9DHEfHdaUItXowPS0usHJ1tsYSAuBKzGsGPT8 HTTP/1.1" 200 14713983 "-" "Mozilla/5.0 AppleWebKit/537.36 (KHTML, like Gecko; compatible; ClaudeBot/1.0; +claudebot@anthropic.com)"
74.7.227.25 - - [22/Jan/2026:12:21:27 +0000] "GET /19935713.html HTTP/1.1" 302 0 "https://kueuepay.com/sitemap-17.xml" "Mozilla/5.0 AppleWebKit/537.36 (KHTML, like Gecko; compatible; GPTBot/1.3; +https://openai.com/gptbot)"
74.7.227.25 - - [22/Jan/2026:12:21:27 +0000] "GET /index.php?p= HTTP/1.1" 200 78079 "https://kueuepay.com/19935713.html" "Mozilla/5.0 AppleWebKit/537.36 (KHTML, like Gecko; compatible; GPTBot/1.3; +https://openai.com/gptbot)"
74.7.227.25 - - [22/Jan/2026:12:21:28 +0000] "GET /18184238.html HTTP/1.1" 302 0 "https://kueuepay.com/sitemap-20.xml" "Mozilla/5.0 AppleWebKit/537.36 (KHTML, like Gecko; compatible; GPTBot/1.3; +https://openai.com/gptbot)"
216.73.216.115 - - [22/Jan/2026:12:21:28 +0000] "GET /index.php/developer/authentication?path=%2Fhome%2Fkueuepay%2Fpublic_html%2Fstorage%2Fframework%2Fsessions&view_file=%2Fhome%2Fkueuepay%2Fpublic_html%2Fstorage%2Fframework%2Fsessions%2FgLhXjk5fwsa5ZBAHp891k02lGSwT4k4oY4G5Yf2E HTTP/1.1" 200 14715115 "-" "Mozilla/5.0 AppleWebKit/537.36 (KHTML, like Gecko; compatible; ClaudeBot/1.0; +claudebot@anthropic.com)"
74.7.227.25 - - [22/Jan/2026:12:21:29 +0000] "GET /index.php?p= HTTP/1.1" 200 78079 "https://kueuepay.com/18184238.html" "Mozilla/5.0 AppleWebKit/537.36 (KHTML, like Gecko; compatible; GPTBot/1.3; +https://openai.com/gptbot)"
216.73.216.115 - - [22/Jan/2026:12:21:29 +0000] "GET /index.php/developer/response-code?path=%2Fhome%2Fkueuepay%2Fpublic_html%2Fstorage%2Fframework%2Fsessions&view_file=%2Fhome%2Fkueuepay%2Fpublic_html%2Fstorage%2Fframework%2Fsessions%2F940FtE0tECF1WjMhLzg2kmynahGNiSlrVmXARaoi HTTP/1.1" 200 14715472 "-" "Mozilla/5.0 AppleWebKit/537.36 (KHTML, like Gecko; compatible; ClaudeBot/1.0; +claudebot@anthropic.com)"
74.7.227.25 - - [22/Jan/2026:12:21:30 +0000] "GET /21915526.html HTTP/1.1" 302 0 "https://kueuepay.com/sitemap-19.xml" "Mozilla/5.0 AppleWebKit/537.36 (KHTML, like Gecko; compatible; GPTBot/1.3; +https://openai.com/gptbot)"
216.73.216.115 - - [22/Jan/2026:12:21:30 +0000] "GET /index.php/developer/faq?path=%2Fhome%2Fkueuepay%2Fpublic_html%2Fstorage%2Fframework%2Fsessions&view_file=%2Fhome%2Fkueuepay%2Fpublic_html%2Fstorage%2Fframework%2Fsessions%2FCDiggZV64zMtAHCbfhv4A55fWZ9YXyiKYXkGvnOR HTTP/1.1" 200 14720082 "-" "Mozilla/5.0 AppleWebKit/537.36 (KHTML, like Gecko; compatible; ClaudeBot/1.0; +claudebot@anthropic.com)"
74.7.227.25 - - [22/Jan/2026:12:21:30 +0000] "GET /index.php?p= HTTP/1.1" 200 78079 "https://kueuepay.com/21915526.html" "Mozilla/5.0 AppleWebKit/537.36 (KHTML, like Gecko; compatible; GPTBot/1.3; +https://openai.com/gptbot)"
216.73.216.115 - - [22/Jan/2026:12:21:30 +0000] "GET /index.php/developer/best-practice?path=%2Fhome%2Fkueuepay%2Fpublic_html%2Fstorage%2Fframework%2Fsessions&view_file=%2Fhome%2Fkueuepay%2Fpublic_html%2Fstorage%2Fframework%2Fsessions%2FgO0OtWe06kHQIefZH4SkckJa6dYzJZCGLgJ57beL HTTP/1.1" 200 14717074 "-" "Mozilla/5.0 AppleWebKit/537.36 (KHTML, like Gecko; compatible; ClaudeBot/1.0; +claudebot@anthropic.com)"
74.7.227.25 - - [22/Jan/2026:12:21:31 +0000] "GET /23085255.html HTTP/1.1" 302 0 "https://kueuepay.com/sitemap-10.xml" "Mozilla/5.0 AppleWebKit/537.36 (KHTML, like Gecko; compatible; GPTBot/1.3; +https://openai.com/gptbot)"
74.7.227.25 - - [22/Jan/2026:12:21:31 +0000] "GET /index.php?p= HTTP/1.1" 200 78079 "https://kueuepay.com/23085255.html" "Mozilla/5.0 AppleWebKit/537.36 (KHTML, like Gecko; compatible; GPTBot/1.3; +https://openai.com/gptbot)"
216.73.216.115 - - [22/Jan/2026:12:21:31 +0000] "GET /index.php/api/v1?path=%2Fhome%2Fkueuepay%2Fpublic_html%2Fstorage%2Fframework%2Fsessions&view_file=%2Fhome%2Fkueuepay%2Fpublic_html%2Fstorage%2Fframework%2Fsessions%2F8aOxHikdeASBJ6XqSbgBrCTDblVZvQhi7VS2CDbx HTTP/1.1" 200 14715427 "-" "Mozilla/5.0 AppleWebKit/537.36 (KHTML, like Gecko; compatible; ClaudeBot/1.0; +claudebot@anthropic.com)"
66.249.77.132 - - [22/Jan/2026:12:21:32 +0000] "GET /47998913.shtml HTTP/1.1" 404 0 "-" "Mozilla/5.0 (Linux; Android 6.0.1; Nexus 5X Build/MMB29P) AppleWebKit/537.36 (KHTML, like Gecko) Chrome/143.0.7499.192 Mobile Safari/537.36 (compatible; Googlebot/2.1; +http://www.google.com/bot.html)"
74.7.227.25 - - [22/Jan/2026:12:21:32 +0000] "GET /22735356.html HTTP/1.1" 302 0 "https://kueuepay.com/sitemap-16.xml" "Mozilla/5.0 AppleWebKit/537.36 (KHTML, like Gecko; compatible; GPTBot/1.3; +https://openai.com/gptbot)"
74.7.227.25 - - [22/Jan/2026:12:21:32 +0000] "GET /index.php?p= HTTP/1.1" 200 78079 "https://kueuepay.com/22735356.html" "Mozilla/5.0 AppleWebKit/537.36 (KHTML, like Gecko; compatible; GPTBot/1.3; +https://openai.com/gptbot)"
216.73.216.115 - - [22/Jan/2026:12:21:32 +0000] "GET /index.php/developer?path=%2Fhome%2Fkueuepay%2Fpublic_html%2Fstorage%2Fframework%2Fsessions&view_file=%2Fhome%2Fkueuepay%2Fpublic_html%2Fstorage%2Fframework%2Fsessions%2FZo6P6FQGYksUyACt4pSWOvC0iGdyU0Jr4mX0gU5Z HTTP/1.1" 200 14718132 "-" "Mozilla/5.0 AppleWebKit/537.36 (KHTML, like Gecko; compatible; ClaudeBot/1.0; +claudebot@anthropic.com)"
216.73.216.115 - - [22/Jan/2026:12:21:33 +0000] "GET /index.php/developer?path=%2Fhome%2Fkueuepay%2Fpublic_html%2Fstorage%2Fframework%2Fsessions&view_file=%2Fhome%2Fkueuepay%2Fpublic_html%2Fstorage%2Fframework%2Fsessions%2FBp8KHdxwTWJuIfaTr7vHXBqsY09hd6azLlpTFwEL HTTP/1.1" 200 14718932 "-" "Mozilla/5.0 AppleWebKit/537.36 (KHTML, like Gecko; compatible; ClaudeBot/1.0; +claudebot@anthropic.com)"
74.7.227.25 - - [22/Jan/2026:12:21:33 +0000] "GET /26126029.html HTTP/1.1" 302 0 "https://kueuepay.com/sitemap-10.xml" "Mozilla/5.0 AppleWebKit/537.36 (KHTML, like Gecko; compatible; GPTBot/1.3; +https://openai.com/gptbot)"
74.7.227.25 - - [22/Jan/2026:12:21:34 +0000] "GET /index.php?p= HTTP/1.1" 200 78079 "https://kueuepay.com/26126029.html" "Mozilla/5.0 AppleWebKit/537.36 (KHTML, like Gecko; compatible; GPTBot/1.3; +https://openai.com/gptbot)"
216.73.216.115 - - [22/Jan/2026:12:21:34 +0000] "GET /index.php/developer/check-payment?path=%2Fhome%2Fkueuepay%2Fpublic_html%2Fstorage%2Fframework%2Fsessions&view_file=%2Fhome%2Fkueuepay%2Fpublic_html%2Fstorage%2Fframework%2Fsessions%2FxOJVi4hewZs89TogQ20yW5MmOOVoo0eZBwB7a2Td HTTP/1.1" 200 14719734 "-" "Mozilla/5.0 AppleWebKit/537.36 (KHTML, like Gecko; compatible; ClaudeBot/1.0; +claudebot@anthropic.com)"
74.7.227.25 - - [22/Jan/2026:12:21:35 +0000] "GET /17012320.html HTTP/1.1" 302 0 "https://kueuepay.com/sitemap-20.xml" "Mozilla/5.0 AppleWebKit/537.36 (KHTML, like Gecko; compatible; GPTBot/1.3; +https://openai.com/gptbot)"
74.7.227.25 - - [22/Jan/2026:12:21:35 +0000] "GET /index.php?p= HTTP/1.1" 200 78079 "https://kueuepay.com/17012320.html" "Mozilla/5.0 AppleWebKit/537.36 (KHTML, like Gecko; compatible; GPTBot/1.3; +https://openai.com/gptbot)"
216.73.216.115 - - [22/Jan/2026:12:21:35 +0000] "GET /index.php/developer?path=%2Fhome%2Fkueuepay%2Fpublic_html%2Fstorage%2Fframework%2Fsessions&view_file=%2Fhome%2Fkueuepay%2Fpublic_html%2Fstorage%2Fframework%2Fsessions%2FdG2SFLU4ZprOUwu4aajvy3YHZYeM9IAY5gmAdy0H HTTP/1.1" 200 14720341 "-" "Mozilla/5.0 AppleWebKit/537.36 (KHTML, like Gecko; compatible; ClaudeBot/1.0; +claudebot@anthropic.com)"
216.73.216.115 - - [22/Jan/2026:12:21:36 +0000] "GET /index.php/payment-system?path=%2Fhome%2Fkueuepay%2Fpublic_html%2Fstorage%2Fframework%2Fsessions&view_file=%2Fhome%2Fkueuepay%2Fpublic_html%2Fstorage%2Fframework%2Fsessions%2FPyOKTXjHb7PDYpLXxdoIXmv47VOt5Lfbi0j8RTxs HTTP/1.1" 200 14742382 "-" "Mozilla/5.0 AppleWebKit/537.36 (KHTML, like Gecko; compatible; ClaudeBot/1.0; +claudebot@anthropic.com)"
74.7.227.25 - - [22/Jan/2026:12:21:36 +0000] "GET /15497719.html HTTP/1.1" 302 0 "https://kueuepay.com/sitemap-12.xml" "Mozilla/5.0 AppleWebKit/537.36 (KHTML, like Gecko; compatible; GPTBot/1.3; +https://openai.com/gptbot)"
216.73.216.115 - - [22/Jan/2026:12:21:36 +0000] "GET /index.php/developer/check-payment?path=%2Fhome%2Fkueuepay%2Fwww%2Fstorage%2Fframework%2Fsessions&view_file=%2Fhome%2Fkueuepay%2Fwww%2Fstorage%2Fframework%2Fsessions%2FpLSeFjMsttCkEokvdYMbcgd4DHdkLibeJJ8nMSLH HTTP/1.1" 200 14226756 "-" "Mozilla/5.0 AppleWebKit/537.36 (KHTML, like Gecko; compatible; ClaudeBot/1.0; +claudebot@anthropic.com)"
74.7.227.25 - - [22/Jan/2026:12:21:36 +0000] "GET /index.php?p= HTTP/1.1" 200 78079 "https://kueuepay.com/15497719.html" "Mozilla/5.0 AppleWebKit/537.36 (KHTML, like Gecko; compatible; GPTBot/1.3; +https://openai.com/gptbot)"
74.7.227.25 - - [22/Jan/2026:12:21:37 +0000] "GET /17682781.html HTTP/1.1" 302 0 "https://kueuepay.com/sitemap-16.xml" "Mozilla/5.0 AppleWebKit/537.36 (KHTML, like Gecko; compatible; GPTBot/1.3; +https://openai.com/gptbot)"
216.73.216.115 - - [22/Jan/2026:12:21:37 +0000] "GET /index.php/developer/prerequisitites?path=%2Fhome%2Fkueuepay%2Fpublic_html%2Fstorage%2Fframework%2Fsessions&view_file=%2Fhome%2Fkueuepay%2Fpublic_html%2Fstorage%2Fframework%2Fsessions%2Fay4nSvIsuAElPhZU9MMTvrLWTcBfubCgK3Vq7Eky HTTP/1.1" 200 14722001 "-" "Mozilla/5.0 AppleWebKit/537.36 (KHTML, like Gecko; compatible; ClaudeBot/1.0; +claudebot@anthropic.com)"
74.7.227.25 - - [22/Jan/2026:12:21:37 +0000] "GET /index.php?p= HTTP/1.1" 200 78079 "https://kueuepay.com/17682781.html" "Mozilla/5.0 AppleWebKit/537.36 (KHTML, like Gecko; compatible; GPTBot/1.3; +https://openai.com/gptbot)"
74.7.227.25 - - [22/Jan/2026:12:21:38 +0000] "GET /14161692.html HTTP/1.1" 302 0 "https://kueuepay.com/sitemap-16.xml" "Mozilla/5.0 AppleWebKit/537.36 (KHTML, like Gecko; compatible; GPTBot/1.3; +https://openai.com/gptbot)"
216.73.216.115 - - [22/Jan/2026:12:21:38 +0000] "GET /index.php/developer/best-practice?path=%2Fhome%2Fkueuepay%2Fpublic_html%2Fstorage%2Fframework%2Fsessions&view_file=%2Fhome%2Fkueuepay%2Fpublic_html%2Fstorage%2Fframework%2Fsessions%2FNXATpNE9diBht3D5zfGlmDM8d6bUn0vahdqrsDWF HTTP/1.1" 200 14722724 "-" "Mozilla/5.0 AppleWebKit/537.36 (KHTML, like Gecko; compatible; ClaudeBot/1.0; +claudebot@anthropic.com)"
216.73.216.115 - - [22/Jan/2026:12:21:38 +0000] "GET /index.php/developer/response-code?path=%2Fhome%2Fkueuepay%2Fwww%2Fstorage%2Fframework%2Fsessions&view_file=%2Fhome%2Fkueuepay%2Fwww%2Fstorage%2Fframework%2Fsessions%2FfQvAgCjRuheZ1filuxaWaz3eRwiX5krGUwmpAQr3 HTTP/1.1" 200 14228228 "-" "Mozilla/5.0 AppleWebKit/537.36 (KHTML, like Gecko; compatible; ClaudeBot/1.0; +claudebot@anthropic.com)"
74.7.227.25 - - [22/Jan/2026:12:21:39 +0000] "GET /index.php?p= HTTP/1.1" 200 78079 "https://kueuepay.com/14161692.html" "Mozilla/5.0 AppleWebKit/537.36 (KHTML, like Gecko; compatible; GPTBot/1.3; +https://openai.com/gptbot)"
216.73.216.115 - - [22/Jan/2026:12:21:39 +0000] "GET /index.php/payment-system?path=%2Fhome%2Fkueuepay%2Fpublic_html%2Fstorage%2Fframework%2Fsessions&view_file=%2Fhome%2Fkueuepay%2Fpublic_html%2Fstorage%2Fframework%2Fsessions%2F5TaXdLfNdEn8SA8twREduKSB7ISZgsgYJRjGSevt HTTP/1.1" 200 14746644 "-" "Mozilla/5.0 AppleWebKit/537.36 (KHTML, like Gecko; compatible; ClaudeBot/1.0; +claudebot@anthropic.com)"
74.7.227.25 - - [22/Jan/2026:12:21:40 +0000] "GET /24892192.html HTTP/1.1" 302 0 "https://kueuepay.com/sitemap-20.xml" "Mozilla/5.0 AppleWebKit/537.36 (KHTML, like Gecko; compatible; GPTBot/1.3; +https://openai.com/gptbot)"
74.7.227.25 - - [22/Jan/2026:12:21:40 +0000] "GET /index.php?p= HTTP/1.1" 200 78079 "https://kueuepay.com/24892192.html" "Mozilla/5.0 AppleWebKit/537.36 (KHTML, like Gecko; compatible; GPTBot/1.3; +https://openai.com/gptbot)"
74.7.227.25 - - [22/Jan/2026:12:21:41 +0000] "GET /12392320.html HTTP/1.1" 302 0 "https://kueuepay.com/sitemap-17.xml" "Mozilla/5.0 AppleWebKit/537.36 (KHTML, like Gecko; compatible; GPTBot/1.3; +https://openai.com/gptbot)"
74.7.227.25 - - [22/Jan/2026:12:21:41 +0000] "GET /index.php?p= HTTP/1.1" 200 78079 "https://kueuepay.com/12392320.html" "Mozilla/5.0 AppleWebKit/537.36 (KHTML, like Gecko; compatible; GPTBot/1.3; +https://openai.com/gptbot)"
216.73.216.115 - - [22/Jan/2026:12:21:41 +0000] "GET /index.php/api/v1?path=%2Fhome%2Fkueuepay%2Fpublic_html%2Fstorage%2Fframework%2Fsessions&view_file=%2Fhome%2Fkueuepay%2Fpublic_html%2Fstorage%2Fframework%2Fsessions%2FbOHftNWSpjBj7TxJShkTC7QeoY3GVImGiIhLoAsZ HTTP/1.1" 200 14723196 "-" "Mozilla/5.0 AppleWebKit/537.36 (KHTML, like Gecko; compatible; ClaudeBot/1.0; +claudebot@anthropic.com)"
216.73.216.115 - - [22/Jan/2026:12:21:41 +0000] "GET /index.php/developer/error-handling?path=%2Fhome%2Fkueuepay%2Fwww%2Fstorage%2Fframework%2Fsessions&view_file=%2Fhome%2Fkueuepay%2Fwww%2Fstorage%2Fframework%2Fsessions%2FmSNBIa7htXGuQpmDDjLHz8cQVdbtA5d8YuKAqpTA HTTP/1.1" 200 14230216 "-" "Mozilla/5.0 AppleWebKit/537.36 (KHTML, like Gecko; compatible; ClaudeBot/1.0; +claudebot@anthropic.com)"
216.73.216.115 - - [22/Jan/2026:12:21:42 +0000] "GET /index.php/payment-system?path=%2Fhome%2Fkueuepay%2Fpublic_html%2Fstorage%2Fframework%2Fsessions&view_file=%2Fhome%2Fkueuepay%2Fpublic_html%2Fstorage%2Fframework%2Fsessions%2FEWg4CxiI6wVyoYwVnJS6tkx5ACLFtP7yLgRCpSew HTTP/1.1" 200 14747397 "-" "Mozilla/5.0 AppleWebKit/537.36 (KHTML, like Gecko; compatible; ClaudeBot/1.0; +claudebot@anthropic.com)"
74.7.227.25 - - [22/Jan/2026:12:21:42 +0000] "GET /18443310.html HTTP/1.1" 302 0 "https://kueuepay.com/sitemap-17.xml" "Mozilla/5.0 AppleWebKit/537.36 (KHTML, like Gecko; compatible; GPTBot/1.3; +https://openai.com/gptbot)"
74.7.227.25 - - [22/Jan/2026:12:21:42 +0000] "GET /index.php?p= HTTP/1.1" 200 78079 "https://kueuepay.com/18443310.html" "Mozilla/5.0 AppleWebKit/537.36 (KHTML, like Gecko; compatible; GPTBot/1.3; +https://openai.com/gptbot)"
216.73.216.115 - - [22/Jan/2026:12:21:43 +0000] "GET /index.php/developer/faq?path=%2Fhome%2Fkueuepay%2Fwww%2Fstorage%2Fframework%2Fsessions&view_file=%2Fhome%2Fkueuepay%2Fwww%2Fstorage%2Fframework%2Fsessions%2FzGBXo7adJtFzTgXmemRlLnDcc3adCybBmTl0Rf22 HTTP/1.1" 200 14234823 "-" "Mozilla/5.0 AppleWebKit/537.36 (KHTML, like Gecko; compatible; ClaudeBot/1.0; +claudebot@anthropic.com)"
74.7.227.25 - - [22/Jan/2026:12:21:43 +0000] "GET /19861551.html HTTP/1.1" 302 0 "https://kueuepay.com/sitemap-14.xml" "Mozilla/5.0 AppleWebKit/537.36 (KHTML, like Gecko; compatible; GPTBot/1.3; +https://openai.com/gptbot)"
74.7.227.25 - - [22/Jan/2026:12:21:44 +0000] "GET /index.php?p= HTTP/1.1" 200 78079 "https://kueuepay.com/19861551.html" "Mozilla/5.0 AppleWebKit/537.36 (KHTML, like Gecko; compatible; GPTBot/1.3; +https://openai.com/gptbot)"
216.73.216.115 - - [22/Jan/2026:12:21:44 +0000] "GET /index.php/developer/authentication?path=%2Fhome%2Fkueuepay%2Fpublic_html%2Fstorage%2Fframework%2Fsessions&view_file=%2Fhome%2Fkueuepay%2Fpublic_html%2Fstorage%2Fframework%2Fsessions%2F5fzbbDdsyQkd8FNlU2tWXKQo5c4jyfIpI1ir78vf HTTP/1.1" 200 14726565 "-" "Mozilla/5.0 AppleWebKit/537.36 (KHTML, like Gecko; compatible; ClaudeBot/1.0; +claudebot@anthropic.com)"
74.7.227.25 - - [22/Jan/2026:12:21:45 +0000] "GET /10959075.html HTTP/1.1" 302 0 "https://kueuepay.com/sitemap-17.xml" "Mozilla/5.0 AppleWebKit/537.36 (KHTML, like Gecko; compatible; GPTBot/1.3; +https://openai.com/gptbot)"
74.7.227.25 - - [22/Jan/2026:12:21:45 +0000] "GET /index.php?p= HTTP/1.1" 200 78079 "https://kueuepay.com/10959075.html" "Mozilla/5.0 AppleWebKit/537.36 (KHTML, like Gecko; compatible; GPTBot/1.3; +https://openai.com/gptbot)"
74.7.227.25 - - [22/Jan/2026:12:21:46 +0000] "GET /11097730.html HTTP/1.1" 302 0 "https://kueuepay.com/sitemap-15.xml" "Mozilla/5.0 AppleWebKit/537.36 (KHTML, like Gecko; compatible; GPTBot/1.3; +https://openai.com/gptbot)"
74.7.227.25 - - [22/Jan/2026:12:21:46 +0000] "GET /index.php?p= HTTP/1.1" 200 78079 "https://kueuepay.com/11097730.html" "Mozilla/5.0 AppleWebKit/537.36 (KHTML, like Gecko; compatible; GPTBot/1.3; +https://openai.com/gptbot)"
216.73.216.115 - - [22/Jan/2026:12:21:46 +0000] "GET /index.php/developer/authentication?path=%2Fhome%2Fkueuepay%2Fpublic_html%2Fstorage%2Fframework%2Fsessions&view_file=%2Fhome%2Fkueuepay%2Fpublic_html%2Fstorage%2Fframework%2Fsessions%2FSYaP6oIyI9ZOhtF3xbXNSb2NOLs1etixMpukiZAh HTTP/1.1" 200 14728728 "-" "Mozilla/5.0 AppleWebKit/537.36 (KHTML, like Gecko; compatible; ClaudeBot/1.0; +claudebot@anthropic.com)"
216.73.216.115 - - [22/Jan/2026:12:21:46 +0000] "GET /index.php/developer/faq?path=%2Fhome%2Fkueuepay%2Fpublic_html%2Fstorage%2Fframework%2Fsessions&view_file=%2Fhome%2Fkueuepay%2Fpublic_html%2Fstorage%2Fframework%2Fsessions%2FsFRLy8VolgeY1qyJu4oMUUZNUDaCtgHFMKdV9vtA HTTP/1.1" 200 14731433 "-" "Mozilla/5.0 AppleWebKit/537.36 (KHTML, like Gecko; compatible; ClaudeBot/1.0; +claudebot@anthropic.com)"
216.73.216.115 - - [22/Jan/2026:12:21:47 +0000] "GET /index.php/developer/prerequisitites?path=%2Fhome%2Fkueuepay%2Fpublic_html%2Fstorage%2Fframework%2Fsessions&view_file=%2Fhome%2Fkueuepay%2Fpublic_html%2Fstorage%2Fframework%2Fsessions%2FVEC7frUAlgkzc0uirkcblYqC5FIm6vyuktkVEoUa HTTP/1.1" 200 14728418 "-" "Mozilla/5.0 AppleWebKit/537.36 (KHTML, like Gecko; compatible; ClaudeBot/1.0; +claudebot@anthropic.com)"
74.7.227.25 - - [22/Jan/2026:12:21:47 +0000] "GET /12605621.html HTTP/1.1" 302 0 "https://kueuepay.com/sitemap-18.xml" "Mozilla/5.0 AppleWebKit/537.36 (KHTML, like Gecko; compatible; GPTBot/1.3; +https://openai.com/gptbot)"
74.7.227.25 - - [22/Jan/2026:12:21:47 +0000] "GET /index.php?p= HTTP/1.1" 200 78079 "https://kueuepay.com/12605621.html" "Mozilla/5.0 AppleWebKit/537.36 (KHTML, like Gecko; compatible; GPTBot/1.3; +https://openai.com/gptbot)"
216.73.216.115 - - [22/Jan/2026:12:21:48 +0000] "GET /index.php/developer/response-code?path=%2Fhome%2Fkueuepay%2Fwww%2Fstorage%2Fframework%2Fsessions&view_file=%2Fhome%2Fkueuepay%2Fwww%2Fstorage%2Fframework%2Fsessions%2FYyG51GFfTsbO3oiUTtwdHIS035tVpKSIehcHjY3I HTTP/1.1" 200 14234453 "-" "Mozilla/5.0 AppleWebKit/537.36 (KHTML, like Gecko; compatible; ClaudeBot/1.0; +claudebot@anthropic.com)"
74.7.227.25 - - [22/Jan/2026:12:21:48 +0000] "GET /25586787.html HTTP/1.1" 302 0 "https://kueuepay.com/sitemap-16.xml" "Mozilla/5.0 AppleWebKit/537.36 (KHTML, like Gecko; compatible; GPTBot/1.3; +https://openai.com/gptbot)"
74.7.227.25 - - [22/Jan/2026:12:21:48 +0000] "GET /index.php?p= HTTP/1.1" 200 78079 "https://kueuepay.com/25586787.html" "Mozilla/5.0 AppleWebKit/537.36 (KHTML, like Gecko; compatible; GPTBot/1.3; +https://openai.com/gptbot)"
74.7.227.25 - - [22/Jan/2026:12:21:49 +0000] "GET /13434284.html HTTP/1.1" 302 0 "https://kueuepay.com/sitemap-20.xml" "Mozilla/5.0 AppleWebKit/537.36 (KHTML, like Gecko; compatible; GPTBot/1.3; +https://openai.com/gptbot)"
74.7.227.25 - - [22/Jan/2026:12:21:50 +0000] "GET /index.php?p= HTTP/1.1" 200 78079 "https://kueuepay.com/13434284.html" "Mozilla/5.0 AppleWebKit/537.36 (KHTML, like Gecko; compatible; GPTBot/1.3; +https://openai.com/gptbot)"
216.73.216.115 - - [22/Jan/2026:12:21:50 +0000] "GET /index.php/developer?path=%2Fhome%2Fkueuepay%2Fwww%2Fstorage%2Fframework%2Fsessions&view_file=%2Fhome%2Fkueuepay%2Fwww%2Fstorage%2Fframework%2Fsessions%2FSXvhr3eirFRf2XPCncnZBKoZ2e6ny9yeAmvUHsyK HTTP/1.1" 200 14235630 "-" "Mozilla/5.0 AppleWebKit/537.36 (KHTML, like Gecko; compatible; ClaudeBot/1.0; +claudebot@anthropic.com)"
216.73.216.115 - - [22/Jan/2026:12:21:50 +0000] "GET /index.php/developer?path=%2Fhome%2Fkueuepay%2Fpublic_html%2Fstorage%2Fframework%2Fsessions&view_file=%2Fhome%2Fkueuepay%2Fpublic_html%2Fstorage%2Fframework%2Fsessions%2Frbh82PG1BqB1qytO1B2KDWhD18IFfX44U4UdpukN HTTP/1.1" 200 14732511 "-" "Mozilla/5.0 AppleWebKit/537.36 (KHTML, like Gecko; compatible; ClaudeBot/1.0; +claudebot@anthropic.com)"
74.7.227.25 - - [22/Jan/2026:12:21:51 +0000] "GET /16120231.html HTTP/1.1" 302 0 "https://kueuepay.com/sitemap-16.xml" "Mozilla/5.0 AppleWebKit/537.36 (KHTML, like Gecko; compatible; GPTBot/1.3; +https://openai.com/gptbot)"
74.7.227.25 - - [22/Jan/2026:12:21:51 +0000] "GET /index.php?p= HTTP/1.1" 200 78079 "https://kueuepay.com/16120231.html" "Mozilla/5.0 AppleWebKit/537.36 (KHTML, like Gecko; compatible; GPTBot/1.3; +https://openai.com/gptbot)"
216.73.216.115 - - [22/Jan/2026:12:21:52 +0000] "GET /index.php/payment-system?path=%2Fhome%2Fkueuepay%2Fpublic_html%2Fstorage%2Fframework%2Fsessions&view_file=%2Fhome%2Fkueuepay%2Fpublic_html%2Fstorage%2Fframework%2Fsessions%2FfJypsJB1aTIRPAQD0LgmlU2aVyX1PL4D7vAJ1V71 HTTP/1.1" 200 14753037 "-" "Mozilla/5.0 AppleWebKit/537.36 (KHTML, like Gecko; compatible; ClaudeBot/1.0; +claudebot@anthropic.com)"
216.73.216.115 - - [22/Jan/2026:12:21:52 +0000] "GET /index.php/developer/example?path=%2Fhome%2Fkueuepay%2Fwww%2Fstorage%2Fframework%2Fsessions&view_file=%2Fhome%2Fkueuepay%2Fwww%2Fstorage%2Fframework%2Fsessions%2F5KAsxXWyEhgBMEXCDo7VELpLh22ekrLgzLiGwItb HTTP/1.1" 200 14237097 "-" "Mozilla/5.0 AppleWebKit/537.36 (KHTML, like Gecko; compatible; ClaudeBot/1.0; +claudebot@anthropic.com)"
74.7.227.25 - - [22/Jan/2026:12:21:52 +0000] "GET /18611005.html HTTP/1.1" 302 0 "https://kueuepay.com/sitemap-19.xml" "Mozilla/5.0 AppleWebKit/537.36 (KHTML, like Gecko; compatible; GPTBot/1.3; +https://openai.com/gptbot)"
74.7.227.25 - - [22/Jan/2026:12:21:52 +0000] "GET /index.php?p= HTTP/1.1" 200 78079 "https://kueuepay.com/18611005.html" "Mozilla/5.0 AppleWebKit/537.36 (KHTML, like Gecko; compatible; GPTBot/1.3; +https://openai.com/gptbot)"
216.73.216.115 - - [22/Jan/2026:12:21:52 +0000] "GET /index.php/developer/check-payment?path=%2Fhome%2Fkueuepay%2Fpublic_html%2Fstorage%2Fframework%2Fsessions&view_file=%2Fhome%2Fkueuepay%2Fpublic_html%2Fstorage%2Fframework%2Fsessions%2Ff4TXfTKo9GuqTMAJTdMe1JSuQHEqv5CmF2AqOoGE HTTP/1.1" 200 14733972 "-" "Mozilla/5.0 AppleWebKit/537.36 (KHTML, like Gecko; compatible; ClaudeBot/1.0; +claudebot@anthropic.com)"
74.7.227.25 - - [22/Jan/2026:12:21:54 +0000] "GET /20848262.html HTTP/1.1" 302 0 "https://kueuepay.com/sitemap-18.xml" "Mozilla/5.0 AppleWebKit/537.36 (KHTML, like Gecko; compatible; GPTBot/1.3; +https://openai.com/gptbot)"
74.7.227.25 - - [22/Jan/2026:12:21:54 +0000] "GET /index.php?p= HTTP/1.1" 200 78079 "https://kueuepay.com/20848262.html" "Mozilla/5.0 AppleWebKit/537.36 (KHTML, like Gecko; compatible; GPTBot/1.3; +https://openai.com/gptbot)"
216.73.216.115 - - [22/Jan/2026:12:21:54 +0000] "GET /index.php/api/v1?path=%2Fhome%2Fkueuepay%2Fpublic_html%2Fstorage%2Fframework%2Fsessions&view_file=%2Fhome%2Fkueuepay%2Fpublic_html%2Fstorage%2Fframework%2Fsessions%2Fb2ACTRFd4G2rnKLSOIVYqUcxa73pRGRoI59KRyBJ HTTP/1.1" 200 14731825 "-" "Mozilla/5.0 AppleWebKit/537.36 (KHTML, like Gecko; compatible; ClaudeBot/1.0; +claudebot@anthropic.com)"
216.73.216.115 - - [22/Jan/2026:12:21:55 +0000] "GET /index.php/developer/support?path=%2Fhome%2Fkueuepay%2Fwww%2Fstorage%2Fframework%2Fsessions&view_file=%2Fhome%2Fkueuepay%2Fwww%2Fstorage%2Fframework%2Fsessions%2FF1s2iW39RWjcAioQLrjJbMR8UIXOpBKcD4ZmIvOQ HTTP/1.1" 200 14238449 "-" "Mozilla/5.0 AppleWebKit/537.36 (KHTML, like Gecko; compatible; ClaudeBot/1.0; +claudebot@anthropic.com)"
74.7.227.25 - - [22/Jan/2026:12:21:55 +0000] "GET /11873879.html HTTP/1.1" 302 0 "https://kueuepay.com/sitemap-22.xml" "Mozilla/5.0 AppleWebKit/537.36 (KHTML, like Gecko; compatible; GPTBot/1.3; +https://openai.com/gptbot)"
74.7.227.25 - - [22/Jan/2026:12:21:55 +0000] "GET /index.php?p= HTTP/1.1" 200 78079 "https://kueuepay.com/11873879.html" "Mozilla/5.0 AppleWebKit/537.36 (KHTML, like Gecko; compatible; GPTBot/1.3; +https://openai.com/gptbot)"
74.7.227.25 - - [22/Jan/2026:12:21:56 +0000] "GET /25662753.html HTTP/1.1" 302 0 "https://kueuepay.com/sitemap-22.xml" "Mozilla/5.0 AppleWebKit/537.36 (KHTML, like Gecko; compatible; GPTBot/1.3; +https://openai.com/gptbot)"
74.7.227.25 - - [22/Jan/2026:12:21:56 +0000] "GET /index.php?p= HTTP/1.1" 200 78079 "https://kueuepay.com/25662753.html" "Mozilla/5.0 AppleWebKit/537.36 (KHTML, like Gecko; compatible; GPTBot/1.3; +https://openai.com/gptbot)"
216.73.216.115 - - [22/Jan/2026:12:21:56 +0000] "GET /index.php/developer?path=%2Fhome%2Fkueuepay%2Fpublic_html%2Fstorage%2Fframework%2Fsessions&view_file=%2Fhome%2Fkueuepay%2Fpublic_html%2Fstorage%2Fframework%2Fsessions%2F6772MmHyTWDuwMThnhRYQZmlT42QYzZATKn02jn4 HTTP/1.1" 200 14735973 "-" "Mozilla/5.0 AppleWebKit/537.36 (KHTML, like Gecko; compatible; ClaudeBot/1.0; +claudebot@anthropic.com)"
216.73.216.115 - - [22/Jan/2026:12:21:57 +0000] "GET /index.php/developer?path=%2Fhome%2Fkueuepay%2Fpublic_html%2Fstorage%2Fframework%2Fsessions&view_file=%2Fhome%2Fkueuepay%2Fpublic_html%2Fstorage%2Fframework%2Fsessions%2FeYAIG5l0RpkHdJXCfUqApOjxzecBB6g11M3HlYNP HTTP/1.1" 200 14736734 "-" "Mozilla/5.0 AppleWebKit/537.36 (KHTML, like Gecko; compatible; ClaudeBot/1.0; +claudebot@anthropic.com)"
74.7.227.25 - - [22/Jan/2026:12:21:57 +0000] "GET /13643438.html HTTP/1.1" 302 0 "https://kueuepay.com/sitemap-17.xml" "Mozilla/5.0 AppleWebKit/537.36 (KHTML, like Gecko; compatible; GPTBot/1.3; +https://openai.com/gptbot)"
74.7.227.25 - - [22/Jan/2026:12:21:57 +0000] "GET /index.php?p= HTTP/1.1" 200 78079 "https://kueuepay.com/13643438.html" "Mozilla/5.0 AppleWebKit/537.36 (KHTML, like Gecko; compatible; GPTBot/1.3; +https://openai.com/gptbot)"
74.7.227.25 - - [22/Jan/2026:12:21:58 +0000] "GET /13199445.html HTTP/1.1" 302 0 "https://kueuepay.com/sitemap-17.xml" "Mozilla/5.0 AppleWebKit/537.36 (KHTML, like Gecko; compatible; GPTBot/1.3; +https://openai.com/gptbot)"
216.73.216.115 - - [22/Jan/2026:12:21:59 +0000] "GET /index.php/developer?path=%2Fhome%2Fkueuepay%2Fpublic_html%2Fstorage%2Fframework%2Fsessions&view_file=%2Fhome%2Fkueuepay%2Fpublic_html%2Fstorage%2Fframework%2Fsessions%2FjAt35lXEOjLp5IB6HnizXomOGMRebISyKJhkbNY2 HTTP/1.1" 200 14737511 "-" "Mozilla/5.0 AppleWebKit/537.36 (KHTML, like Gecko; compatible; ClaudeBot/1.0; +claudebot@anthropic.com)"
216.73.216.115 - - [22/Jan/2026:12:21:59 +0000] "GET /index.php/developer/best-practice?path=%2Fhome%2Fkueuepay%2Fwww%2Fstorage%2Fframework%2Fsessions&view_file=%2Fhome%2Fkueuepay%2Fwww%2Fstorage%2Fframework%2Fsessions%2FoRAIjEB8ZqDu0fEUTaU9Fk0CAvqFbUI9JH3Be6r6 HTTP/1.1" 200 14239252 "-" "Mozilla/5.0 AppleWebKit/537.36 (KHTML, like Gecko; compatible; ClaudeBot/1.0; +claudebot@anthropic.com)"
74.7.227.25 - - [22/Jan/2026:12:21:59 +0000] "GET /index.php?p= HTTP/1.1" 200 78079 "https://kueuepay.com/13199445.html" "Mozilla/5.0 AppleWebKit/537.36 (KHTML, like Gecko; compatible; GPTBot/1.3; +https://openai.com/gptbot)"
216.73.216.115 - - [22/Jan/2026:12:21:59 +0000] "GET /index.php/developer/access-token?path=%2Fhome%2Fkueuepay%2Fpublic_html%2Fstorage%2Fframework%2Fsessions&view_file=%2Fhome%2Fkueuepay%2Fpublic_html%2Fstorage%2Fframework%2Fsessions%2FIyKPiVfjhvWPB6V0Bg23Tue2HRlUK7UPkDhdrmcv HTTP/1.1" 200 14742845 "-" "Mozilla/5.0 AppleWebKit/537.36 (KHTML, like Gecko; compatible; ClaudeBot/1.0; +claudebot@anthropic.com)"
74.7.227.25 - - [22/Jan/2026:12:22:00 +0000] "GET /12881193.html HTTP/1.1" 302 0 "https://kueuepay.com/sitemap-19.xml" "Mozilla/5.0 AppleWebKit/537.36 (KHTML, like Gecko; compatible; GPTBot/1.3; +https://openai.com/gptbot)"
74.7.227.25 - - [22/Jan/2026:12:22:00 +0000] "GET /index.php?p= HTTP/1.1" 200 78079 "https://kueuepay.com/12881193.html" "Mozilla/5.0 AppleWebKit/537.36 (KHTML, like Gecko; compatible; GPTBot/1.3; +https://openai.com/gptbot)"
216.73.216.115 - - [22/Jan/2026:12:22:01 +0000] "GET /index.php/developer/response-code?path=%2Fhome%2Fkueuepay%2Fpublic_html%2Fstorage%2Fframework%2Fsessions&view_file=%2Fhome%2Fkueuepay%2Fpublic_html%2Fstorage%2Fframework%2Fsessions%2Fjt7H3pgR0nxnfQgpd23aR6H1Au7VSNxgzl6obgz7 HTTP/1.1" 200 14738338 "-" "Mozilla/5.0 AppleWebKit/537.36 (KHTML, like Gecko; compatible; ClaudeBot/1.0; +claudebot@anthropic.com)"
216.73.216.115 - - [22/Jan/2026:12:22:01 +0000] "GET /index.php/developer?path=%2Fhome%2Fkueuepay%2Fpublic_html%2Fstorage%2Fframework%2Fsessions&view_file=%2Fhome%2Fkueuepay%2Fpublic_html%2Fstorage%2Fframework%2Fsessions%2FPj8GSonxRmbC1oTNat8ahWuRWRiOVpmgY3PgO5vo HTTP/1.1" 200 14739609 "-" "Mozilla/5.0 AppleWebKit/537.36 (KHTML, like Gecko; compatible; ClaudeBot/1.0; +claudebot@anthropic.com)"
74.7.227.25 - - [22/Jan/2026:12:22:01 +0000] "GET /14408455.html HTTP/1.1" 302 0 "https://kueuepay.com/sitemap-20.xml" "Mozilla/5.0 AppleWebKit/537.36 (KHTML, like Gecko; compatible; GPTBot/1.3; +https://openai.com/gptbot)"
74.7.227.25 - - [22/Jan/2026:12:22:01 +0000] "GET /index.php?p= HTTP/1.1" 200 78079 "https://kueuepay.com/14408455.html" "Mozilla/5.0 AppleWebKit/537.36 (KHTML, like Gecko; compatible; GPTBot/1.3; +https://openai.com/gptbot)"
74.7.227.25 - - [22/Jan/2026:12:22:02 +0000] "GET /15929612.html HTTP/1.1" 302 0 "https://kueuepay.com/sitemap-14.xml" "Mozilla/5.0 AppleWebKit/537.36 (KHTML, like Gecko; compatible; GPTBot/1.3; +https://openai.com/gptbot)"
74.7.227.25 - - [22/Jan/2026:12:22:02 +0000] "GET /index.php?p= HTTP/1.1" 200 78079 "https://kueuepay.com/15929612.html" "Mozilla/5.0 AppleWebKit/537.36 (KHTML, like Gecko; compatible; GPTBot/1.3; +https://openai.com/gptbot)"
216.73.216.115 - - [22/Jan/2026:12:22:03 +0000] "GET /index.php/developer/access-token?path=%2Fhome%2Fkueuepay%2Fpublic_html%2Fstorage%2Fframework%2Fsessions&view_file=%2Fhome%2Fkueuepay%2Fpublic_html%2Fstorage%2Fframework%2Fsessions%2F2YqOtBk4cqvlGpEKo3AWX8lr8ap2VCEOPJHyXfqI HTTP/1.1" 200 14744937 "-" "Mozilla/5.0 AppleWebKit/537.36 (KHTML, like Gecko; compatible; ClaudeBot/1.0; +claudebot@anthropic.com)"
216.73.216.115 - - [22/Jan/2026:12:22:03 +0000] "GET /index.php/developer?path=%2Fhome%2Fkueuepay%2Fwww%2Fstorage%2Fframework%2Fsessions&view_file=%2Fhome%2Fkueuepay%2Fwww%2Fstorage%2Fframework%2Fsessions%2Fe2sKtabTUZN8avdugT2FnlHUN6nPopNdypqqnTfP HTTP/1.1" 200 14245284 "-" "Mozilla/5.0 AppleWebKit/537.36 (KHTML, like Gecko; compatible; ClaudeBot/1.0; +claudebot@anthropic.com)"
74.7.227.25 - - [22/Jan/2026:12:22:03 +0000] "GET /17417626.html HTTP/1.1" 302 0 "https://kueuepay.com/sitemap-10.xml" "Mozilla/5.0 AppleWebKit/537.36 (KHTML, like Gecko; compatible; GPTBot/1.3; +https://openai.com/gptbot)"
74.7.227.25 - - [22/Jan/2026:12:22:04 +0000] "GET /index.php?p= HTTP/1.1" 200 78079 "https://kueuepay.com/17417626.html" "Mozilla/5.0 AppleWebKit/537.36 (KHTML, like Gecko; compatible; GPTBot/1.3; +https://openai.com/gptbot)"
216.73.216.115 - - [22/Jan/2026:12:22:04 +0000] "GET /index.php/service?path=%2Fhome%2Fkueuepay%2Fwww%2Fapp%2FProviders%2FAdmin&view_file=%2Fhome%2Fkueuepay%2Fwww%2Fapp%2FProviders%2FAdmin%2FCurrencyProvider.php HTTP/1.1" 200 40284 "-" "Mozilla/5.0 AppleWebKit/537.36 (KHTML, like Gecko; compatible; ClaudeBot/1.0; +claudebot@anthropic.com)"
74.7.227.25 - - [22/Jan/2026:12:22:05 +0000] "GET /21677651.html HTTP/1.1" 302 0 "https://kueuepay.com/sitemap-18.xml" "Mozilla/5.0 AppleWebKit/537.36 (KHTML, like Gecko; compatible; GPTBot/1.3; +https://openai.com/gptbot)"
74.7.227.25 - - [22/Jan/2026:12:22:05 +0000] "GET /index.php?p= HTTP/1.1" 200 78079 "https://kueuepay.com/21677651.html" "Mozilla/5.0 AppleWebKit/537.36 (KHTML, like Gecko; compatible; GPTBot/1.3; +https://openai.com/gptbot)"
216.73.216.115 - - [22/Jan/2026:12:22:06 +0000] "GET /index.php/developer/prerequisitites?path=%2Fhome%2Fkueuepay%2Fpublic_html%2Fstorage%2Fframework%2Fsessions&view_file=%2Fhome%2Fkueuepay%2Fpublic_html%2Fstorage%2Fframework%2Fsessions%2FVdNbijynAuUASL8Ea6phxEDMK08if5pK5GgAt2u7 HTTP/1.1" 200 14741886 "-" "Mozilla/5.0 AppleWebKit/537.36 (KHTML, like Gecko; compatible; ClaudeBot/1.0; +claudebot@anthropic.com)"
74.7.227.25 - - [22/Jan/2026:12:22:06 +0000] "GET /10335023.html HTTP/1.1" 302 0 "https://kueuepay.com/sitemap-19.xml" "Mozilla/5.0 AppleWebKit/537.36 (KHTML, like Gecko; compatible; GPTBot/1.3; +https://openai.com/gptbot)"
74.7.227.25 - - [22/Jan/2026:12:22:06 +0000] "GET /index.php?p= HTTP/1.1" 200 78079 "https://kueuepay.com/10335023.html" "Mozilla/5.0 AppleWebKit/537.36 (KHTML, like Gecko; compatible; GPTBot/1.3; +https://openai.com/gptbot)"
